173.234.248.49 - - [15/Aug/2011:18:00:42 -0500] "GET /favicon.ico HTTP/1.1" 200 - "-" "Mozilla/5.0 (Windows NT 6.1; WOW64) AppleWebKit/535.1 (KHTML, like Gecko) Chrome/13.0.782.112 Safari/535.1"
173.234.248.49 - - [15/Aug/2011:18:00:51 -0500] "GET /wp-admin/edit.php?post_type=page&paged=1 HTTP/1.1" 200 9607 "http://npcassoc.org/wp-admin/edit.php?post_type=page&paged=2" "Mozilla/5.0 (Windows NT 6.1; WOW64) AppleWebKit/535.1 (KHTML, like Gecko) Chrome/13.0.782.112 Safari/535.1"
173.234.248.49 - - [15/Aug/2011:18:00:52 -0500] "GET /favicon.ico HTTP/1.1" 200 - "-" "Mozilla/5.0 (Windows NT 6.1; WOW64) AppleWebKit/535.1 (KHTML, like Gecko) Chrome/13.0.782.112 Safari/535.1"
173.234.248.49 - - [15/Aug/2011:18:02:08 -0500] "GET /wp-admin/post.php?post=2&action=edit HTTP/1.1" 200 13850 "http://npcassoc.org/wp-admin/edit.php?post_type=page&paged=1" "Mozilla/5.0 (Windows NT 6.1; WOW64) AppleWebKit/535.1 (KHTML, like Gecko) Chrome/13.0.782.112 Safari/535.1"
173.234.248.49 - - [15/Aug/2011:18:02:10 -0500] "GET /favicon.ico HTTP/1.1" 200 - "-" "Mozilla/5.0 (Windows NT 6.1; WOW64) AppleWebKit/535.1 (KHTML, like Gecko) Chrome/13.0.782.112 Safari/535.1"
173.234.248.49 - - [15/Aug/2011:18:02:22 -0500] "GET /wp-admin/edit.php?post_type=page HTTP/1.1" 200 9606 "http://npcassoc.org/wp-admin/post.php?post=2&action=edit" "Mozilla/5.0 (Windows NT 6.1; WOW64) AppleWebKit/535.1 (KHTML, like Gecko) Chrome/13.0.782.112 Safari/535.1"
173.234.248.49 - - [15/Aug/2011:18:02:23 -0500] "GET /favicon.ico HTTP/1.1" 200 - "-" "Mozilla/5.0 (Windows NT 6.1; WOW64) AppleWebKit/535.1 (KHTML, like Gecko) Chrome/13.0.782.112 Safari/535.1"
173.234.248.49 - - [15/Aug/2011:18:02:41 -0500] "GET / HTTP/1.1" 200 6334 "http://npcassoc.org/" "Mozilla/5.0 (Windows NT 6.1; WOW64) AppleWebKit/535.1 (KHTML, like Gecko) Chrome/13.0.782.112 Safari/535.1"
174.48.74.210 - - [15/Aug/2011:18:16:14 -0500] "GET /wp-admin HTTP/1.1" 301 296 "-" "Mozilla/4.0 (compatible; MSIE 8.0; Windows NT 6.1; WOW64; Trident/4.0; SLCC2; .NET CLR 2.0.50727; .NET CLR 3.5.30729; .NET CLR 3.0.30729; Media Center PC 6.0; MALN; InfoPath.2)"
174.48.74.210 - - [15/Aug/2011:18:16:14 -0500] "GET /wp-admin/ HTTP/1.1" 302 20 "-" "Mozilla/4.0 (compatible; MSIE 8.0; Windows NT 6.1; WOW64; Trident/4.0; SLCC2; .NET CLR 2.0.50727; .NET CLR 3.5.30729; .NET CLR 3.0.30729; Media Center PC 6.0; MALN; InfoPath.2)"
174.48.74.210 - - [15/Aug/2011:18:16:15 -0500] "GET /wp-login.php?redirect_to=http%3A%2F%2Fnpcassoc.org%2Fwp-admin%2F&reauth=1 HTTP/1.1" 200 968 "-" "Mozilla/4.0 (compatible; MSIE 8.0; Windows NT 6.1; WOW64; Trident/4.0; SLCC2; .NET CLR 2.0.50727; .NET CLR 3.5.30729; .NET CLR 3.0.30729; Media Center PC 6.0; MALN; InfoPath.2)"
174.48.74.210 - - [15/Aug/2011:18:16:15 -0500] "GET /wp-admin/css/login.css?ver=20100601 HTTP/1.1" 200 2079 "http://npcassoc.org/wp-login.php?redirect_to=http%3A%2F%2Fnpcassoc.org%2Fwp-admin%2F&reauth=1" "Mozilla/4.0 (compatible; MSIE 8.0; Windows NT 6.1; WOW64; Trident/4.0; SLCC2; .NET CLR 2.0.50727; .NET CLR 3.5.30729; .NET CLR 3.0.30729; Media Center PC 6.0; MALN; InfoPath.2)"
174.48.74.210 - - [15/Aug/2011:18:16:15 -0500] "GET /wp-admin/css/colors-fresh.css?ver=20100610 HTTP/1.1" 200 30225 "http://npcassoc.org/wp-login.php?redirect_to=http%3A%2F%2Fnpcassoc.org%2Fwp-admin%2F&reauth=1" "Mozilla/4.0 (compatible; MSIE 8.0; Windows NT 6.1; WOW64; Trident/4.0; SLCC2; .NET CLR 2.0.50727; .NET CLR 3.5.30729; .NET CLR 3.0.30729; Media Center PC 6.0; MALN; InfoPath.2)"
174.48.74.210 - - [15/Aug/2011:18:16:16 -0500] "GET /wp-admin/images/button-grad.png HTTP/1.1" 200 243 "http://npcassoc.org/wp-login.php?redirect_to=http%3A%2F%2Fnpcassoc.org%2Fwp-admin%2F&reauth=1" "Mozilla/4.0 (compatible; MSIE 8.0; Windows NT 6.1; WOW64; Trident/4.0; SLCC2; .NET CLR 2.0.50727; .NET CLR 3.5.30729; .NET CLR 3.0.30729; Media Center PC 6.0; MALN; InfoPath.2)"
174.48.74.210 - - [15/Aug/2011:18:16:16 -0500] "GET /wp-admin/images/logo-login.gif HTTP/1.1" 200 4816 "http://npcassoc.org/wp-login.php?redirect_to=http%3A%2F%2Fnpcassoc.org%2Fwp-admin%2F&reauth=1" "Mozilla/4.0 (compatible; MSIE 8.0; Windows NT 6.1; WOW64; Trident/4.0; SLCC2; .NET CLR 2.0.50727; .NET CLR 3.5.30729; .NET CLR 3.0.30729; Media Center PC 6.0; MALN; InfoPath.2)"
174.48.74.210 - - [15/Aug/2011:18:16:16 -0500] "GET /wp-admin/images/white-grad.png HTTP/1.1" 200 210 "http://npcassoc.org/wp-login.php?redirect_to=http%3A%2F%2Fnpcassoc.org%2Fwp-admin%2F&reauth=1" "Mozilla/4.0 (compatible; MSIE 8.0; Windows NT 6.1; WOW64; Trident/4.0; SLCC2; .NET CLR 2.0.50727; .NET CLR 3.5.30729; .NET CLR 3.0.30729; Media Center PC 6.0; MALN; InfoPath.2)"
174.48.74.210 - - [15/Aug/2011:18:16:16 -0500] "GET /favicon.ico HTTP/1.1" 200 - "-" "Mozilla/4.0 (compatible; MSIE 8.0; Windows NT 6.1; WOW64; Trident/4.0; SLCC2; .NET CLR 2.0.50727; .NET CLR 3.5.30729; .NET CLR 3.0.30729; Media Center PC 6.0; MALN; InfoPath.2)"
174.48.74.210 - - [15/Aug/2011:18:17:30 -0500] "GET /feed/rss HTTP/1.1" 304 - "http://npcassoc.org/" "Mozilla/4.0 (compatible; MSIE 8.0; Windows NT 6.1; WOW64; Trident/4.0; SLCC2; .NET CLR 2.0.50727; .NET CLR 3.5.30729; .NET CLR 3.0.30729; Media Center PC 6.0; MALN; InfoPath.2)"
174.48.74.210 - - [15/Aug/2011:18:20:14 -0500] "GET / HTTP/1.1" 200 6539 "-" "Mozilla/4.0 (compatible; MSIE 8.0; Windows NT 6.1; WOW64; Trident/4.0; SLCC2; .NET CLR 2.0.50727; .NET CLR 3.5.30729; .NET CLR 3.0.30729; Media Center PC 6.0; MALN; InfoPath.2)"
174.48.74.210 - - [15/Aug/2011:18:20:15 -0500] "GET /wp-includes/js/jquery/jquery.js?ver=1.4.2 HTTP/1.1" 304 - "http://npcassoc.org/" "Mozilla/4.0 (compatible; MSIE 8.0; Windows NT 6.1; WOW64; Trident/4.0; SLCC2; .NET CLR 2.0.50727; .NET CLR 3.5.30729; .NET CLR 3.0.30729; Media Center PC 6.0; MALN; InfoPath.2)"
174.48.74.210 - - [15/Aug/2011:18:20:15 -0500] "GET /wp-content/themes/education/style.css HTTP/1.1" 304 - "http://npcassoc.org/" "Mozilla/4.0 (compatible; MSIE 8.0; Windows NT 6.1; WOW64; Trident/4.0; SLCC2; .NET CLR 2.0.50727; .NET CLR 3.5.30729; .NET CLR 3.0.30729; Media Center PC 6.0; MALN; InfoPath.2)"
174.48.74.210 - - [15/Aug/2011:18:20:15 -0500] "GET /wp-content/themes/genesis/lib/js/menu/superfish.js?ver=1.4.8 HTTP/1.1" 304 - "http://npcassoc.org/" "Mozilla/4.0 (compatible; MSIE 8.0; Windows NT 6.1; WOW64; Trident/4.0; SLCC2; .NET CLR 2.0.50727; .NET CLR 3.5.30729; .NET CLR 3.0.30729; Media Center PC 6.0; MALN; InfoPath.2)"
174.48.74.210 - - [15/Aug/2011:18:20:15 -0500] "GET /wp-content/themes/education/images/bg.png HTTP/1.1" 304 - "http://npcassoc.org/" "Mozilla/4.0 (compatible; MSIE 8.0; Windows NT 6.1; WOW64; Trident/4.0; SLCC2; .NET CLR 2.0.50727; .NET CLR 3.5.30729; .NET CLR 3.0.30729; Media Center PC 6.0; MALN; InfoPath.2)"
174.48.74.210 - - [15/Aug/2011:18:20:15 -0500] "GET /wp-content/themes/education/images/navline.png HTTP/1.1" 304 - "http://npcassoc.org/" "Mozilla/4.0 (compatible; MSIE 8.0; Windows NT 6.1; WOW64; Trident/4.0; SLCC2; .NET CLR 2.0.50727; .NET CLR 3.5.30729; .NET CLR 3.0.30729; Media Center PC 6.0; MALN; InfoPath.2)"
174.48.74.210 - - [15/Aug/2011:18:20:15 -0500] "GET /wp-content/themes/genesis/lib/js/menu/superfish.args.js?ver=1.4.1 HTTP/1.1" 304 - "http://npcassoc.org/" "Mozilla/4.0 (compatible; MSIE 8.0; Windows NT 6.1; WOW64; Trident/4.0; SLCC2; .NET CLR 2.0.50727; .NET CLR 3.5.30729; .NET CLR 3.0.30729; Media Center PC 6.0; MALN; InfoPath.2)"
174.48.74.210 - - [15/Aug/2011:18:20:15 -0500] "GET /wp-content/themes/education/images/rss.png HTTP/1.1" 304 - "http://npcassoc.org/" "Mozilla/4.0 (compatible; MSIE 8.0; Windows NT 6.1; WOW64; Trident/4.0; SLCC2; .NET CLR 2.0.50727; .NET CLR 3.5.30729; .NET CLR 3.0.30729; Media Center PC 6.0; MALN; InfoPath.2)"
174.48.74.210 - - [15/Aug/2011:18:20:15 -0500] "GET /wp-content/themes/education/images/nav.png HTTP/1.1" 304 - "http://npcassoc.org/" "Mozilla/4.0 (compatible; MSIE 8.0; Windows NT 6.1; WOW64; Trident/4.0; SLCC2; .NET CLR 2.0.50727; .NET CLR 3.5.30729; .NET CLR 3.0.30729; Media Center PC 6.0; MALN; InfoPath.2)"
174.48.74.210 - - [15/Aug/2011:18:20:15 -0500] "GET /wp-content/themes/education/images/inner.png HTTP/1.1" 304 - "http://npcassoc.org/" "Mozilla/4.0 (compatible; MSIE 8.0; Windows NT 6.1; WOW64; Trident/4.0; SLCC2; .NET CLR 2.0.50727; .NET CLR 3.5.30729; .NET CLR 3.0.30729; Media Center PC 6.0; MALN; InfoPath.2)"
174.48.74.210 - - [15/Aug/2011:18:20:15 -0500] "GET /wp-content/themes/education/images/content-top.png HTTP/1.1" 304 - "http://npcassoc.org/" "Mozilla/4.0 (compatible; MSIE 8.0; Windows NT 6.1; WOW64; Trident/4.0; SLCC2; .NET CLR 2.0.50727; .NET CLR 3.5.30729; .NET CLR 3.0.30729; Media Center PC 6.0; MALN; InfoPath.2)"
174.48.74.210 - - [15/Aug/2011:18:20:15 -0500] "GET /wp-content/themes/education/images/sidebar-list.png HTTP/1.1" 304 - "http://npcassoc.org/" "Mozilla/4.0 (compatible; MSIE 8.0; Windows NT 6.1; WOW64; Trident/4.0; SLCC2; .NET CLR 2.0.50727; .NET CLR 3.5.30729; .NET CLR 3.0.30729; Media Center PC 6.0; MALN; InfoPath.2)"
174.48.74.210 - - [15/Aug/2011:18:20:15 -0500] "GET /wp-content/themes/education/images/footer.png HTTP/1.1" 304 - "http://npcassoc.org/" "Mozilla/4.0 (compatible; MSIE 8.0; Windows NT 6.1; WOW64; Trident/4.0; SLCC2; .NET CLR 2.0.50727; .NET CLR 3.5.30729; .NET CLR 3.0.30729; Media Center PC 6.0; MALN; InfoPath.2)"
174.48.74.210 - - [15/Aug/2011:18:20:15 -0500] "GET /wp-content/themes/education/images/footer-top.png HTTP/1.1" 304 - "http://npcassoc.org/" "Mozilla/4.0 (compatible; MSIE 8.0; Windows NT 6.1; WOW64; Trident/4.0; SLCC2; .NET CLR 2.0.50727; .NET CLR 3.5.30729; .NET CLR 3.0.30729; Media Center PC 6.0; MALN; InfoPath.2)"
174.48.74.210 - - [15/Aug/2011:18:20:15 -0500] "GET /wp-content/themes/education/images/arrow-right.png HTTP/1.1" 304 - "http://npcassoc.org/" "Mozilla/4.0 (compatible; MSIE 8.0; Windows NT 6.1; WOW64; Trident/4.0; SLCC2; .NET CLR 2.0.50727; .NET CLR 3.5.30729; .NET CLR 3.0.30729; Media Center PC 6.0; MALN; InfoPath.2)"
174.48.74.210 - - [15/Aug/2011:18:20:16 -0500] "GET /wp-content/themes/education/images/arrow-down.png HTTP/1.1" 304 - "http://npcassoc.org/" "Mozilla/4.0 (compatible; MSIE 8.0; Windows NT 6.1; WOW64; Trident/4.0; SLCC2; .NET CLR 2.0.50727; .NET CLR 3.5.30729; .NET CLR 3.0.30729; Media Center PC 6.0; MALN; InfoPath.2)"
174.48.74.210 - - [15/Aug/2011:18:20:16 -0500] "GET /wp-content/themes/education/images/sidebar-top.png HTTP/1.1" 304 - "http://npcassoc.org/" "Mozilla/4.0 (compatible; MSIE 8.0; Windows NT 6.1; WOW64; Trident/4.0; SLCC2; .NET CLR 2.0.50727; .NET CLR 3.5.30729; .NET CLR 3.0.30729; Media Center PC 6.0; MALN; InfoPath.2)"
173.234.248.49 - - [15/Aug/2011:18:20:53 -0500] "GET /wp-admin/edit-comments.php HTTP/1.1" 200 6031 "http://npcassoc.org/wp-admin/edit.php?post_type=page" "Mozilla/5.0 (Windows NT 6.1; WOW64) AppleWebKit/535.1 (KHTML, like Gecko) Chrome/13.0.782.112 Safari/535.1"
173.234.248.49 - - [15/Aug/2011:18:20:54 -0500] "GET /wp-admin/load-scripts.php?c=1&load=hoverIntent,common,jquery-color,thickbox,theme-preview,wp-ajax-response,wp-lists,jquery-ui-core,jquery-ui-resizable,admin-comments&ver=a33b5d0d53bdd0ffd915bc3a6500684a HTTP/1.1" 200 23513 "http://npcassoc.org/wp-admin/edit-comments.php" "Mozilla/5.0 (Windows NT 6.1; WOW64) AppleWebKit/535.1 (KHTML, like Gecko) Chrome/13.0.782.112 Safari/535.1"
173.234.248.49 - - [15/Aug/2011:18:20:55 -0500] "GET /favicon.ico HTTP/1.1" 200 - "-" "Mozilla/5.0 (Windows NT 6.1; WOW64) AppleWebKit/535.1 (KHTML, like Gecko) Chrome/13.0.782.112 Safari/535.1"
209.85.224.82 - - [15/Aug/2011:18:51:07 -0500] "GET /googlebaf0e965b4522f65.html HTTP/1.1" 200 70 "-" "Google-Site-Verification/1.0"
66.249.71.147 - - [15/Aug/2011:19:46:09 -0500] "GET / HTTP/1.1" 200 6540 "-" "Mozilla/5.0 (compatible; Googlebot/2.1; +http://www.google.com/bot.html)"
66.249.71.147 - - [15/Aug/2011:19:56:34 -0500] "GET /wp-content/themes/genesis/lib/js/menu/superfish.args.js?ver=1.4.1 HTTP/1.1" 200 339 "http://npcassoc.org/" "Mozilla/5.0 (compatible; Googlebot/2.1; +http://www.google.com/bot.html)"
66.249.71.147 - - [15/Aug/2011:19:56:35 -0500] "GET /wp-content/themes/genesis/lib/js/menu/superfish.js?ver=1.4.8 HTTP/1.1" 200 3083 "http://npcassoc.org/" "Mozilla/5.0 (compatible; Googlebot/2.1; +http://www.google.com/bot.html)"
66.249.71.147 - - [15/Aug/2011:19:56:35 -0500] "GET /wp-content/themes/education/style.css HTTP/1.1" 200 30200 "http://npcassoc.org/" "Mozilla/5.0 (compatible; Googlebot/2.1; +http://www.google.com/bot.html)"
66.249.71.147 - - [15/Aug/2011:19:56:36 -0500] "GET /wp-includes/js/jquery/jquery.js?ver=1.4.2 HTTP/1.1" 200 72194 "http://npcassoc.org/" "Mozilla/5.0 (compatible; Googlebot/2.1; +http://www.google.com/bot.html)"
66.249.71.147 - - [15/Aug/2011:19:56:39 -0500] "GET /wp-content/themes/education/images/bg.png HTTP/1.1" 200 223 "http://npcassoc.org/" "Mozilla/5.0 (compatible; Googlebot/2.1; +http://www.google.com/bot.html)"
66.249.71.147 - - [15/Aug/2011:19:56:39 -0500] "GET /wp-content/themes/education/images/navline.png HTTP/1.1" 200 117 "http://npcassoc.org/" "Mozilla/5.0 (compatible; Googlebot/2.1; +http://www.google.com/bot.html)"
66.249.71.147 - - [15/Aug/2011:19:56:40 -0500] "GET /wp-content/themes/education/images/footer.png HTTP/1.1" 200 118 "http://npcassoc.org/" "Mozilla/5.0 (compatible; Googlebot/2.1; +http://www.google.com/bot.html)"
66.249.71.147 - - [15/Aug/2011:19:56:40 -0500] "GET /wp-content/themes/education/images/sidebar-list.png HTTP/1.1" 200 393 "http://npcassoc.org/" "Mozilla/5.0 (compatible; Googlebot/2.1; +http://www.google.com/bot.html)"
66.249.71.147 - - [15/Aug/2011:19:56:41 -0500] "GET /wp-content/themes/education/images/arrow-right.png HTTP/1.1" 200 163 "http://npcassoc.org/" "Mozilla/5.0 (compatible; Googlebot/2.1; +http://www.google.com/bot.html)"
66.249.71.147 - - [15/Aug/2011:19:56:42 -0500] "GET /wp-content/themes/education/images/arrow-down.png HTTP/1.1" 200 159 "http://npcassoc.org/" "Mozilla/5.0 (compatible; Googlebot/2.1; +http://www.google.com/bot.html)"
66.249.71.147 - - [15/Aug/2011:19:56:42 -0500] "GET /wp-content/themes/education/images/content-top.png HTTP/1.1" 200 8240 "http://npcassoc.org/" "Mozilla/5.0 (compatible; Googlebot/2.1; +http://www.google.com/bot.html)"
66.249.71.147 - - [15/Aug/2011:19:56:43 -0500] "GET /wp-content/themes/education/images/inner.png HTTP/1.1" 200 148 "http://npcassoc.org/" "Mozilla/5.0 (compatible; Googlebot/2.1; +http://www.google.com/bot.html)"
66.249.71.147 - - [15/Aug/2011:19:56:43 -0500] "GET /wp-content/themes/education/images/footer-top.png HTTP/1.1" 200 195 "http://npcassoc.org/" "Mozilla/5.0 (compatible; Googlebot/2.1; +http://www.google.com/bot.html)"
66.249.71.147 - - [15/Aug/2011:19:56:44 -0500] "GET /wp-content/themes/education/images/nav.png HTTP/1.1" 200 193 "http://npcassoc.org/" "Mozilla/5.0 (compatible; Googlebot/2.1; +http://www.google.com/bot.html)"
66.249.71.147 - - [15/Aug/2011:19:56:44 -0500] "GET /wp-content/themes/education/images/rss.png HTTP/1.1" 200 526 "http://npcassoc.org/" "Mozilla/5.0 (compatible; Googlebot/2.1; +http://www.google.com/bot.html)"
66.249.71.147 - - [15/Aug/2011:19:56:45 -0500] "GET /wp-content/themes/education/images/sidebar-top.png HTTP/1.1" 200 3738 "http://npcassoc.org/" "Mozilla/5.0 (compatible; Googlebot/2.1; +http://www.google.com/bot.html)"
119.63.196.111 - - [15/Aug/2011:20:17:09 -0500] "GET /1_hello-world.html HTTP/1.1" 200 6181 "-" "Mozilla/5.0 (compatible; Baiduspider/2.0; +http://www.baidu.com/search/spider.html)"
119.63.196.43 - - [15/Aug/2011:21:06:49 -0500] "GET /journal/editors HTTP/1.1" 200 6345 "-" "Mozilla/5.0 (compatible; Baiduspider/2.0; +http://www.baidu.com/search/spider.html)"
66.249.71.240 - - [15/Aug/2011:21:21:58 -0500] "GET /robots.txt HTTP/1.1" 200 85 "-" "Mozilla/5.0 (compatible; Googlebot/2.1; +http://www.google.com/bot.html)"
66.249.71.240 - - [15/Aug/2011:21:21:58 -0500] "GET /stylesheets/ HTTP/1.1" 301 20 "-" "Mozilla/5.0 (compatible; Googlebot/2.1; +http://www.google.com/bot.html)"
66.249.71.147 - - [15/Aug/2011:21:21:59 -0500] "GET /stylesheets/ HTTP/1.1" 404 5654 "-" "Mozilla/5.0 (compatible; Googlebot/2.1; +http://www.google.com/bot.html)"
119.63.196.27 - - [15/Aug/2011:21:57:28 -0500] "GET / HTTP/1.1" 200 6541 "-" "Mozilla/5.0 (compatible; Baiduspider/2.0; +http://www.baidu.com/search/spider.html)"
119.63.196.46 - - [15/Aug/2011:22:47:11 -0500] "GET /journal/table-of-contents/vol-1-no-2 HTTP/1.1" 200 5707 "-" "Mozilla/5.0 (compatible; Baiduspider/2.0; +http://www.baidu.com/search/spider.html)"
66.249.71.147 - - [15/Aug/2011:23:09:16 -0500] "GET /services/help-reinstate-albert-ellis HTTP/1.1" 200 6030 "-" "Mozilla/5.0 (compatible; Googlebot/2.1; +http://www.google.com/bot.html)"
119.63.196.45 - - [15/Aug/2011:23:24:38 -0500] "GET /xmlrpc.php HTTP/1.1" 200 60 "-" "Mozilla/5.0 (compatible; Baiduspider/2.0; +http://www.baidu.com/search/spider.html)"
184.106.111.192 - - [16/Aug/2011:00:45:58 -0500] "POST /wp-cron.php?doing_wp_cron HTTP/1.0" 200 - "-" "WordPress/3.0.4; http://npcassoc.org"
66.249.71.147 - - [16/Aug/2011:00:45:58 -0500] "GET /journal/table-of-contents/vol-2-no-1 HTTP/1.1" 200 5685 "-" "Mozilla/5.0 (compatible; Googlebot/2.1; +http://www.google.com/bot.html)"
66.249.71.147 - - [16/Aug/2011:01:43:43 -0500] "GET /journal/ijpp-profile HTTP/1.1" 200 6749 "-" "Mozilla/5.0 (compatible; Googlebot/2.1; +http://www.google.com/bot.html)"
66.249.71.147 - - [16/Aug/2011:02:29:55 -0500] "GET /services/books-articles HTTP/1.1" 200 6439 "-" "Mozilla/5.0 (compatible; Googlebot/2.1; +http://www.google.com/bot.html)"
119.63.196.44 - - [16/Aug/2011:03:10:42 -0500] "GET /application HTTP/1.1" 200 5760 "-" "Mozilla/5.0 (compatible; Baiduspider/2.0; +http://www.baidu.com/search/spider.html)"
66.249.71.147 - - [16/Aug/2011:03:16:07 -0500] "GET /journal/table-of-contents/vol-1-no-3 HTTP/1.1" 200 5750 "-" "Mozilla/5.0 (compatible; Googlebot/2.1; +http://www.google.com/bot.html)"
66.249.71.147 - - [16/Aug/2011:03:27:41 -0500] "GET /application HTTP/1.1" 200 5760 "-" "Mozilla/5.0 (compatible; Googlebot/2.1; +http://www.google.com/bot.html)"
119.63.196.82 - - [16/Aug/2011:04:00:34 -0500] "GET /journal/table-of-contents/vol-1-no-1 HTTP/1.1" 200 5769 "-" "Mozilla/5.0 (compatible; Baiduspider/2.0; +http://www.baidu.com/search/spider.html)"
119.63.196.116 - - [16/Aug/2011:04:13:10 -0500] "GET /journal/table-of-contents/vol-1-no-3 HTTP/1.1" 200 5750 "-" "Mozilla/5.0 (compatible; Baiduspider/2.0; +http://www.baidu.com/search/spider.html)"
66.249.71.147 - - [16/Aug/2011:04:13:54 -0500] "GET /journal/table-of-contents HTTP/1.1" 200 5493 "-" "Mozilla/5.0 (compatible; Googlebot/2.1; +http://www.google.com/bot.html)"
119.63.196.55 - - [16/Aug/2011:05:02:26 -0500] "GET /journal/table-of-contents/vol-3-no-1 HTTP/1.1" 200 5861 "-" "Mozilla/5.0 (compatible; Baiduspider/2.0; +http://www.baidu.com/search/spider.html)"
119.63.196.17 - - [16/Aug/2011:05:43:19 -0500] "GET /people HTTP/1.1" 200 5580 "-" "Mozilla/5.0 (compatible; Baiduspider/2.0; +http://www.baidu.com/search/spider.html)"
119.63.196.51 - - [16/Aug/2011:06:33:41 -0500] "GET /services HTTP/1.1" 200 5503 "-" "Mozilla/5.0 (compatible; Baiduspider/2.0; +http://www.baidu.com/search/spider.html)"
119.63.196.111 - - [16/Aug/2011:06:49:39 -0500] "GET /services/books-articles HTTP/1.1" 200 6440 "-" "Mozilla/5.0 (compatible; Baiduspider/2.0; +http://www.baidu.com/search/spider.html)"
119.63.196.112 - - [16/Aug/2011:07:50:44 -0500] "GET /services/help-reinstate-albert-ellis HTTP/1.1" 200 6030 "-" "Mozilla/5.0 (compatible; Baiduspider/2.0; +http://www.baidu.com/search/spider.html)"
119.63.196.56 - - [16/Aug/2011:09:27:16 -0500] "GET / HTTP/1.1" 200 6540 "-" "Mozilla/5.0 (compatible; Baiduspider/2.0; +http://www.baidu.com/search/spider.html)"
64.246.165.170 - - [16/Aug/2011:11:28:19 -0500] "GET /robots.txt HTTP/1.0" 200 69 "-" "Mozilla/5.0 (Windows; U; Windows NT 5.1; en; rv:1.9.0.13) Gecko/2009073022 Firefox/3.5.2 (.NET CLR 3.5.30729) SurveyBot/2.3 (DomainTools)"
64.246.165.170 - - [16/Aug/2011:11:28:20 -0500] "GET / HTTP/1.1" 200 6540 "http://whois.domaintools.com/nationalphilosophicalcounselingassociation.org" "Mozilla/5.0 (Windows; U; Windows NT 5.1; en; rv:1.9.0.13) Gecko/2009073022 Firefox/3.5.2 (.NET CLR 3.5.30729) SurveyBot/2.3 (DomainTools)"
184.106.111.192 - - [16/Aug/2011:13:45:51 -0500] "POST /wp-cron.php?doing_wp_cron HTTP/1.0" 200 - "-" "WordPress/3.0.4; http://npcassoc.org"
38.100.21.24 - - [16/Aug/2011:13:45:51 -0500] "GET / HTTP/1.1" 200 32088 "-" "Mozilla/4.0 (compatible; MSIE 7.0; Windows NT 5.2)"
64.246.165.150 - - [16/Aug/2011:13:51:36 -0500] "GET /robots.txt HTTP/1.0" 200 69 "-" "Mozilla/5.0 (Windows; U; Windows NT 5.1; en; rv:1.9.0.13) Gecko/2009073022 Firefox/3.5.2 (.NET CLR 3.5.30729) SurveyBot/2.3 (DomainTools)"
64.246.165.150 - - [16/Aug/2011:13:51:37 -0500] "GET / HTTP/1.1" 301 20 "http://whois.domaintools.com/npcassoc.org" "Mozilla/5.0 (Windows; U; Windows NT 5.1; en; rv:1.9.0.13) Gecko/2009073022 Firefox/3.5.2 (.NET CLR 3.5.30729) SurveyBot/2.3 (DomainTools)"
64.246.165.150 - - [16/Aug/2011:13:51:39 -0500] "GET / HTTP/1.1" 200 6540 "http://whois.domaintools.com/npcassoc.org" "Mozilla/5.0 (Windows; U; Windows NT 5.1; en; rv:1.9.0.13) Gecko/2009073022 Firefox/3.5.2 (.NET CLR 3.5.30729) SurveyBot/2.3 (DomainTools)"
66.249.71.147 - - [16/Aug/2011:14:53:27 -0500] "GET /sitemap.xml HTTP/1.1" 200 5430 "-" "Mozilla/5.0 (compatible; Googlebot/2.1; +http://www.google.com/bot.html)"
119.63.196.118 - - [16/Aug/2011:20:39:44 -0500] "GET / HTTP/1.1" 200 6540 "-" "Mozilla/5.0 (compatible; Baiduspider/2.0; +http://www.baidu.com/search/spider.html)"
119.63.196.120 - - [16/Aug/2011:22:16:52 -0500] "GET /1_hello-world.html HTTP/1.1" 200 6182 "-" "Mozilla/5.0 (compatible; Baiduspider/2.0; +http://www.baidu.com/search/spider.html)"
123.125.71.21 - - [17/Aug/2011:13:39:33 -0500] "GET / HTTP/1.1" 200 6540 "-" "Mozilla/5.0 (compatible; Baiduspider/2.0; +http://www.baidu.com/search/spider.html)"
184.106.111.192 - - [17/Aug/2011:13:39:34 -0500] "POST /wp-cron.php?doing_wp_cron HTTP/1.0" 200 - "-" "WordPress/3.0.4; http://npcassoc.org"
38.100.21.17 - - [17/Aug/2011:15:57:38 -0500] "GET / HTTP/1.1" 301 - "-" "Mozilla/4.0 (compatible; MSIE 7.0; Windows NT 5.2)"
66.249.68.248 - - [17/Aug/2011:16:33:57 -0500] "GET /robots.txt HTTP/1.1" 200 85 "-" "Mozilla/5.0 (compatible; Googlebot/2.1; +http://www.google.com/bot.html)"
66.249.68.248 - - [17/Aug/2011:16:33:57 -0500] "GET /sitemap.xml HTTP/1.1" 200 5430 "-" "Mozilla/5.0 (compatible; Googlebot/2.1; +http://www.google.com/bot.html)"
119.63.196.20 - - [17/Aug/2011:20:57:12 -0500] "GET / HTTP/1.1" 200 6540 "-" "Mozilla/5.0 (compatible; Baiduspider/2.0; +http://www.baidu.com/search/spider.html)"
119.63.196.117 - - [17/Aug/2011:22:19:00 -0500] "GET /cat/uncategorized HTTP/1.1" 200 5576 "-" "Mozilla/5.0 (compatible; Baiduspider/2.0; +http://www.baidu.com/search/spider.html)"
119.63.196.44 - - [17/Aug/2011:23:13:41 -0500] "GET /author/aspcp HTTP/1.1" 200 5580 "-" "Mozilla/5.0 (compatible; Baiduspider/2.0; +http://www.baidu.com/search/spider.html)"
184.106.111.192 - - [18/Aug/2011:01:25:22 -0500] "POST /wp-cron.php?doing_wp_cron HTTP/1.0" 200 - "-" "WordPress/3.0.4; http://npcassoc.org"
66.249.68.248 - - [18/Aug/2011:01:25:21 -0500] "GET /people HTTP/1.1" 200 5580 "-" "Mozilla/5.0 (compatible; Googlebot/2.1; +http://www.google.com/bot.html)"
66.249.68.248 - - [18/Aug/2011:01:31:21 -0500] "GET /services HTTP/1.1" 200 5504 "-" "Mozilla/5.0 (compatible; Googlebot/2.1; +http://www.google.com/bot.html)"
66.249.68.248 - - [18/Aug/2011:02:19:27 -0500] "GET /journal HTTP/1.1" 200 6627 "-" "Mozilla/5.0 (compatible; Googlebot/2.1; +http://www.google.com/bot.html)"
66.249.68.248 - - [18/Aug/2011:03:04:31 -0500] "GET /journal/table-of-contents/vol-1-no-3 HTTP/1.1" 200 5749 "-" "Mozilla/5.0 (compatible; Googlebot/2.1; +http://www.google.com/bot.html)"
66.249.67.170 - - [18/Aug/2011:03:10:36 -0500] "GET /robots.txt HTTP/1.1" 200 85 "-" "Mozilla/5.0 (compatible; Googlebot/2.1; +http://www.google.com/bot.html)"
66.249.67.170 - - [18/Aug/2011:03:10:37 -0500] "GET / HTTP/1.1" 200 6540 "-" "Mozilla/5.0 (compatible; Googlebot/2.1; +http://www.google.com/bot.html)"
66.249.68.248 - - [18/Aug/2011:03:46:36 -0500] "GET /journal/table-of-contents HTTP/1.1" 200 5493 "-" "Mozilla/5.0 (compatible; Googlebot/2.1; +http://www.google.com/bot.html)"
66.249.68.248 - - [18/Aug/2011:04:37:38 -0500] "GET /people HTTP/1.1" 200 5580 "-" "Mozilla/5.0 (compatible; Googlebot/2.1; +http://www.google.com/bot.html)"
123.125.71.30 - - [18/Aug/2011:09:02:07 -0500] "GET / HTTP/1.1" 200 6538 "-" "Mozilla/5.0 (compatible; Baiduspider/2.0; +http://www.baidu.com/search/spider.html)"
123.125.71.21 - - [18/Aug/2011:09:02:09 -0500] "GET /journal/table-of-contents/vol-1-no-2 HTTP/1.1" 200 5705 "-" "Mozilla/5.0 (compatible; Baiduspider/2.0; +http://www.baidu.com/search/spider.html)"
119.63.196.54 - - [18/Aug/2011:10:09:53 -0500] "GET / HTTP/1.1" 200 6540 "-" "Mozilla/5.0 (compatible; Baiduspider/2.0; +http://www.baidu.com/search/spider.html)"
123.125.71.18 - - [18/Aug/2011:10:13:14 -0500] "GET /journal/table-of-contents HTTP/1.1" 200 5491 "-" "Mozilla/5.0 (compatible; Baiduspider/2.0; +http://www.baidu.com/search/spider.html)"
119.63.196.17 - - [18/Aug/2011:11:01:35 -0500] "GET /author/aspcp HTTP/1.1" 200 5580 "-" "Mozilla/5.0 (compatible; Baiduspider/2.0; +http://www.baidu.com/search/spider.html)"
123.125.71.25 - - [18/Aug/2011:11:23:36 -0500] "GET /journal/editors HTTP/1.1" 200 6345 "-" "Mozilla/5.0 (compatible; Baiduspider/2.0; +http://www.baidu.com/search/spider.html)"
184.106.111.192 - - [18/Aug/2011:13:44:20 -0500] "POST /wp-cron.php?doing_wp_cron HTTP/1.0" 200 - "-" "WordPress/3.0.4; http://npcassoc.org"
123.125.71.34 - - [18/Aug/2011:13:44:20 -0500] "GET /documents HTTP/1.1" 200 5670 "-" "Mozilla/5.0 (compatible; Baiduspider/2.0; +http://www.baidu.com/search/spider.html)"
66.249.71.147 - - [18/Aug/2011:14:06:07 -0500] "GET /robots.txt HTTP/1.1" 200 85 "-" "Mozilla/5.0 (compatible; Googlebot/2.1; +http://www.google.com/bot.html)"
66.249.71.147 - - [18/Aug/2011:14:06:08 -0500] "GET /sitemap.xml HTTP/1.1" 200 5430 "-" "Mozilla/5.0 (compatible; Googlebot/2.1; +http://www.google.com/bot.html)"
66.249.71.150 - - [18/Aug/2011:14:21:15 -0500] "GET /robots.txt HTTP/1.1" 200 85 "-" "Mozilla/5.0 (compatible; Googlebot/2.1; +http://www.google.com/bot.html)"
66.249.71.150 - - [18/Aug/2011:14:21:15 -0500] "GET / HTTP/1.1" 200 6540 "-" "Mozilla/5.0 (compatible; Googlebot/2.1; +http://www.google.com/bot.html)"
123.125.71.24 - - [18/Aug/2011:22:57:47 -0500] "GET /feed HTTP/1.1" 200 719 "-" "Mozilla/5.0 (compatible; Baiduspider/2.0; +http://www.baidu.com/search/spider.html)"
184.106.111.192 - - [19/Aug/2011:01:48:32 -0500] "POST /wp-cron.php?doing_wp_cron HTTP/1.0" 200 - "-" "WordPress/3.0.4; http://npcassoc.org"
66.249.71.147 - - [19/Aug/2011:01:48:31 -0500] "GET /sitemap.xml.gz HTTP/1.1" 404 5653 "-" "Mozilla/5.0 (compatible; Googlebot/2.1; +http://www.google.com/bot.html)"
66.249.71.137 - - [19/Aug/2011:02:21:46 -0500] "GET /robots.txt HTTP/1.1" 200 85 "-" "Mozilla/5.0 (compatible; Googlebot/2.1; +http://www.google.com/bot.html)"
66.249.71.137 - - [19/Aug/2011:02:21:46 -0500] "GET /stylesheets/ HTTP/1.1" 404 5654 "-" "Mozilla/5.0 (compatible; Googlebot/2.1; +http://www.google.com/bot.html)"
123.125.71.15 - - [19/Aug/2011:02:55:08 -0500] "GET /journal/call-for-papers HTTP/1.1" 200 6024 "-" "Mozilla/5.0 (compatible; Baiduspider/2.0; +http://www.baidu.com/search/spider.html)"
66.249.71.147 - - [19/Aug/2011:03:42:30 -0500] "GET /sitemap.xml.gz HTTP/1.1" 404 5653 "-" "Mozilla/5.0 (compatible; Googlebot/2.1; +http://www.google.com/bot.html)"
123.125.71.14 - - [19/Aug/2011:06:52:16 -0500] "GET /journal/table-of-contents/vol-2-no-2 HTTP/1.1" 200 5774 "-" "Mozilla/5.0 (compatible; Baiduspider/2.0; +http://www.baidu.com/search/spider.html)"
119.63.196.75 - - [19/Aug/2011:10:11:45 -0500] "GET /robots.txt HTTP/1.1" 200 85 "-" "Baiduspider+(+http://www.baidu.com/search/spider.htm)"
123.125.71.12 - - [19/Aug/2011:10:54:40 -0500] "GET / HTTP/1.1" 200 6539 "-" "Mozilla/5.0 (compatible; Baiduspider/2.0; +http://www.baidu.com/search/spider.html)"
123.125.71.29 - - [19/Aug/2011:10:54:42 -0500] "GET /documents HTTP/1.1" 200 5670 "-" "Mozilla/5.0 (compatible; Baiduspider/2.0; +http://www.baidu.com/search/spider.html)"
123.125.71.17 - - [19/Aug/2011:13:54:37 -0500] "GET /journal/table-of-contents/vol-1-no-4 HTTP/1.1" 200 5877 "-" "Mozilla/5.0 (compatible; Baiduspider/2.0; +http://www.baidu.com/search/spider.html)"
184.106.111.192 - - [19/Aug/2011:13:54:37 -0500] "POST /wp-cron.php?doing_wp_cron HTTP/1.0" 200 - "-" "WordPress/3.0.4; http://npcassoc.org"
66.249.72.225 - - [19/Aug/2011:15:17:08 -0500] "GET /robots.txt HTTP/1.1" 200 85 "-" "Mozilla/5.0 (compatible; Googlebot/2.1; +http://www.google.com/bot.html)"
66.249.72.225 - - [19/Aug/2011:15:17:08 -0500] "GET /sitemap.xml HTTP/1.1" 200 5430 "-" "Mozilla/5.0 (compatible; Googlebot/2.1; +http://www.google.com/bot.html)"
173.218.154.69 - - [19/Aug/2011:15:35:22 -0500] "GET /journal/editors HTTP/1.1" 200 6345 "http://www.google.com/url?sa=t&source=web&cd=3&ved=0CD0QFjAC&url=http%3A%2F%2Fnpcassoc.org%2Fjournal%2Feditors&rct=j&q=%22thomas%20magnell%22%20drew&tbs=qdr%3Am&ei=CclOTp-sCImlsALq5NX7Bg&usg=AFQjCNHQLK5zLGWJU9_-a03tAuo9lmBBnw&cad=rja" "Mozilla/5.0 (Windows NT 6.0; rv:6.0) Gecko/20100101 Firefox/6.0"
173.218.154.69 - - [19/Aug/2011:15:35:23 -0500] "GET /wp-content/themes/genesis/lib/js/menu/superfish.js?ver=1.4.8 HTTP/1.1" 200 3083 "http://npcassoc.org/journal/editors" "Mozilla/5.0 (Windows NT 6.0; rv:6.0) Gecko/20100101 Firefox/6.0"
173.218.154.69 - - [19/Aug/2011:15:35:23 -0500] "GET /wp-content/themes/education/style.css HTTP/1.1" 200 30200 "http://npcassoc.org/journal/editors" "Mozilla/5.0 (Windows NT 6.0; rv:6.0) Gecko/20100101 Firefox/6.0"
173.218.154.69 - - [19/Aug/2011:15:35:24 -0500] "GET /wp-content/themes/education/images/favicon.ico HTTP/1.1" 200 1150 "-" "Mozilla/5.0 (Windows NT 6.0; rv:6.0) Gecko/20100101 Firefox/6.0"
173.218.154.69 - - [19/Aug/2011:15:35:24 -0500] "GET /wp-includes/js/comment-reply.js?ver=20090102 HTTP/1.1" 200 786 "http://npcassoc.org/journal/editors" "Mozilla/5.0 (Windows NT 6.0; rv:6.0) Gecko/20100101 Firefox/6.0"
173.218.154.69 - - [19/Aug/2011:15:35:25 -0500] "GET /wp-content/themes/genesis/lib/js/menu/superfish.args.js?ver=1.4.1 HTTP/1.1" 200 339 "http://npcassoc.org/journal/editors" "Mozilla/5.0 (Windows NT 6.0; rv:6.0) Gecko/20100101 Firefox/6.0"
173.218.154.69 - - [19/Aug/2011:15:35:25 -0500] "GET /wp-includes/js/jquery/jquery.js?ver=1.4.2 HTTP/1.1" 200 72194 "http://npcassoc.org/journal/editors" "Mozilla/5.0 (Windows NT 6.0; rv:6.0) Gecko/20100101 Firefox/6.0"
173.218.154.69 - - [19/Aug/2011:15:35:26 -0500] "GET /wp-content/themes/education/images/rss.png HTTP/1.1" 200 526 "http://npcassoc.org/wp-content/themes/education/style.css" "Mozilla/5.0 (Windows NT 6.0; rv:6.0) Gecko/20100101 Firefox/6.0"
173.218.154.69 - - [19/Aug/2011:15:35:26 -0500] "GET /wp-content/themes/education/images/content-top.png HTTP/1.1" 200 8240 "http://npcassoc.org/wp-content/themes/education/style.css" "Mozilla/5.0 (Windows NT 6.0; rv:6.0) Gecko/20100101 Firefox/6.0"
173.218.154.69 - - [19/Aug/2011:15:35:26 -0500] "GET /wp-content/themes/education/images/inner.png HTTP/1.1" 200 148 "http://npcassoc.org/wp-content/themes/education/style.css" "Mozilla/5.0 (Windows NT 6.0; rv:6.0) Gecko/20100101 Firefox/6.0"
173.218.154.69 - - [19/Aug/2011:15:35:26 -0500] "GET /wp-content/themes/education/images/bg.png HTTP/1.1" 200 223 "http://npcassoc.org/wp-content/themes/education/style.css" "Mozilla/5.0 (Windows NT 6.0; rv:6.0) Gecko/20100101 Firefox/6.0"
173.218.154.69 - - [19/Aug/2011:15:35:26 -0500] "GET /wp-content/themes/education/images/nav.png HTTP/1.1" 200 193 "http://npcassoc.org/wp-content/themes/education/style.css" "Mozilla/5.0 (Windows NT 6.0; rv:6.0) Gecko/20100101 Firefox/6.0"
173.218.154.69 - - [19/Aug/2011:15:35:26 -0500] "GET /wp-content/themes/education/images/navline.png HTTP/1.1" 200 117 "http://npcassoc.org/wp-content/themes/education/style.css" "Mozilla/5.0 (Windows NT 6.0; rv:6.0) Gecko/20100101 Firefox/6.0"
173.218.154.69 - - [19/Aug/2011:15:35:26 -0500] "GET /wp-content/themes/education/images/sidebar-top.png HTTP/1.1" 200 3738 "http://npcassoc.org/wp-content/themes/education/style.css" "Mozilla/5.0 (Windows NT 6.0; rv:6.0) Gecko/20100101 Firefox/6.0"
173.218.154.69 - - [19/Aug/2011:15:35:26 -0500] "GET /wp-content/themes/education/images/footer.png HTTP/1.1" 200 118 "http://npcassoc.org/wp-content/themes/education/style.css" "Mozilla/5.0 (Windows NT 6.0; rv:6.0) Gecko/20100101 Firefox/6.0"
173.218.154.69 - - [19/Aug/2011:15:35:26 -0500] "GET /wp-content/themes/education/images/sidebar-list.png HTTP/1.1" 200 393 "http://npcassoc.org/wp-content/themes/education/style.css" "Mozilla/5.0 (Windows NT 6.0; rv:6.0) Gecko/20100101 Firefox/6.0"
173.218.154.69 - - [19/Aug/2011:15:35:26 -0500] "GET /wp-content/themes/education/images/footer-top.png HTTP/1.1" 200 195 "http://npcassoc.org/wp-content/themes/education/style.css" "Mozilla/5.0 (Windows NT 6.0; rv:6.0) Gecko/20100101 Firefox/6.0"
173.218.154.69 - - [19/Aug/2011:15:35:26 -0500] "GET /wp-content/themes/education/images/arrow-down.png HTTP/1.1" 200 159 "http://npcassoc.org/wp-content/themes/education/style.css" "Mozilla/5.0 (Windows NT 6.0; rv:6.0) Gecko/20100101 Firefox/6.0"
173.218.154.69 - - [19/Aug/2011:15:35:26 -0500] "GET /wp-content/themes/education/images/arrow-right.png HTTP/1.1" 200 163 "http://npcassoc.org/wp-content/themes/education/style.css" "Mozilla/5.0 (Windows NT 6.0; rv:6.0) Gecko/20100101 Firefox/6.0"
119.63.196.45 - - [19/Aug/2011:17:30:57 -0500] "GET / HTTP/1.1" 200 6539 "-" "Mozilla/5.0 (compatible; Baiduspider/2.0; +http://www.baidu.com/search/spider.html)"
123.125.71.19 - - [19/Aug/2011:19:53:58 -0500] "GET /services/albert-ellis-foundation-alliance HTTP/1.1" 200 6914 "-" "Mozilla/5.0 (compatible; Baiduspider/2.0; +http://www.baidu.com/search/spider.html)"
119.63.196.47 - - [19/Aug/2011:22:54:09 -0500] "GET /author/aspcp/ HTTP/1.1" 301 20 "-" "Mozilla/5.0 (compatible; Baiduspider/2.0; +http://www.baidu.com/search/spider.html)"
119.63.196.112 - - [19/Aug/2011:22:54:10 -0500] "GET /author/aspcp HTTP/1.1" 200 5577 "-" "Mozilla/5.0 (compatible; Baiduspider/2.0; +http://www.baidu.com/search/spider.html)"
123.125.71.22 - - [19/Aug/2011:23:27:33 -0500] "GET /people HTTP/1.1" 200 5579 "-" "Mozilla/5.0 (compatible; Baiduspider/2.0; +http://www.baidu.com/search/spider.html)"
184.106.111.192 - - [20/Aug/2011:02:19:37 -0500] "POST /wp-cron.php?doing_wp_cron HTTP/1.0" 200 - "-" "WordPress/3.0.4; http://npcassoc.org"
119.63.196.113 - - [20/Aug/2011:02:19:37 -0500] "GET /robots.txt HTTP/1.1" 200 85 "-" "Baiduspider+(+http://www.baidu.com/search/spider.htm)"
66.249.72.225 - - [20/Aug/2011:04:08:05 -0500] "GET /journal/call-for-papers HTTP/1.1" 200 6022 "-" "Mozilla/5.0 (compatible; Googlebot/2.1; +http://www.google.com/bot.html)"
66.249.72.225 - - [20/Aug/2011:04:37:45 -0500] "GET /journal/table-of-contents/vol-2-no-1 HTTP/1.1" 200 5683 "-" "Mozilla/5.0 (compatible; Googlebot/2.1; +http://www.google.com/bot.html)"
123.125.71.16 - - [20/Aug/2011:05:26:59 -0500] "GET /services HTTP/1.1" 200 5502 "-" "Mozilla/5.0 (compatible; Baiduspider/2.0; +http://www.baidu.com/search/spider.html)"
119.63.196.76 - - [20/Aug/2011:05:59:10 -0500] "GET / HTTP/1.1" 200 6538 "-" "Mozilla/5.0 (compatible; Baiduspider/2.0; +http://www.baidu.com/search/spider.html)"
66.249.72.225 - - [20/Aug/2011:08:05:43 -0500] "GET /documents HTTP/1.1" 200 5668 "-" "Mozilla/5.0 (compatible; Googlebot/2.1; +http://www.google.com/bot.html)"
123.125.71.28 - - [20/Aug/2011:09:48:41 -0500] "GET / HTTP/1.1" 200 6538 "-" "Mozilla/5.0 (compatible; Baiduspider/2.0; +http://www.baidu.com/search/spider.html)"
123.125.71.35 - - [20/Aug/2011:09:48:45 -0500] "GET /journal HTTP/1.1" 200 6625 "-" "Mozilla/5.0 (compatible; Baiduspider/2.0; +http://www.baidu.com/search/spider.html)"
66.249.72.225 - - [20/Aug/2011:11:33:33 -0500] "GET /journal/table-of-contents/vol-1-no-3 HTTP/1.1" 200 5747 "-" "Mozilla/5.0 (compatible; Googlebot/2.1; +http://www.google.com/bot.html)"
184.106.111.192 - - [20/Aug/2011:12:48:46 -0500] "POST /wp-cron.php?doing_wp_cron HTTP/1.0" 200 - "-" "WordPress/3.0.4; http://npcassoc.org"
123.125.71.17 - - [20/Aug/2011:12:48:46 -0500] "GET /journal/table-of-contents/vol-1-no-4 HTTP/1.1" 200 5877 "-" "Mozilla/5.0 (compatible; Baiduspider/2.0; +http://www.baidu.com/search/spider.html)"
66.249.72.225 - - [20/Aug/2011:14:31:53 -0500] "GET /journal/table-of-contents HTTP/1.1" 200 5491 "-" "Mozilla/5.0 (compatible; Googlebot/2.1; +http://www.google.com/bot.html)"
66.249.72.225 - - [20/Aug/2011:15:31:15 -0500] "GET /robots.txt HTTP/1.1" 200 85 "-" "Mozilla/5.0 (compatible; Googlebot/2.1; +http://www.google.com/bot.html)"
66.249.72.225 - - [20/Aug/2011:15:31:15 -0500] "GET /application HTTP/1.1" 200 5759 "-" "Mozilla/5.0 (compatible; Googlebot/2.1; +http://www.google.com/bot.html)"
119.63.196.23 - - [20/Aug/2011:16:26:46 -0500] "GET / HTTP/1.1" 200 6538 "-" "Mozilla/5.0 (compatible; Baiduspider/2.0; +http://www.baidu.com/search/spider.html)"
123.125.71.24 - - [20/Aug/2011:18:48:10 -0500] "GET /services/albert-ellis-foundation-alliance HTTP/1.1" 200 6914 "-" "Mozilla/5.0 (compatible; Baiduspider/2.0; +http://www.baidu.com/search/spider.html)"
123.125.71.30 - - [20/Aug/2011:23:21:58 -0500] "GET /journal/table-of-contents/vol-1-no-3 HTTP/1.1" 200 5749 "-" "Mozilla/5.0 (compatible; Baiduspider/2.0; +http://www.baidu.com/search/spider.html)"
66.249.72.225 - - [20/Aug/2011:23:38:22 -0500] "GET /docs/ASPCPV1N2.pdf HTTP/1.1" 200 713281 "-" "Googlebot/2.1 (+http://www.google.com/bot.html)"
66.249.72.225 - - [20/Aug/2011:23:41:34 -0500] "GET /docs/Standards.pdf HTTP/1.1" 200 3001995 "-" "Googlebot/2.1 (+http://www.google.com/bot.html)"
66.249.72.225 - - [20/Aug/2011:23:47:20 -0500] "GET /docs/ASPCPV1N1.pdf HTTP/1.1" 200 1049993 "-" "Googlebot/2.1 (+http://www.google.com/bot.html)"
66.249.72.217 - - [21/Aug/2011:00:05:51 -0500] "GET /robots.txt HTTP/1.1" 200 85 "-" "Mozilla/5.0 (compatible; Googlebot/2.1; +http://www.google.com/bot.html)"
66.249.72.217 - - [21/Aug/2011:00:05:52 -0500] "GET /images/ HTTP/1.1" 200 685 "-" "Mozilla/5.0 (compatible; Googlebot/2.1; +http://www.google.com/bot.html)"
66.249.72.225 - - [21/Aug/2011:00:14:22 -0500] "GET /docs/About.pdf HTTP/1.1" 200 211351 "-" "Googlebot/2.1 (+http://www.google.com/bot.html)"
66.249.72.225 - - [21/Aug/2011:00:33:05 -0500] "GET /docs/ASPCPV1N3.pdf HTTP/1.1" 200 574652 "-" "Googlebot/2.1 (+http://www.google.com/bot.html)"
66.249.72.225 - - [21/Aug/2011:00:46:54 -0500] "GET /log/ HTTP/1.1" 200 523 "-" "Mozilla/5.0 (compatible; Googlebot/2.1; +http://www.google.com/bot.html)"
66.249.72.225 - - [21/Aug/2011:00:47:37 -0500] "GET /docs/WhatisPC.pdf HTTP/1.1" 200 954238 "-" "Googlebot/2.1 (+http://www.google.com/bot.html)"
66.249.72.225 - - [21/Aug/2011:01:02:43 -0500] "GET /docs/ASPCPV2N3.pdf HTTP/1.1" 200 715614 "-" "Googlebot/2.1 (+http://www.google.com/bot.html)"
66.249.72.225 - - [21/Aug/2011:01:12:11 -0500] "GET /docs/Constitution.pdf HTTP/1.1" 200 1793011 "-" "Googlebot/2.1 (+http://www.google.com/bot.html)"
66.249.72.225 - - [21/Aug/2011:01:20:52 -0500] "GET /docs/Policy.pdf HTTP/1.1" 200 975942 "-" "Googlebot/2.1 (+http://www.google.com/bot.html)"
66.249.72.225 - - [21/Aug/2011:01:32:51 -0500] "GET /docs/ASPCPV2N1.pdf HTTP/1.1" 200 456206 "-" "Googlebot/2.1 (+http://www.google.com/bot.html)"
66.249.72.225 - - [21/Aug/2011:01:43:50 -0500] "GET /sitemap.xml HTTP/1.1" 200 5430 "-" "Mozilla/5.0 (compatible; Googlebot/2.1; +http://www.google.com/bot.html)"
66.249.72.225 - - [21/Aug/2011:01:43:51 -0500] "GET /docs/ASPCP2000.pdf HTTP/1.1" 200 120352 "-" "Googlebot/2.1 (+http://www.google.com/bot.html)"
184.106.111.192 - - [21/Aug/2011:02:33:51 -0500] "POST /wp-cron.php?doing_wp_cron HTTP/1.0" 200 - "-" "WordPress/3.0.4; http://npcassoc.org"
119.63.196.117 - - [21/Aug/2011:02:33:51 -0500] "GET / HTTP/1.1" 200 6538 "-" "Mozilla/5.0 (compatible; Baiduspider/2.0; +http://www.baidu.com/search/spider.html)"
123.125.71.22 - - [21/Aug/2011:03:19:25 -0500] "GET /journal/table-of-contents/vol-2-no-1 HTTP/1.1" 200 5683 "-" "Mozilla/5.0 (compatible; Baiduspider/2.0; +http://www.baidu.com/search/spider.html)"
123.125.71.12 - - [21/Aug/2011:07:16:37 -0500] "GET /services/conferences HTTP/1.1" 200 6120 "-" "Mozilla/5.0 (compatible; Baiduspider/2.0; +http://www.baidu.com/search/spider.html)"
123.125.71.33 - - [21/Aug/2011:11:01:41 -0500] "GET / HTTP/1.1" 200 6537 "-" "Mozilla/5.0 (compatible; Baiduspider/2.0; +http://www.baidu.com/search/spider.html)"
184.106.111.192 - - [21/Aug/2011:17:01:38 -0500] "POST /wp-cron.php?doing_wp_cron HTTP/1.0" 200 - "-" "WordPress/3.0.4; http://npcassoc.org"
123.125.71.23 - - [21/Aug/2011:17:01:38 -0500] "GET /journal HTTP/1.1" 200 6625 "-" "Mozilla/5.0 (compatible; Baiduspider/2.0; +http://www.baidu.com/search/spider.html)"
119.63.196.120 - - [21/Aug/2011:20:39:38 -0500] "GET / HTTP/1.1" 200 6539 "-" "Mozilla/5.0 (compatible; Baiduspider/2.0; +http://www.baidu.com/search/spider.html)"
184.106.111.192 - - [22/Aug/2011:01:57:13 -0500] "POST /wp-cron.php?doing_wp_cron HTTP/1.0" 200 - "-" "WordPress/3.0.4; http://npcassoc.org"
66.249.72.225 - - [22/Aug/2011:01:57:13 -0500] "GET /robots.txt HTTP/1.1" 200 85 "-" "Mozilla/5.0 (compatible; Googlebot/2.1; +http://www.google.com/bot.html)"
66.249.72.225 - - [22/Aug/2011:01:57:14 -0500] "GET /journal/table-of-contents/vol-2-no-2 HTTP/1.1" 200 5774 "-" "Mozilla/5.0 (compatible; Googlebot/2.1; +http://www.google.com/bot.html)"
66.249.72.225 - - [22/Aug/2011:02:58:03 -0500] "GET /journal/table-of-contents/vol-1-no-1 HTTP/1.1" 200 5770 "-" "Mozilla/5.0 (compatible; Googlebot/2.1; +http://www.google.com/bot.html)"
66.249.72.225 - - [22/Aug/2011:03:58:56 -0500] "GET /journal/table-of-contents/vol-1-no-2 HTTP/1.1" 200 5706 "-" "Mozilla/5.0 (compatible; Googlebot/2.1; +http://www.google.com/bot.html)"
66.249.72.225 - - [22/Aug/2011:04:39:35 -0500] "GET /journal/table-of-contents/vol-1-no-4 HTTP/1.1" 200 5876 "-" "Mozilla/5.0 (compatible; Googlebot/2.1; +http://www.google.com/bot.html)"
66.249.71.147 - - [22/Aug/2011:08:02:29 -0500] "GET /robots.txt HTTP/1.1" 200 85 "-" "Mozilla/5.0 (compatible; Googlebot/2.1; +http://www.google.com/bot.html)"
66.249.71.147 - - [22/Aug/2011:08:02:30 -0500] "GET /journal/table-of-contents/vol-2-no-4 HTTP/1.1" 200 5706 "-" "Mozilla/5.0 (compatible; Googlebot/2.1; +http://www.google.com/bot.html)"
66.249.71.147 - - [22/Aug/2011:09:23:42 -0500] "GET /journal/ijpp-profile HTTP/1.1" 200 6749 "-" "Mozilla/5.0 (compatible; Googlebot/2.1; +http://www.google.com/bot.html)"
66.249.71.240 - - [22/Aug/2011:11:08:59 -0500] "GET /robots.txt HTTP/1.1" 200 85 "-" "Mozilla/5.0 (compatible; Googlebot/2.1; +http://www.google.com/bot.html)"
66.249.71.240 - - [22/Aug/2011:11:09:00 -0500] "GET / HTTP/1.1" 301 20 "-" "Mozilla/5.0 (compatible; Googlebot/2.1; +http://www.google.com/bot.html)"
66.249.71.147 - - [22/Aug/2011:11:09:00 -0500] "GET / HTTP/1.1" 200 6539 "-" "Mozilla/5.0 (compatible; Googlebot/2.1; +http://www.google.com/bot.html)"
66.249.71.147 - - [22/Aug/2011:11:25:35 -0500] "GET /journal/table-of-contents HTTP/1.1" 200 5492 "-" "Mozilla/5.0 (compatible; Googlebot/2.1; +http://www.google.com/bot.html)"
123.125.71.23 - - [22/Aug/2011:16:51:17 -0500] "GET / HTTP/1.1" 200 6539 "-" "Mozilla/5.0 (compatible; Baiduspider/2.0; +http://www.baidu.com/search/spider.html)"
184.106.111.192 - - [22/Aug/2011:16:51:18 -0500] "POST /wp-cron.php?doing_wp_cron HTTP/1.0" 200 - "-" "WordPress/3.0.4; http://npcassoc.org"
119.63.196.55 - - [22/Aug/2011:18:54:39 -0500] "GET / HTTP/1.1" 200 6539 "-" "Mozilla/5.0 (compatible; Baiduspider/2.0; +http://www.baidu.com/search/spider.html)"
66.249.71.147 - - [22/Aug/2011:23:51:39 -0500] "GET /1_hello-world.html HTTP/1.1" 200 6180 "-" "Mozilla/5.0 (compatible; Googlebot/2.1; +http://www.google.com/bot.html)"
66.249.71.147 - - [22/Aug/2011:23:56:29 -0500] "GET /sitemap.xml HTTP/1.1" 200 5430 "-" "Mozilla/5.0 (compatible; Googlebot/2.1; +http://www.google.com/bot.html)"
66.249.71.147 - - [23/Aug/2011:01:01:48 -0500] "GET /docs/ijpp/Authenticity.pdf HTTP/1.1" 304 - "-" "Mozilla/5.0 (compatible; Googlebot/2.1; +http://www.google.com/bot.html)"
184.106.111.192 - - [23/Aug/2011:05:15:55 -0500] "POST /wp-cron.php?doing_wp_cron HTTP/1.0" 200 - "-" "WordPress/3.0.4; http://npcassoc.org"
123.125.71.36 - - [23/Aug/2011:05:15:54 -0500] "GET /xmlrpc.php?rsd HTTP/1.1" 200 303 "-" "Mozilla/5.0 (compatible; Baiduspider/2.0; +http://www.baidu.com/search/spider.html)"
123.125.71.27 - - [23/Aug/2011:10:49:57 -0500] "GET / HTTP/1.1" 200 6539 "-" "Mozilla/5.0 (compatible; Baiduspider/2.0; +http://www.baidu.com/search/spider.html)"
50.16.82.144 - - [23/Aug/2011:15:54:06 -0500] "HEAD / HTTP/1.1" 200 - "http://www.netcraft.com/survey/" "Mozilla/4.0 (compatible; Netcraft Web Server Survey)"
184.106.111.192 - - [23/Aug/2011:15:54:06 -0500] "POST /wp-cron.php?doing_wp_cron HTTP/1.0" 200 - "-" "WordPress/3.0.4; http://npcassoc.org"
119.63.196.9 - - [23/Aug/2011:21:20:53 -0500] "GET / HTTP/1.1" 200 6539 "-" "Mozilla/5.0 (compatible; Baiduspider/2.0; +http://www.baidu.com/search/spider.html)"
123.125.71.34 - - [23/Aug/2011:22:37:07 -0500] "GET /journal/table-of-contents/vol-2-no-4 HTTP/1.1" 200 5706 "-" "Mozilla/5.0 (compatible; Baiduspider/2.0; +http://www.baidu.com/search/spider.html)"
66.249.71.147 - - [23/Aug/2011:23:19:11 -0500] "GET /robots.txt HTTP/1.1" 200 85 "-" "Mozilla/5.0 (compatible; Googlebot/2.1; +http://www.google.com/bot.html)"
66.249.71.147 - - [23/Aug/2011:23:19:11 -0500] "GET /services/help-reinstate-albert-ellis HTTP/1.1" 200 6029 "-" "Mozilla/5.0 (compatible; Googlebot/2.1; +http://www.google.com/bot.html)"
66.249.71.147 - - [24/Aug/2011:00:18:58 -0500] "GET /services/books-articles HTTP/1.1" 200 6438 "-" "Mozilla/5.0 (compatible; Googlebot/2.1; +http://www.google.com/bot.html)"
66.249.71.147 - - [24/Aug/2011:02:21:10 -0500] "GET /journal/table-of-contents/vol-1-no-3 HTTP/1.1" 200 5750 "-" "Mozilla/5.0 (compatible; Googlebot/2.1; +http://www.google.com/bot.html)"
184.106.111.192 - - [24/Aug/2011:02:21:10 -0500] "POST /wp-cron.php?doing_wp_cron HTTP/1.0" 200 - "-" "WordPress/3.0.4; http://npcassoc.org"
119.63.196.74 - - [24/Aug/2011:02:41:37 -0500] "GET / HTTP/1.1" 200 6539 "-" "Mozilla/5.0 (compatible; Baiduspider/2.0; +http://www.baidu.com/search/spider.html)"
66.249.68.248 - - [24/Aug/2011:08:07:05 -0500] "GET /robots.txt HTTP/1.1" 200 85 "-" "Mozilla/5.0 (compatible; Googlebot/2.1; +http://www.google.com/bot.html)"
66.249.68.248 - - [24/Aug/2011:08:07:05 -0500] "GET /wp-includes/js/comment-reply.js?ver=20090102 HTTP/1.1" 200 786 "http://npcassoc.org/journal/editors" "Mozilla/5.0 (compatible; Googlebot/2.1; +http://www.google.com/bot.html)"
66.249.68.248 - - [24/Aug/2011:09:53:31 -0500] "GET /journal/table-of-contents HTTP/1.1" 200 5492 "-" "Mozilla/5.0 (compatible; Googlebot/2.1; +http://www.google.com/bot.html)"
119.63.196.13 - - [24/Aug/2011:10:18:17 -0500] "GET /feed HTTP/1.1" 304 - "-" "Mozilla/5.0 (compatible; Baiduspider/2.0; +http://www.baidu.com/search/spider.html)"
123.125.71.110 - - [24/Aug/2011:11:51:42 -0500] "GET / HTTP/1.1" 200 27118 "-" "Mozilla/5.0 (compatible; Baiduspider/2.0; +http://www.baidu.com/search/spider.html)"
220.181.108.181 - - [24/Aug/2011:11:52:42 -0500] "GET / HTTP/1.1" 200 27118 "-" "Mozilla/5.0 (compatible; Baiduspider/2.0; +http://www.baidu.com/search/spider.html)"
184.106.111.192 - - [24/Aug/2011:13:11:26 -0500] "POST /wp-cron.php?doing_wp_cron HTTP/1.0" 200 - "-" "WordPress/3.0.4; http://npcassoc.org"
209.85.224.80 - - [24/Aug/2011:13:11:26 -0500] "GET /journal/table-of-contents/vol-2-no-3 HTTP/1.1" 200 5711 "-" "Mozilla/5.0 (X11; Linux x86_64) AppleWebKit/534.24 (KHTML, like Gecko; Google Web Preview) Chrome/11.0.696 Safari/534.24"
209.85.224.96 - - [24/Aug/2011:13:11:27 -0500] "GET /wp-includes/js/comment-reply.js?ver=20090102 HTTP/1.1" 200 786 "http://npcassoc.org/journal/table-of-contents/vol-2-no-3" "Mozilla/5.0 (X11; Linux x86_64) AppleWebKit/534.24 (KHTML, like Gecko; Google Web Preview) Chrome/11.0.696 Safari/534.24"
209.85.224.86 - - [24/Aug/2011:13:11:27 -0500] "GET /wp-includes/js/jquery/jquery.js?ver=1.4.2 HTTP/1.1" 200 72194 "http://npcassoc.org/journal/table-of-contents/vol-2-no-3" "Mozilla/5.0 (X11; Linux x86_64) AppleWebKit/534.24 (KHTML, like Gecko; Google Web Preview) Chrome/11.0.696 Safari/534.24"
209.85.224.93 - - [24/Aug/2011:13:11:28 -0500] "GET /wp-content/themes/genesis/lib/js/menu/superfish.args.js?ver=1.4.1 HTTP/1.1" 200 339 "http://npcassoc.org/journal/table-of-contents/vol-2-no-3" "Mozilla/5.0 (X11; Linux x86_64) AppleWebKit/534.24 (KHTML, like Gecko; Google Web Preview) Chrome/11.0.696 Safari/534.24"
209.85.224.83 - - [24/Aug/2011:13:11:28 -0500] "GET /wp-content/themes/education/style.css HTTP/1.1" 200 30200 "http://npcassoc.org/journal/table-of-contents/vol-2-no-3" "Mozilla/5.0 (X11; Linux x86_64) AppleWebKit/534.24 (KHTML, like Gecko; Google Web Preview) Chrome/11.0.696 Safari/534.24"
209.85.224.96 - - [24/Aug/2011:13:11:28 -0500] "GET /wp-content/themes/education/images/sidebar-list.png HTTP/1.1" 200 393 "http://npcassoc.org/journal/table-of-contents/vol-2-no-3" "Mozilla/5.0 (X11; Linux x86_64) AppleWebKit/534.24 (KHTML, like Gecko; Google Web Preview) Chrome/11.0.696 Safari/534.24"
209.85.224.80 - - [24/Aug/2011:13:11:28 -0500] "GET /wp-content/themes/education/images/bg.png HTTP/1.1" 200 223 "http://npcassoc.org/journal/table-of-contents/vol-2-no-3" "Mozilla/5.0 (X11; Linux x86_64) AppleWebKit/534.24 (KHTML, like Gecko; Google Web Preview) Chrome/11.0.696 Safari/534.24"
209.85.224.83 - - [24/Aug/2011:13:11:29 -0500] "GET /wp-content/themes/genesis/lib/js/menu/superfish.js?ver=1.4.8 HTTP/1.1" 200 3083 "http://npcassoc.org/journal/table-of-contents/vol-2-no-3" "Mozilla/5.0 (X11; Linux x86_64) AppleWebKit/534.24 (KHTML, like Gecko; Google Web Preview) Chrome/11.0.696 Safari/534.24"
