76.108.110.119 - - [05/Sep/2011:15:40:42 -0500] "GET /wp-content/themes/education/images/inner.png HTTP/1.1" 304 - "http://npcassoc.org/application" "Mozilla/4.0 (compatible; MSIE 8.0; Windows NT 6.1; WOW64; Trident/4.0; GTB7.1; SLCC2; .NET CLR 2.0.50727; .NET CLR 3.5.30729; .NET CLR 3.0.30729; Media Center PC 6.0; MALN; InfoPath.2)"
76.108.110.119 - - [05/Sep/2011:15:40:45 -0500] "GET /wp-content/themes/education/images/navhov.png HTTP/1.1" 304 - "http://npcassoc.org/documents" "Mozilla/4.0 (compatible; MSIE 8.0; Windows NT 6.1; WOW64; Trident/4.0; GTB7.1; SLCC2; .NET CLR 2.0.50727; .NET CLR 3.5.30729; .NET CLR 3.0.30729; Media Center PC 6.0; MALN; InfoPath.2)"
76.108.110.119 - - [05/Sep/2011:15:40:48 -0500] "GET /docs/Policy.pdf HTTP/1.1" 304 - "http://npcassoc.org/documents" "Mozilla/4.0 (compatible; MSIE 8.0; Windows NT 6.1; WOW64; Trident/4.0; GTB7.1; SLCC2; .NET CLR 2.0.50727; .NET CLR 3.5.30729; .NET CLR 3.0.30729; Media Center PC 6.0; MALN; InfoPath.2)"
66.249.72.33 - - [05/Sep/2011:15:44:14 -0500] "GET /journal/table-of-contents HTTP/1.1" 200 5492 "-" "Mozilla/5.0 (compatible; Googlebot/2.1; +http://www.google.com/bot.html)"
76.108.110.119 - - [05/Sep/2011:15:47:49 -0500] "GET /docs/ijpp/TaylorOnCohen.pdf HTTP/1.1" 200 85197 "-" "Mozilla/4.0 (compatible; MSIE 7.0; Windows NT 6.1; WOW64; Trident/4.0; GTB7.1; SLCC2; .NET CLR 2.0.50727; .NET CLR 3.5.30729; .NET CLR 3.0.30729; Media Center PC 6.0; MALN; InfoPath.2)"
76.108.110.119 - - [05/Sep/2011:15:47:51 -0500] "GET /docs/ijpp/TaylorOnCohen.pdf HTTP/1.1" 200 85197 "-" "Mozilla/4.0 (compatible; MSIE 8.0; Windows NT 6.1; WOW64; Trident/4.0; GTB7.1; SLCC2; .NET CLR 2.0.50727; .NET CLR 3.5.30729; .NET CLR 3.0.30729; Media Center PC 6.0; MALN; InfoPath.2)"
119.63.196.78 - - [05/Sep/2011:17:03:30 -0500] "GET /services/albert-ellis-foundation-alliance HTTP/1.1" 200 6917 "-" "Mozilla/5.0 (compatible; Baiduspider/2.0; +http://www.baidu.com/search/spider.html)"
66.249.72.33 - - [05/Sep/2011:17:44:35 -0500] "GET /journal/ijpp-profile HTTP/1.1" 200 6750 "-" "Mozilla/5.0 (compatible; Googlebot/2.1; +http://www.google.com/bot.html)"
66.249.72.33 - - [05/Sep/2011:18:16:14 -0500] "GET /wp-includes/js/comment-reply.js?ver=20090102 HTTP/1.1" 200 786 "http://npcassoc.org/journal/ijpp-profile" "Mozilla/5.0 (compatible; Googlebot/2.1; +http://www.google.com/bot.html)"
66.249.72.33 - - [05/Sep/2011:18:44:42 -0500] "GET /journal/table-of-contents/vol-2-no-2 HTTP/1.1" 200 5774 "-" "Mozilla/5.0 (compatible; Googlebot/2.1; +http://www.google.com/bot.html)"
66.249.72.33 - - [05/Sep/2011:19:29:48 -0500] "GET /journal/table-of-contents/vol-1-no-1 HTTP/1.1" 200 5770 "-" "Mozilla/5.0 (compatible; Googlebot/2.1; +http://www.google.com/bot.html)"
66.249.72.33 - - [05/Sep/2011:19:44:49 -0500] "GET /journal/table-of-contents/vol-1-no-2 HTTP/1.1" 200 5706 "-" "Mozilla/5.0 (compatible; Googlebot/2.1; +http://www.google.com/bot.html)"
119.63.196.82 - - [05/Sep/2011:20:18:27 -0500] "GET /comments/feed HTTP/1.1" 404 468 "-" "Mozilla/5.0 (compatible; Baiduspider/2.0; +http://www.baidu.com/search/spider.html)"
66.249.72.33 - - [05/Sep/2011:20:45:15 -0500] "GET /journal/table-of-contents/vol-1-no-4 HTTP/1.1" 200 5877 "-" "Mozilla/5.0 (compatible; Googlebot/2.1; +http://www.google.com/bot.html)"
119.63.196.39 - - [05/Sep/2011:21:08:52 -0500] "GET /journal/table-of-contents/vol-2-no-2 HTTP/1.1" 200 5775 "-" "Mozilla/5.0 (compatible; Baiduspider/2.0; +http://www.baidu.com/search/spider.html)"
66.249.72.33 - - [05/Sep/2011:21:28:20 -0500] "GET /docs/ HTTP/1.1" 200 769 "-" "Mozilla/5.0 (compatible; Googlebot/2.1; +http://www.google.com/bot.html)"
66.249.72.33 - - [05/Sep/2011:21:45:05 -0500] "GET /journal/table-of-contents/vol-2-no-4 HTTP/1.1" 200 5707 "-" "Mozilla/5.0 (compatible; Googlebot/2.1; +http://www.google.com/bot.html)"
119.63.196.16 - - [05/Sep/2011:22:00:07 -0500] "GET /journal/table-of-contents/vol-2-no-4 HTTP/1.1" 200 5706 "-" "Mozilla/5.0 (compatible; Baiduspider/2.0; +http://www.baidu.com/search/spider.html)"
66.249.72.33 - - [05/Sep/2011:22:03:34 -0500] "GET /docs/ijpp/ HTTP/1.1" 200 1439 "-" "Mozilla/5.0 (compatible; Googlebot/2.1; +http://www.google.com/bot.html)"
180.76.5.25 - - [05/Sep/2011:22:53:54 -0500] "GET /journal/ijpp-profile HTTP/1.1" 200 6749 "-" "Mozilla/5.0 (compatible; Baiduspider/2.0; +http://www.baidu.com/search/spider.html)"
66.249.72.54 - - [05/Sep/2011:23:09:50 -0500] "GET /robots.txt HTTP/1.1" 200 85 "-" "Mozilla/5.0 (compatible; Googlebot/2.1; +http://www.google.com/bot.html)"
66.249.72.54 - - [05/Sep/2011:23:09:50 -0500] "GET /wp-admin/ HTTP/1.1" 302 20 "-" "Mozilla/5.0 (compatible; Googlebot/2.1; +http://www.google.com/bot.html)"
66.249.72.33 - - [05/Sep/2011:23:09:51 -0500] "GET /wp-login.php?redirect_to=http%3A%2F%2Fwww.npcassoc.org%2Fwp-admin%2F&reauth=1 HTTP/1.1" 200 971 "-" "Mozilla/5.0 (compatible; Googlebot/2.1; +http://www.google.com/bot.html)"
66.249.72.13 - - [05/Sep/2011:23:45:23 -0500] "GET /robots.txt HTTP/1.1" 200 85 "-" "Mozilla/5.0 (compatible; Googlebot/2.1; +http://www.google.com/bot.html)"
66.249.72.13 - - [05/Sep/2011:23:45:23 -0500] "GET /log/ HTTP/1.1" 200 542 "-" "Mozilla/5.0 (compatible; Googlebot/2.1; +http://www.google.com/bot.html)"
180.76.5.53 - - [06/Sep/2011:00:12:27 -0500] "GET /journal/featured-journals HTTP/1.1" 200 6882 "-" "Mozilla/5.0 (compatible; Baiduspider/2.0; +http://www.baidu.com/search/spider.html)"
180.76.5.146 - - [06/Sep/2011:02:51:00 -0500] "GET /journal/call-for-papers HTTP/1.1" 200 6024 "-" "Mozilla/5.0 (compatible; Baiduspider/2.0; +http://www.baidu.com/search/spider.html)"
184.106.111.192 - - [06/Sep/2011:02:51:01 -0500] "POST /wp-cron.php?doing_wp_cron HTTP/1.0" 200 - "-" "WordPress/3.0.4; http://npcassoc.org"
66.249.72.33 - - [06/Sep/2011:03:19:17 -0500] "GET /robots.txt HTTP/1.1" 200 85 "-" "Mozilla/5.0 (compatible; Googlebot/2.1; +http://www.google.com/bot.html)"
66.249.72.33 - - [06/Sep/2011:03:35:22 -0500] "GET /sitemap.xml.gz HTTP/1.1" 404 5650 "-" "Mozilla/5.0 (compatible; Googlebot/2.1; +http://www.google.com/bot.html)"
180.76.5.93 - - [06/Sep/2011:03:39:06 -0500] "GET /services/conferences HTTP/1.1" 200 6122 "-" "Mozilla/5.0 (compatible; Baiduspider/2.0; +http://www.baidu.com/search/spider.html)"
66.249.72.33 - - [06/Sep/2011:04:05:57 -0500] "GET /wp-admin/ HTTP/1.1" 302 20 "-" "Mozilla/5.0 (compatible; Googlebot/2.1; +http://www.google.com/bot.html)"
66.249.72.33 - - [06/Sep/2011:04:05:57 -0500] "GET /wp-login.php?redirect_to=http%3A%2F%2Fnpcassoc.org%2Fwp-admin%2F&reauth=1 HTTP/1.1" 200 968 "-" "Mozilla/5.0 (compatible; Googlebot/2.1; +http://www.google.com/bot.html)"
66.249.72.54 - - [06/Sep/2011:05:05:02 -0500] "GET /wp-admin/install.php HTTP/1.1" 200 502 "-" "Mozilla/5.0 (compatible; Googlebot/2.1; +http://www.google.com/bot.html)"
180.76.5.107 - - [06/Sep/2011:06:05:12 -0500] "GET /journal/table-of-contents/vol-2-no-1 HTTP/1.1" 200 5684 "-" "Mozilla/5.0 (compatible; Baiduspider/2.0; +http://www.baidu.com/search/spider.html)"
66.249.72.54 - - [06/Sep/2011:06:08:24 -0500] "GET /wp-login.php HTTP/1.1" 200 968 "-" "Mozilla/5.0 (compatible; Googlebot/2.1; +http://www.google.com/bot.html)"
66.249.72.54 - - [06/Sep/2011:07:50:48 -0500] "GET /wp-admin/install.php?step=2 HTTP/1.1" 200 502 "-" "Mozilla/5.0 (compatible; Googlebot/2.1; +http://www.google.com/bot.html)"
207.46.13.51 - - [06/Sep/2011:08:43:37 -0500] "GET /robots.txt HTTP/1.1" 200 69 "-" "Mozilla/5.0 (compatible; bingbot/2.0; +http://www.bing.com/bingbot.htm)"
207.46.13.51 - - [06/Sep/2011:08:44:37 -0500] "GET /sitemap.xml HTTP/1.1" 200 5430 "-" "Mozilla/5.0 (compatible; bingbot/2.0; +http://www.bing.com/bingbot.htm)"
180.76.5.154 - - [06/Sep/2011:09:42:18 -0500] "GET / HTTP/1.1" 200 6543 "-" "Mozilla/5.0 (compatible; Baiduspider/2.0; +http://www.baidu.com/search/spider.html)"
66.249.72.33 - - [06/Sep/2011:10:20:42 -0500] "GET /wp-admin/edit-comments.php HTTP/1.1" 302 20 "-" "Mozilla/5.0 (compatible; Googlebot/2.1; +http://www.google.com/bot.html)"
66.249.72.33 - - [06/Sep/2011:10:20:43 -0500] "GET /wp-login.php?redirect_to=http%3A%2F%2Fnpcassoc.org%2Fwp-admin%2Fedit-comments.php&reauth=1 HTTP/1.1" 200 979 "-" "Mozilla/5.0 (compatible; Googlebot/2.1; +http://www.google.com/bot.html)"
180.76.5.52 - - [06/Sep/2011:10:31:24 -0500] "GET /journal HTTP/1.1" 200 6626 "-" "Mozilla/5.0 (compatible; Baiduspider/2.0; +http://www.baidu.com/search/spider.html)"
64.56.91.45 - - [06/Sep/2011:10:59:11 -0500] "GET / HTTP/1.1" 200 6542 "-" "Mozilla/4.0 (compatible; MSIE 7.0; Windows NT 5.1; GTB7.1; .NET CLR 1.1.4322; .NET CLR 2.0.50727; InfoPath.2; .NET CLR 3.0.4506.2152; .NET CLR 3.5.30729)"
64.56.91.45 - - [06/Sep/2011:10:59:12 -0500] "GET /wp-content/themes/education/style.css HTTP/1.1" 200 30200 "http://npcassoc.org/" "Mozilla/4.0 (compatible; MSIE 7.0; Windows NT 5.1; GTB7.1; .NET CLR 1.1.4322; .NET CLR 2.0.50727; InfoPath.2; .NET CLR 3.0.4506.2152; .NET CLR 3.5.30729)"
64.56.91.45 - - [06/Sep/2011:10:59:12 -0500] "GET /wp-includes/js/jquery/jquery.js?ver=1.4.2 HTTP/1.1" 200 72194 "http://npcassoc.org/" "Mozilla/4.0 (compatible; MSIE 7.0; Windows NT 5.1; GTB7.1; .NET CLR 1.1.4322; .NET CLR 2.0.50727; InfoPath.2; .NET CLR 3.0.4506.2152; .NET CLR 3.5.30729)"
64.56.91.45 - - [06/Sep/2011:10:59:12 -0500] "GET /wp-content/themes/education/images/bg.png HTTP/1.1" 200 223 "http://npcassoc.org/" "Mozilla/4.0 (compatible; MSIE 7.0; Windows NT 5.1; GTB7.1; .NET CLR 1.1.4322; .NET CLR 2.0.50727; InfoPath.2; .NET CLR 3.0.4506.2152; .NET CLR 3.5.30729)"
64.56.91.45 - - [06/Sep/2011:10:59:12 -0500] "GET /wp-content/themes/education/images/nav.png HTTP/1.1" 200 193 "http://npcassoc.org/" "Mozilla/4.0 (compatible; MSIE 7.0; Windows NT 5.1; GTB7.1; .NET CLR 1.1.4322; .NET CLR 2.0.50727; InfoPath.2; .NET CLR 3.0.4506.2152; .NET CLR 3.5.30729)"
64.56.91.45 - - [06/Sep/2011:10:59:12 -0500] "GET /wp-content/themes/education/images/navline.png HTTP/1.1" 200 117 "http://npcassoc.org/" "Mozilla/4.0 (compatible; MSIE 7.0; Windows NT 5.1; GTB7.1; .NET CLR 1.1.4322; .NET CLR 2.0.50727; InfoPath.2; .NET CLR 3.0.4506.2152; .NET CLR 3.5.30729)"
64.56.91.45 - - [06/Sep/2011:10:59:12 -0500] "GET /wp-content/themes/education/images/inner.png HTTP/1.1" 200 148 "http://npcassoc.org/" "Mozilla/4.0 (compatible; MSIE 7.0; Windows NT 5.1; GTB7.1; .NET CLR 1.1.4322; .NET CLR 2.0.50727; InfoPath.2; .NET CLR 3.0.4506.2152; .NET CLR 3.5.30729)"
64.56.91.45 - - [06/Sep/2011:10:59:12 -0500] "GET /wp-content/themes/education/images/sidebar-top.png HTTP/1.1" 200 3738 "http://npcassoc.org/" "Mozilla/4.0 (compatible; MSIE 7.0; Windows NT 5.1; GTB7.1; .NET CLR 1.1.4322; .NET CLR 2.0.50727; InfoPath.2; .NET CLR 3.0.4506.2152; .NET CLR 3.5.30729)"
64.56.91.45 - - [06/Sep/2011:10:59:12 -0500] "GET /wp-content/themes/education/images/rss.png HTTP/1.1" 200 526 "http://npcassoc.org/" "Mozilla/4.0 (compatible; MSIE 7.0; Windows NT 5.1; GTB7.1; .NET CLR 1.1.4322; .NET CLR 2.0.50727; InfoPath.2; .NET CLR 3.0.4506.2152; .NET CLR 3.5.30729)"
64.56.91.45 - - [06/Sep/2011:10:59:12 -0500] "GET /wp-content/themes/education/images/content-top.png HTTP/1.1" 200 8240 "http://npcassoc.org/" "Mozilla/4.0 (compatible; MSIE 7.0; Windows NT 5.1; GTB7.1; .NET CLR 1.1.4322; .NET CLR 2.0.50727; InfoPath.2; .NET CLR 3.0.4506.2152; .NET CLR 3.5.30729)"
64.56.91.45 - - [06/Sep/2011:10:59:12 -0500] "GET /wp-content/themes/genesis/lib/js/menu/superfish.js?ver=1.4.8 HTTP/1.1" 200 3083 "http://npcassoc.org/" "Mozilla/4.0 (compatible; MSIE 7.0; Windows NT 5.1; GTB7.1; .NET CLR 1.1.4322; .NET CLR 2.0.50727; InfoPath.2; .NET CLR 3.0.4506.2152; .NET CLR 3.5.30729)"
64.56.91.45 - - [06/Sep/2011:10:59:12 -0500] "GET /wp-content/themes/education/images/sidebar-list.png HTTP/1.1" 200 393 "http://npcassoc.org/" "Mozilla/4.0 (compatible; MSIE 7.0; Windows NT 5.1; GTB7.1; .NET CLR 1.1.4322; .NET CLR 2.0.50727; InfoPath.2; .NET CLR 3.0.4506.2152; .NET CLR 3.5.30729)"
64.56.91.45 - - [06/Sep/2011:10:59:12 -0500] "GET /wp-content/themes/education/images/footer.png HTTP/1.1" 200 118 "http://npcassoc.org/" "Mozilla/4.0 (compatible; MSIE 7.0; Windows NT 5.1; GTB7.1; .NET CLR 1.1.4322; .NET CLR 2.0.50727; InfoPath.2; .NET CLR 3.0.4506.2152; .NET CLR 3.5.30729)"
64.56.91.45 - - [06/Sep/2011:10:59:12 -0500] "GET /wp-content/themes/education/images/footer-top.png HTTP/1.1" 200 195 "http://npcassoc.org/" "Mozilla/4.0 (compatible; MSIE 7.0; Windows NT 5.1; GTB7.1; .NET CLR 1.1.4322; .NET CLR 2.0.50727; InfoPath.2; .NET CLR 3.0.4506.2152; .NET CLR 3.5.30729)"
64.56.91.45 - - [06/Sep/2011:10:59:12 -0500] "GET /wp-content/themes/genesis/lib/js/menu/superfish.args.js?ver=1.4.1 HTTP/1.1" 200 339 "http://npcassoc.org/" "Mozilla/4.0 (compatible; MSIE 7.0; Windows NT 5.1; GTB7.1; .NET CLR 1.1.4322; .NET CLR 2.0.50727; InfoPath.2; .NET CLR 3.0.4506.2152; .NET CLR 3.5.30729)"
64.56.91.45 - - [06/Sep/2011:10:59:12 -0500] "GET /wp-content/themes/education/images/favicon.ico HTTP/1.1" 200 1150 "-" "Mozilla/4.0 (compatible; MSIE 7.0; Windows NT 5.1; GTB7.1; .NET CLR 1.1.4322; .NET CLR 2.0.50727; InfoPath.2; .NET CLR 3.0.4506.2152; .NET CLR 3.5.30729)"
64.56.91.45 - - [06/Sep/2011:10:59:13 -0500] "GET /wp-content/themes/education/images/arrow-right.png HTTP/1.1" 200 163 "http://npcassoc.org/" "Mozilla/4.0 (compatible; MSIE 7.0; Windows NT 5.1; GTB7.1; .NET CLR 1.1.4322; .NET CLR 2.0.50727; InfoPath.2; .NET CLR 3.0.4506.2152; .NET CLR 3.5.30729)"
64.56.91.45 - - [06/Sep/2011:10:59:13 -0500] "GET /wp-content/themes/education/images/arrow-down.png HTTP/1.1" 200 159 "http://npcassoc.org/" "Mozilla/4.0 (compatible; MSIE 7.0; Windows NT 5.1; GTB7.1; .NET CLR 1.1.4322; .NET CLR 2.0.50727; InfoPath.2; .NET CLR 3.0.4506.2152; .NET CLR 3.5.30729)"
64.56.91.45 - - [06/Sep/2011:10:59:13 -0500] "GET /wp-content/themes/education/images/navhov.png HTTP/1.1" 200 161 "http://npcassoc.org/" "Mozilla/4.0 (compatible; MSIE 7.0; Windows NT 5.1; GTB7.1; .NET CLR 1.1.4322; .NET CLR 2.0.50727; InfoPath.2; .NET CLR 3.0.4506.2152; .NET CLR 3.5.30729)"
64.56.91.45 - - [06/Sep/2011:10:59:26 -0500] "GET /journal/table-of-contents HTTP/1.1" 200 5492 "http://npcassoc.org/" "Mozilla/4.0 (compatible; MSIE 7.0; Windows NT 5.1; GTB7.1; .NET CLR 1.1.4322; .NET CLR 2.0.50727; InfoPath.2; .NET CLR 3.0.4506.2152; .NET CLR 3.5.30729)"
64.56.91.45 - - [06/Sep/2011:10:59:27 -0500] "GET /wp-includes/js/comment-reply.js?ver=20090102 HTTP/1.1" 200 786 "http://npcassoc.org/journal/table-of-contents" "Mozilla/4.0 (compatible; MSIE 7.0; Windows NT 5.1; GTB7.1; .NET CLR 1.1.4322; .NET CLR 2.0.50727; InfoPath.2; .NET CLR 3.0.4506.2152; .NET CLR 3.5.30729)"
64.56.91.45 - - [06/Sep/2011:10:59:36 -0500] "GET /journal/table-of-contents/vol-2-no-4 HTTP/1.1" 200 5706 "http://npcassoc.org/journal/table-of-contents" "Mozilla/4.0 (compatible; MSIE 7.0; Windows NT 5.1; GTB7.1; .NET CLR 1.1.4322; .NET CLR 2.0.50727; InfoPath.2; .NET CLR 3.0.4506.2152; .NET CLR 3.5.30729)"
64.56.91.45 - - [06/Sep/2011:10:59:57 -0500] "GET /journal HTTP/1.1" 200 6627 "http://npcassoc.org/journal/table-of-contents" "Mozilla/4.0 (compatible; MSIE 7.0; Windows NT 5.1; GTB7.1; .NET CLR 1.1.4322; .NET CLR 2.0.50727; InfoPath.2; .NET CLR 3.0.4506.2152; .NET CLR 3.5.30729)"
64.56.91.45 - - [06/Sep/2011:11:00:09 -0500] "GET /journal/table-of-contents/vol-2-no-3 HTTP/1.1" 200 5712 "http://npcassoc.org/journal" "Mozilla/4.0 (compatible; MSIE 7.0; Windows NT 5.1; GTB7.1; .NET CLR 1.1.4322; .NET CLR 2.0.50727; InfoPath.2; .NET CLR 3.0.4506.2152; .NET CLR 3.5.30729)"
64.56.91.45 - - [06/Sep/2011:11:00:24 -0500] "GET /journal/table-of-contents/vol-2-no-2 HTTP/1.1" 200 5774 "http://npcassoc.org/journal/table-of-contents/vol-2-no-3" "Mozilla/4.0 (compatible; MSIE 7.0; Windows NT 5.1; GTB7.1; .NET CLR 1.1.4322; .NET CLR 2.0.50727; InfoPath.2; .NET CLR 3.0.4506.2152; .NET CLR 3.5.30729)"
64.56.91.45 - - [06/Sep/2011:11:00:39 -0500] "GET /favicon.ico HTTP/1.1" 200 - "-" "Mozilla/4.0 (compatible; MSIE 7.0; Windows NT 5.1; GTB7.1; .NET CLR 1.1.4322; .NET CLR 2.0.50727; InfoPath.2; .NET CLR 3.0.4506.2152; .NET CLR 3.5.30729)"
64.56.91.45 - - [06/Sep/2011:11:00:39 -0500] "GET /docs/ijpp/CohenTeeth.pdf HTTP/1.1" 200 122877 "http://npcassoc.org/journal/table-of-contents/vol-2-no-2" "Mozilla/4.0 (compatible; MSIE 7.0; Windows NT 5.1; GTB7.1; .NET CLR 1.1.4322; .NET CLR 2.0.50727; InfoPath.2; .NET CLR 3.0.4506.2152; .NET CLR 3.5.30729)"
64.56.91.45 - - [06/Sep/2011:11:06:25 -0500] "GET /wp-content/themes/education/images/navhov.png HTTP/1.1" 304 - "http://npcassoc.org/journal/table-of-contents/vol-2-no-2" "Mozilla/4.0 (compatible; MSIE 7.0; Windows NT 5.1; GTB7.1; .NET CLR 1.1.4322; .NET CLR 2.0.50727; InfoPath.2; .NET CLR 3.0.4506.2152; .NET CLR 3.5.30729)"
64.56.91.45 - - [06/Sep/2011:11:06:37 -0500] "GET /journal/table-of-contents/vol-2-no-3 HTTP/1.1" 200 5711 "http://npcassoc.org/journal/table-of-contents/vol-2-no-2" "Mozilla/4.0 (compatible; MSIE 7.0; Windows NT 5.1; GTB7.1; .NET CLR 1.1.4322; .NET CLR 2.0.50727; InfoPath.2; .NET CLR 3.0.4506.2152; .NET CLR 3.5.30729)"
64.56.91.45 - - [06/Sep/2011:11:06:37 -0500] "GET /wp-includes/js/comment-reply.js?ver=20090102 HTTP/1.1" 304 - "http://npcassoc.org/journal/table-of-contents/vol-2-no-3" "Mozilla/4.0 (compatible; MSIE 7.0; Windows NT 5.1; GTB7.1; .NET CLR 1.1.4322; .NET CLR 2.0.50727; InfoPath.2; .NET CLR 3.0.4506.2152; .NET CLR 3.5.30729)"
64.56.91.45 - - [06/Sep/2011:11:06:37 -0500] "GET /wp-content/themes/education/style.css HTTP/1.1" 304 - "http://npcassoc.org/journal/table-of-contents/vol-2-no-3" "Mozilla/4.0 (compatible; MSIE 7.0; Windows NT 5.1; GTB7.1; .NET CLR 1.1.4322; .NET CLR 2.0.50727; InfoPath.2; .NET CLR 3.0.4506.2152; .NET CLR 3.5.30729)"
64.56.91.45 - - [06/Sep/2011:11:06:37 -0500] "GET /wp-includes/js/jquery/jquery.js?ver=1.4.2 HTTP/1.1" 304 - "http://npcassoc.org/journal/table-of-contents/vol-2-no-3" "Mozilla/4.0 (compatible; MSIE 7.0; Windows NT 5.1; GTB7.1; .NET CLR 1.1.4322; .NET CLR 2.0.50727; InfoPath.2; .NET CLR 3.0.4506.2152; .NET CLR 3.5.30729)"
64.56.91.45 - - [06/Sep/2011:11:06:38 -0500] "GET /wp-content/themes/education/images/bg.png HTTP/1.1" 304 - "http://npcassoc.org/journal/table-of-contents/vol-2-no-3" "Mozilla/4.0 (compatible; MSIE 7.0; Windows NT 5.1; GTB7.1; .NET CLR 1.1.4322; .NET CLR 2.0.50727; InfoPath.2; .NET CLR 3.0.4506.2152; .NET CLR 3.5.30729)"
64.56.91.45 - - [06/Sep/2011:11:06:38 -0500] "GET /wp-content/themes/education/images/nav.png HTTP/1.1" 304 - "http://npcassoc.org/journal/table-of-contents/vol-2-no-3" "Mozilla/4.0 (compatible; MSIE 7.0; Windows NT 5.1; GTB7.1; .NET CLR 1.1.4322; .NET CLR 2.0.50727; InfoPath.2; .NET CLR 3.0.4506.2152; .NET CLR 3.5.30729)"
64.56.91.45 - - [06/Sep/2011:11:06:38 -0500] "GET /wp-content/themes/education/images/navline.png HTTP/1.1" 304 - "http://npcassoc.org/journal/table-of-contents/vol-2-no-3" "Mozilla/4.0 (compatible; MSIE 7.0; Windows NT 5.1; GTB7.1; .NET CLR 1.1.4322; .NET CLR 2.0.50727; InfoPath.2; .NET CLR 3.0.4506.2152; .NET CLR 3.5.30729)"
64.56.91.45 - - [06/Sep/2011:11:06:38 -0500] "GET /wp-content/themes/education/images/inner.png HTTP/1.1" 304 - "http://npcassoc.org/journal/table-of-contents/vol-2-no-3" "Mozilla/4.0 (compatible; MSIE 7.0; Windows NT 5.1; GTB7.1; .NET CLR 1.1.4322; .NET CLR 2.0.50727; InfoPath.2; .NET CLR 3.0.4506.2152; .NET CLR 3.5.30729)"
64.56.91.45 - - [06/Sep/2011:11:06:38 -0500] "GET /wp-content/themes/education/images/content-top.png HTTP/1.1" 304 - "http://npcassoc.org/journal/table-of-contents/vol-2-no-3" "Mozilla/4.0 (compatible; MSIE 7.0; Windows NT 5.1; GTB7.1; .NET CLR 1.1.4322; .NET CLR 2.0.50727; InfoPath.2; .NET CLR 3.0.4506.2152; .NET CLR 3.5.30729)"
64.56.91.45 - - [06/Sep/2011:11:06:38 -0500] "GET /wp-content/themes/education/images/sidebar-top.png HTTP/1.1" 304 - "http://npcassoc.org/journal/table-of-contents/vol-2-no-3" "Mozilla/4.0 (compatible; MSIE 7.0; Windows NT 5.1; GTB7.1; .NET CLR 1.1.4322; .NET CLR 2.0.50727; InfoPath.2; .NET CLR 3.0.4506.2152; .NET CLR 3.5.30729)"
64.56.91.45 - - [06/Sep/2011:11:06:38 -0500] "GET /wp-content/themes/education/images/rss.png HTTP/1.1" 304 - "http://npcassoc.org/journal/table-of-contents/vol-2-no-3" "Mozilla/4.0 (compatible; MSIE 7.0; Windows NT 5.1; GTB7.1; .NET CLR 1.1.4322; .NET CLR 2.0.50727; InfoPath.2; .NET CLR 3.0.4506.2152; .NET CLR 3.5.30729)"
64.56.91.45 - - [06/Sep/2011:11:06:38 -0500] "GET /wp-content/themes/genesis/lib/js/menu/superfish.js?ver=1.4.8 HTTP/1.1" 304 - "http://npcassoc.org/journal/table-of-contents/vol-2-no-3" "Mozilla/4.0 (compatible; MSIE 7.0; Windows NT 5.1; GTB7.1; .NET CLR 1.1.4322; .NET CLR 2.0.50727; InfoPath.2; .NET CLR 3.0.4506.2152; .NET CLR 3.5.30729)"
64.56.91.45 - - [06/Sep/2011:11:06:38 -0500] "GET /wp-content/themes/education/images/sidebar-list.png HTTP/1.1" 304 - "http://npcassoc.org/journal/table-of-contents/vol-2-no-3" "Mozilla/4.0 (compatible; MSIE 7.0; Windows NT 5.1; GTB7.1; .NET CLR 1.1.4322; .NET CLR 2.0.50727; InfoPath.2; .NET CLR 3.0.4506.2152; .NET CLR 3.5.30729)"
64.56.91.45 - - [06/Sep/2011:11:06:38 -0500] "GET /wp-content/themes/education/images/footer.png HTTP/1.1" 304 - "http://npcassoc.org/journal/table-of-contents/vol-2-no-3" "Mozilla/4.0 (compatible; MSIE 7.0; Windows NT 5.1; GTB7.1; .NET CLR 1.1.4322; .NET CLR 2.0.50727; InfoPath.2; .NET CLR 3.0.4506.2152; .NET CLR 3.5.30729)"
64.56.91.45 - - [06/Sep/2011:11:06:38 -0500] "GET /wp-content/themes/education/images/footer-top.png HTTP/1.1" 304 - "http://npcassoc.org/journal/table-of-contents/vol-2-no-3" "Mozilla/4.0 (compatible; MSIE 7.0; Windows NT 5.1; GTB7.1; .NET CLR 1.1.4322; .NET CLR 2.0.50727; InfoPath.2; .NET CLR 3.0.4506.2152; .NET CLR 3.5.30729)"
64.56.91.45 - - [06/Sep/2011:11:06:38 -0500] "GET /wp-content/themes/genesis/lib/js/menu/superfish.args.js?ver=1.4.1 HTTP/1.1" 304 - "http://npcassoc.org/journal/table-of-contents/vol-2-no-3" "Mozilla/4.0 (compatible; MSIE 7.0; Windows NT 5.1; GTB7.1; .NET CLR 1.1.4322; .NET CLR 2.0.50727; InfoPath.2; .NET CLR 3.0.4506.2152; .NET CLR 3.5.30729)"
64.56.91.45 - - [06/Sep/2011:11:06:38 -0500] "GET /wp-content/themes/education/images/arrow-right.png HTTP/1.1" 304 - "http://npcassoc.org/journal/table-of-contents/vol-2-no-3" "Mozilla/4.0 (compatible; MSIE 7.0; Windows NT 5.1; GTB7.1; .NET CLR 1.1.4322; .NET CLR 2.0.50727; InfoPath.2; .NET CLR 3.0.4506.2152; .NET CLR 3.5.30729)"
64.56.91.45 - - [06/Sep/2011:11:06:38 -0500] "GET /wp-content/themes/education/images/arrow-down.png HTTP/1.1" 304 - "http://npcassoc.org/journal/table-of-contents/vol-2-no-3" "Mozilla/4.0 (compatible; MSIE 7.0; Windows NT 5.1; GTB7.1; .NET CLR 1.1.4322; .NET CLR 2.0.50727; InfoPath.2; .NET CLR 3.0.4506.2152; .NET CLR 3.5.30729)"
64.56.91.45 - - [06/Sep/2011:11:06:51 -0500] "GET /journal/table-of-contents/vol-2-no-4 HTTP/1.1" 200 5707 "http://npcassoc.org/journal/table-of-contents/vol-2-no-3" "Mozilla/4.0 (compatible; MSIE 7.0; Windows NT 5.1; GTB7.1; .NET CLR 1.1.4322; .NET CLR 2.0.50727; InfoPath.2; .NET CLR 3.0.4506.2152; .NET CLR 3.5.30729)"
64.56.91.45 - - [06/Sep/2011:11:07:02 -0500] "GET /journal/table-of-contents/vol-3-no-1 HTTP/1.1" 200 5861 "http://npcassoc.org/journal/table-of-contents/vol-2-no-4" "Mozilla/4.0 (compatible; MSIE 7.0; Windows NT 5.1; GTB7.1; .NET CLR 1.1.4322; .NET CLR 2.0.50727; InfoPath.2; .NET CLR 3.0.4506.2152; .NET CLR 3.5.30729)"
64.56.91.45 - - [06/Sep/2011:11:07:31 -0500] "GET /journal/table-of-contents/vol-2-no-1 HTTP/1.1" 200 5684 "http://npcassoc.org/journal/table-of-contents/vol-3-no-1" "Mozilla/4.0 (compatible; MSIE 7.0; Windows NT 5.1; GTB7.1; .NET CLR 1.1.4322; .NET CLR 2.0.50727; InfoPath.2; .NET CLR 3.0.4506.2152; .NET CLR 3.5.30729)"
64.56.91.45 - - [06/Sep/2011:11:07:41 -0500] "GET /journal/table-of-contents/vol-2-no-2 HTTP/1.1" 200 5774 "http://npcassoc.org/journal/table-of-contents/vol-2-no-1" "Mozilla/4.0 (compatible; MSIE 7.0; Windows NT 5.1; GTB7.1; .NET CLR 1.1.4322; .NET CLR 2.0.50727; InfoPath.2; .NET CLR 3.0.4506.2152; .NET CLR 3.5.30729)"
64.56.91.45 - - [06/Sep/2011:11:07:50 -0500] "GET /journal/table-of-contents/vol-3-no-1 HTTP/1.1" 200 5862 "http://npcassoc.org/journal/table-of-contents/vol-2-no-2" "Mozilla/4.0 (compatible; MSIE 7.0; Windows NT 5.1; GTB7.1; .NET CLR 1.1.4322; .NET CLR 2.0.50727; InfoPath.2; .NET CLR 3.0.4506.2152; .NET CLR 3.5.30729)"
64.56.91.45 - - [06/Sep/2011:11:08:00 -0500] "GET /journal/table-of-contents/vol-1-no-4 HTTP/1.1" 200 5877 "http://npcassoc.org/journal/table-of-contents/vol-3-no-1" "Mozilla/4.0 (compatible; MSIE 7.0; Windows NT 5.1; GTB7.1; .NET CLR 1.1.4322; .NET CLR 2.0.50727; InfoPath.2; .NET CLR 3.0.4506.2152; .NET CLR 3.5.30729)"
64.56.91.45 - - [06/Sep/2011:11:08:09 -0500] "GET /journal/table-of-contents/vol-2-no-1 HTTP/1.1" 200 5684 "http://npcassoc.org/journal/table-of-contents/vol-1-no-4" "Mozilla/4.0 (compatible; MSIE 7.0; Windows NT 5.1; GTB7.1; .NET CLR 1.1.4322; .NET CLR 2.0.50727; InfoPath.2; .NET CLR 3.0.4506.2152; .NET CLR 3.5.30729)"
64.56.91.45 - - [06/Sep/2011:11:08:24 -0500] "GET /journal/table-of-contents/vol-2-no-2 HTTP/1.1" 200 5774 "http://npcassoc.org/journal/table-of-contents/vol-2-no-1" "Mozilla/4.0 (compatible; MSIE 7.0; Windows NT 5.1; GTB7.1; .NET CLR 1.1.4322; .NET CLR 2.0.50727; InfoPath.2; .NET CLR 3.0.4506.2152; .NET CLR 3.5.30729)"
64.56.91.45 - - [06/Sep/2011:11:08:35 -0500] "GET /docs/ijpp/ZinaichOnAchenbach.pdf HTTP/1.1" 200 129478 "http://npcassoc.org/journal/table-of-contents/vol-2-no-2" "Mozilla/4.0 (compatible; MSIE 7.0; Windows NT 5.1; GTB7.1; .NET CLR 1.1.4322; .NET CLR 2.0.50727; InfoPath.2; .NET CLR 3.0.4506.2152; .NET CLR 3.5.30729)"
66.249.72.33 - - [06/Sep/2011:11:13:26 -0500] "GET /wp-admin/edit.php?post_type=page&paged=1 HTTP/1.1" 302 20 "-" "Mozilla/5.0 (compatible; Googlebot/2.1; +http://www.google.com/bot.html)"
66.249.72.33 - - [06/Sep/2011:11:13:27 -0500] "GET /wp-login.php?redirect_to=http%3A%2F%2Fnpcassoc.org%2Fwp-admin%2Fedit.php%3Fpost_type%3Dpage%26paged%3D1&reauth=1 HTTP/1.1" 200 989 "-" "Mozilla/5.0 (compatible; Googlebot/2.1; +http://www.google.com/bot.html)"
180.76.5.179 - - [06/Sep/2011:11:19:44 -0500] "GET /services/albert-ellis-foundation-alliance HTTP/1.1" 200 6917 "-" "Mozilla/5.0 (compatible; Baiduspider/2.0; +http://www.baidu.com/search/spider.html)"
123.125.71.110 - - [06/Sep/2011:11:20:43 -0500] "GET / HTTP/1.1" 200 6543 "-" "Mozilla/5.0 (compatible; Baiduspider/2.0; +http://www.baidu.com/search/spider.html)"
184.106.111.192 - - [06/Sep/2011:12:49:21 -0500] "POST /wp-cron.php?doing_wp_cron HTTP/1.0" 200 - "-" "WordPress/3.0.4; http://npcassoc.org"
180.76.5.144 - - [06/Sep/2011:12:49:21 -0500] "GET /journal/table-of-contents/vol-1-no-4 HTTP/1.1" 200 5877 "-" "Mozilla/5.0 (compatible; Baiduspider/2.0; +http://www.baidu.com/search/spider.html)"
64.56.91.45 - - [06/Sep/2011:14:07:37 -0500] "GET / HTTP/1.1" 301 20 "-" "Mozilla/4.0 (compatible; MSIE 7.0; Windows NT 5.1; GTB7.1; .NET CLR 1.1.4322; .NET CLR 2.0.50727; InfoPath.2; .NET CLR 3.0.4506.2152; .NET CLR 3.5.30729)"
64.56.91.45 - - [06/Sep/2011:14:07:38 -0500] "GET / HTTP/1.1" 200 6542 "-" "Mozilla/4.0 (compatible; MSIE 7.0; Windows NT 5.1; GTB7.1; .NET CLR 1.1.4322; .NET CLR 2.0.50727; InfoPath.2; .NET CLR 3.0.4506.2152; .NET CLR 3.5.30729)"
64.56.91.45 - - [06/Sep/2011:14:07:38 -0500] "GET /wp-includes/js/jquery/jquery.js?ver=1.4.2 HTTP/1.1" 304 - "http://npcassoc.org/" "Mozilla/4.0 (compatible; MSIE 7.0; Windows NT 5.1; GTB7.1; .NET CLR 1.1.4322; .NET CLR 2.0.50727; InfoPath.2; .NET CLR 3.0.4506.2152; .NET CLR 3.5.30729)"
64.56.91.45 - - [06/Sep/2011:14:07:38 -0500] "GET /wp-content/themes/education/style.css HTTP/1.1" 304 - "http://npcassoc.org/" "Mozilla/4.0 (compatible; MSIE 7.0; Windows NT 5.1; GTB7.1; .NET CLR 1.1.4322; .NET CLR 2.0.50727; InfoPath.2; .NET CLR 3.0.4506.2152; .NET CLR 3.5.30729)"
64.56.91.45 - - [06/Sep/2011:14:07:39 -0500] "GET /wp-content/themes/education/images/bg.png HTTP/1.1" 304 - "http://npcassoc.org/" "Mozilla/4.0 (compatible; MSIE 7.0; Windows NT 5.1; GTB7.1; .NET CLR 1.1.4322; .NET CLR 2.0.50727; InfoPath.2; .NET CLR 3.0.4506.2152; .NET CLR 3.5.30729)"
64.56.91.45 - - [06/Sep/2011:14:07:39 -0500] "GET /wp-content/themes/education/images/nav.png HTTP/1.1" 304 - "http://npcassoc.org/" "Mozilla/4.0 (compatible; MSIE 7.0; Windows NT 5.1; GTB7.1; .NET CLR 1.1.4322; .NET CLR 2.0.50727; InfoPath.2; .NET CLR 3.0.4506.2152; .NET CLR 3.5.30729)"
64.56.91.45 - - [06/Sep/2011:14:07:39 -0500] "GET /wp-content/themes/education/images/navline.png HTTP/1.1" 304 - "http://npcassoc.org/" "Mozilla/4.0 (compatible; MSIE 7.0; Windows NT 5.1; GTB7.1; .NET CLR 1.1.4322; .NET CLR 2.0.50727; InfoPath.2; .NET CLR 3.0.4506.2152; .NET CLR 3.5.30729)"
64.56.91.45 - - [06/Sep/2011:14:07:39 -0500] "GET /wp-content/themes/education/images/inner.png HTTP/1.1" 304 - "http://npcassoc.org/" "Mozilla/4.0 (compatible; MSIE 7.0; Windows NT 5.1; GTB7.1; .NET CLR 1.1.4322; .NET CLR 2.0.50727; InfoPath.2; .NET CLR 3.0.4506.2152; .NET CLR 3.5.30729)"
64.56.91.45 - - [06/Sep/2011:14:07:39 -0500] "GET /wp-content/themes/education/images/sidebar-top.png HTTP/1.1" 304 - "http://npcassoc.org/" "Mozilla/4.0 (compatible; MSIE 7.0; Windows NT 5.1; GTB7.1; .NET CLR 1.1.4322; .NET CLR 2.0.50727; InfoPath.2; .NET CLR 3.0.4506.2152; .NET CLR 3.5.30729)"
64.56.91.45 - - [06/Sep/2011:14:07:39 -0500] "GET /wp-content/themes/education/images/rss.png HTTP/1.1" 304 - "http://npcassoc.org/" "Mozilla/4.0 (compatible; MSIE 7.0; Windows NT 5.1; GTB7.1; .NET CLR 1.1.4322; .NET CLR 2.0.50727; InfoPath.2; .NET CLR 3.0.4506.2152; .NET CLR 3.5.30729)"
64.56.91.45 - - [06/Sep/2011:14:07:39 -0500] "GET /wp-content/themes/education/images/content-top.png HTTP/1.1" 304 - "http://npcassoc.org/" "Mozilla/4.0 (compatible; MSIE 7.0; Windows NT 5.1; GTB7.1; .NET CLR 1.1.4322; .NET CLR 2.0.50727; InfoPath.2; .NET CLR 3.0.4506.2152; .NET CLR 3.5.30729)"
64.56.91.45 - - [06/Sep/2011:14:07:39 -0500] "GET /wp-content/themes/genesis/lib/js/menu/superfish.js?ver=1.4.8 HTTP/1.1" 304 - "http://npcassoc.org/" "Mozilla/4.0 (compatible; MSIE 7.0; Windows NT 5.1; GTB7.1; .NET CLR 1.1.4322; .NET CLR 2.0.50727; InfoPath.2; .NET CLR 3.0.4506.2152; .NET CLR 3.5.30729)"
64.56.91.45 - - [06/Sep/2011:14:07:39 -0500] "GET /wp-content/themes/education/images/sidebar-list.png HTTP/1.1" 304 - "http://npcassoc.org/" "Mozilla/4.0 (compatible; MSIE 7.0; Windows NT 5.1; GTB7.1; .NET CLR 1.1.4322; .NET CLR 2.0.50727; InfoPath.2; .NET CLR 3.0.4506.2152; .NET CLR 3.5.30729)"
64.56.91.45 - - [06/Sep/2011:14:07:39 -0500] "GET /wp-content/themes/education/images/footer.png HTTP/1.1" 304 - "http://npcassoc.org/" "Mozilla/4.0 (compatible; MSIE 7.0; Windows NT 5.1; GTB7.1; .NET CLR 1.1.4322; .NET CLR 2.0.50727; InfoPath.2; .NET CLR 3.0.4506.2152; .NET CLR 3.5.30729)"
64.56.91.45 - - [06/Sep/2011:14:07:39 -0500] "GET /wp-content/themes/education/images/footer-top.png HTTP/1.1" 304 - "http://npcassoc.org/" "Mozilla/4.0 (compatible; MSIE 7.0; Windows NT 5.1; GTB7.1; .NET CLR 1.1.4322; .NET CLR 2.0.50727; InfoPath.2; .NET CLR 3.0.4506.2152; .NET CLR 3.5.30729)"
64.56.91.45 - - [06/Sep/2011:14:07:39 -0500] "GET /wp-content/themes/genesis/lib/js/menu/superfish.args.js?ver=1.4.1 HTTP/1.1" 304 - "http://npcassoc.org/" "Mozilla/4.0 (compatible; MSIE 7.0; Windows NT 5.1; GTB7.1; .NET CLR 1.1.4322; .NET CLR 2.0.50727; InfoPath.2; .NET CLR 3.0.4506.2152; .NET CLR 3.5.30729)"
64.56.91.45 - - [06/Sep/2011:14:07:39 -0500] "GET /wp-content/themes/education/images/arrow-right.png HTTP/1.1" 304 - "http://npcassoc.org/" "Mozilla/4.0 (compatible; MSIE 7.0; Windows NT 5.1; GTB7.1; .NET CLR 1.1.4322; .NET CLR 2.0.50727; InfoPath.2; .NET CLR 3.0.4506.2152; .NET CLR 3.5.30729)"
64.56.91.45 - - [06/Sep/2011:14:07:40 -0500] "GET /wp-content/themes/education/images/arrow-down.png HTTP/1.1" 304 - "http://npcassoc.org/" "Mozilla/4.0 (compatible; MSIE 7.0; Windows NT 5.1; GTB7.1; .NET CLR 1.1.4322; .NET CLR 2.0.50727; InfoPath.2; .NET CLR 3.0.4506.2152; .NET CLR 3.5.30729)"
64.56.91.45 - - [06/Sep/2011:14:07:40 -0500] "GET /wp-content/themes/education/images/navhov.png HTTP/1.1" 304 - "http://npcassoc.org/" "Mozilla/4.0 (compatible; MSIE 7.0; Windows NT 5.1; GTB7.1; .NET CLR 1.1.4322; .NET CLR 2.0.50727; InfoPath.2; .NET CLR 3.0.4506.2152; .NET CLR 3.5.30729)"
64.56.91.45 - - [06/Sep/2011:14:07:46 -0500] "GET /documents HTTP/1.1" 200 5669 "http://npcassoc.org/" "Mozilla/4.0 (compatible; MSIE 7.0; Windows NT 5.1; GTB7.1; .NET CLR 1.1.4322; .NET CLR 2.0.50727; InfoPath.2; .NET CLR 3.0.4506.2152; .NET CLR 3.5.30729)"
64.56.91.45 - - [06/Sep/2011:14:07:51 -0500] "GET /docs/Standards.pdf HTTP/1.1" 200 3001995 "http://npcassoc.org/documents" "Mozilla/4.0 (compatible; MSIE 7.0; Windows NT 5.1; GTB7.1; .NET CLR 1.1.4322; .NET CLR 2.0.50727; InfoPath.2; .NET CLR 3.0.4506.2152; .NET CLR 3.5.30729)"
64.56.91.45 - - [06/Sep/2011:14:07:53 -0500] "GET /docs/Standards.pdf HTTP/1.1" 206 1269 "-" "Mozilla/4.0 (compatible; MSIE 7.0; Windows NT 5.1; GTB7.1; .NET CLR 1.1.4322; .NET CLR 2.0.50727; InfoPath.2; .NET CLR 3.0.4506.2152; .NET CLR 3.5.30729)"
64.56.91.45 - - [06/Sep/2011:14:07:53 -0500] "GET /docs/Standards.pdf HTTP/1.1" 206 224 "-" "Mozilla/4.0 (compatible; MSIE 7.0; Windows NT 5.1; GTB7.1; .NET CLR 1.1.4322; .NET CLR 2.0.50727; InfoPath.2; .NET CLR 3.0.4506.2152; .NET CLR 3.5.30729)"
64.56.91.45 - - [06/Sep/2011:14:07:53 -0500] "GET /docs/Standards.pdf HTTP/1.1" 206 764601 "-" "Mozilla/4.0 (compatible; MSIE 7.0; Windows NT 5.1; GTB7.1; .NET CLR 1.1.4322; .NET CLR 2.0.50727; InfoPath.2; .NET CLR 3.0.4506.2152; .NET CLR 3.5.30729)"
64.56.91.45 - - [06/Sep/2011:14:07:55 -0500] "GET /docs/Standards.pdf HTTP/1.1" 206 2142047 "-" "Mozilla/4.0 (compatible; MSIE 7.0; Windows NT 5.1; GTB7.1; .NET CLR 1.1.4322; .NET CLR 2.0.50727; InfoPath.2; .NET CLR 3.0.4506.2152; .NET CLR 3.5.30729)"
64.56.91.45 - - [06/Sep/2011:14:07:58 -0500] "GET /docs/Standards.pdf HTTP/1.1" 206 6805 "-" "Mozilla/4.0 (compatible; MSIE 7.0; Windows NT 5.1; GTB7.1; .NET CLR 1.1.4322; .NET CLR 2.0.50727; InfoPath.2; .NET CLR 3.0.4506.2152; .NET CLR 3.5.30729)"
180.76.5.160 - - [06/Sep/2011:14:17:57 -0500] "GET /journal/table-of-contents/vol-1-no-2 HTTP/1.1" 200 5707 "-" "Mozilla/5.0 (compatible; Baiduspider/2.0; +http://www.baidu.com/search/spider.html)"
64.56.91.45 - - [06/Sep/2011:14:35:02 -0500] "GET /docs/Standards.pdf HTTP/1.1" 206 2913372 "http://npcassoc.org/documents" "Mozilla/4.0 (compatible; MSIE 7.0; Windows NT 5.1; GTB7.1; .NET CLR 1.1.4322; .NET CLR 2.0.50727; InfoPath.2; .NET CLR 3.0.4506.2152; .NET CLR 3.5.30729)"
64.56.91.45 - - [06/Sep/2011:14:35:03 -0500] "GET /docs/Standards.pdf HTTP/1.1" 206 1493 "-" "Mozilla/4.0 (compatible; MSIE 7.0; Windows NT 5.1; GTB7.1; .NET CLR 1.1.4322; .NET CLR 2.0.50727; InfoPath.2; .NET CLR 3.0.4506.2152; .NET CLR 3.5.30729)"
64.56.91.45 - - [06/Sep/2011:14:35:03 -0500] "GET /docs/Standards.pdf HTTP/1.1" 206 513872 "-" "Mozilla/4.0 (compatible; MSIE 7.0; Windows NT 5.1; GTB7.1; .NET CLR 1.1.4322; .NET CLR 2.0.50727; InfoPath.2; .NET CLR 3.0.4506.2152; .NET CLR 3.5.30729)"
64.56.91.45 - - [06/Sep/2011:14:35:04 -0500] "GET /docs/Standards.pdf HTTP/1.1" 206 2142047 "-" "Mozilla/4.0 (compatible; MSIE 7.0; Windows NT 5.1; GTB7.1; .NET CLR 1.1.4322; .NET CLR 2.0.50727; InfoPath.2; .NET CLR 3.0.4506.2152; .NET CLR 3.5.30729)"
64.56.91.45 - - [06/Sep/2011:14:35:07 -0500] "GET /docs/Standards.pdf HTTP/1.1" 206 6805 "-" "Mozilla/4.0 (compatible; MSIE 7.0; Windows NT 5.1; GTB7.1; .NET CLR 1.1.4322; .NET CLR 2.0.50727; InfoPath.2; .NET CLR 3.0.4506.2152; .NET CLR 3.5.30729)"
66.249.72.33 - - [06/Sep/2011:14:56:13 -0500] "GET /wp-admin/edit.php?post_type=page&paged=2 HTTP/1.1" 302 20 "-" "Mozilla/5.0 (compatible; Googlebot/2.1; +http://www.google.com/bot.html)"
66.249.72.33 - - [06/Sep/2011:14:56:14 -0500] "GET /wp-login.php?redirect_to=http%3A%2F%2Fnpcassoc.org%2Fwp-admin%2Fedit.php%3Fpost_type%3Dpage%26paged%3D2&reauth=1 HTTP/1.1" 200 990 "-" "Mozilla/5.0 (compatible; Googlebot/2.1; +http://www.google.com/bot.html)"
64.56.91.45 - - [06/Sep/2011:14:58:17 -0500] "GET /docs/Constitution.pdf HTTP/1.1" 200 1793011 "http://npcassoc.org/documents" "Mozilla/4.0 (compatible; MSIE 7.0; Windows NT 5.1; GTB7.1; .NET CLR 1.1.4322; .NET CLR 2.0.50727; InfoPath.2; .NET CLR 3.0.4506.2152; .NET CLR 3.5.30729)"
64.56.91.45 - - [06/Sep/2011:14:58:18 -0500] "GET /docs/Constitution.pdf HTTP/1.1" 206 1269 "-" "Mozilla/4.0 (compatible; MSIE 7.0; Windows NT 5.1; GTB7.1; .NET CLR 1.1.4322; .NET CLR 2.0.50727; InfoPath.2; .NET CLR 3.0.4506.2152; .NET CLR 3.5.30729)"
64.56.91.45 - - [06/Sep/2011:14:58:18 -0500] "GET /docs/Constitution.pdf HTTP/1.1" 206 224 "-" "Mozilla/4.0 (compatible; MSIE 7.0; Windows NT 5.1; GTB7.1; .NET CLR 1.1.4322; .NET CLR 2.0.50727; InfoPath.2; .NET CLR 3.0.4506.2152; .NET CLR 3.5.30729)"
64.56.91.45 - - [06/Sep/2011:14:58:18 -0500] "GET /docs/Constitution.pdf HTTP/1.1" 206 986284 "-" "Mozilla/4.0 (compatible; MSIE 7.0; Windows NT 5.1; GTB7.1; .NET CLR 1.1.4322; .NET CLR 2.0.50727; InfoPath.2; .NET CLR 3.0.4506.2152; .NET CLR 3.5.30729)"
64.56.91.45 - - [06/Sep/2011:14:58:19 -0500] "GET /docs/Constitution.pdf HTTP/1.1" 206 769803 "-" "Mozilla/4.0 (compatible; MSIE 7.0; Windows NT 5.1; GTB7.1; .NET CLR 1.1.4322; .NET CLR 2.0.50727; InfoPath.2; .NET CLR 3.0.4506.2152; .NET CLR 3.5.30729)"
64.56.91.45 - - [06/Sep/2011:14:58:21 -0500] "GET /docs/Constitution.pdf HTTP/1.1" 206 3087 "-" "Mozilla/4.0 (compatible; MSIE 7.0; Windows NT 5.1; GTB7.1; .NET CLR 1.1.4322; .NET CLR 2.0.50727; InfoPath.2; .NET CLR 3.0.4506.2152; .NET CLR 3.5.30729)"
66.249.72.33 - - [06/Sep/2011:15:29:23 -0500] "GET /sitemap.xml HTTP/1.1" 200 5430 "-" "Mozilla/5.0 (compatible; Googlebot/2.1; +http://www.google.com/bot.html)"
180.76.5.162 - - [06/Sep/2011:15:59:41 -0500] "GET /documents HTTP/1.1" 200 5669 "-" "Mozilla/5.0 (compatible; Baiduspider/2.0; +http://www.baidu.com/search/spider.html)"
66.249.72.33 - - [06/Sep/2011:16:42:00 -0500] "GET /docs/ijpp/Janice_Staab_and_Philosophical_CoachingV2N4.pdf HTTP/1.1" 304 - "-" "Mozilla/5.0 (compatible; Googlebot/2.1; +http://www.google.com/bot.html)"
66.249.72.33 - - [06/Sep/2011:16:42:02 -0500] "GET /wp-admin/edit.php?post_type=page HTTP/1.1" 302 20 "-" "Mozilla/5.0 (compatible; Googlebot/2.1; +http://www.google.com/bot.html)"
66.249.72.33 - - [06/Sep/2011:16:42:02 -0500] "GET /wp-login.php?redirect_to=http%3A%2F%2Fnpcassoc.org%2Fwp-admin%2Fedit.php%3Fpost_type%3Dpage&reauth=1 HTTP/1.1" 200 982 "-" "Mozilla/5.0 (compatible; Googlebot/2.1; +http://www.google.com/bot.html)"
66.249.72.33 - - [06/Sep/2011:18:29:45 -0500] "GET /docs/ijpp/FraserLove.pdf HTTP/1.1" 304 - "-" "Mozilla/5.0 (compatible; Googlebot/2.1; +http://www.google.com/bot.html)"
180.76.5.147 - - [06/Sep/2011:19:00:23 -0500] "GET /journal/editors HTTP/1.1" 200 6345 "-" "Mozilla/5.0 (compatible; Baiduspider/2.0; +http://www.baidu.com/search/spider.html)"
76.108.110.119 - - [06/Sep/2011:22:12:02 -0500] "GET / HTTP/1.1" 301 20 "-" "Mozilla/4.0 (compatible; MSIE 8.0; Windows NT 6.1; WOW64; Trident/4.0; GTB7.1; SLCC2; .NET CLR 2.0.50727; .NET CLR 3.5.30729; .NET CLR 3.0.30729; Media Center PC 6.0; MALN; InfoPath.2)"
76.108.110.119 - - [06/Sep/2011:22:12:02 -0500] "GET / HTTP/1.1" 200 6543 "-" "Mozilla/4.0 (compatible; MSIE 8.0; Windows NT 6.1; WOW64; Trident/4.0; GTB7.1; SLCC2; .NET CLR 2.0.50727; .NET CLR 3.5.30729; .NET CLR 3.0.30729; Media Center PC 6.0; MALN; InfoPath.2)"
76.108.110.119 - - [06/Sep/2011:22:12:03 -0500] "GET /wp-includes/js/jquery/jquery.js?ver=1.4.2 HTTP/1.1" 304 - "http://npcassoc.org/" "Mozilla/4.0 (compatible; MSIE 8.0; Windows NT 6.1; WOW64; Trident/4.0; GTB7.1; SLCC2; .NET CLR 2.0.50727; .NET CLR 3.5.30729; .NET CLR 3.0.30729; Media Center PC 6.0; MALN; InfoPath.2)"
76.108.110.119 - - [06/Sep/2011:22:12:03 -0500] "GET /wp-content/themes/education/style.css HTTP/1.1" 304 - "http://npcassoc.org/" "Mozilla/4.0 (compatible; MSIE 8.0; Windows NT 6.1; WOW64; Trident/4.0; GTB7.1; SLCC2; .NET CLR 2.0.50727; .NET CLR 3.5.30729; .NET CLR 3.0.30729; Media Center PC 6.0; MALN; InfoPath.2)"
76.108.110.119 - - [06/Sep/2011:22:12:03 -0500] "GET /wp-content/themes/education/images/bg.png HTTP/1.1" 304 - "http://npcassoc.org/" "Mozilla/4.0 (compatible; MSIE 8.0; Windows NT 6.1; WOW64; Trident/4.0; GTB7.1; SLCC2; .NET CLR 2.0.50727; .NET CLR 3.5.30729; .NET CLR 3.0.30729; Media Center PC 6.0; MALN; InfoPath.2)"
76.108.110.119 - - [06/Sep/2011:22:12:03 -0500] "GET /wp-content/themes/education/images/nav.png HTTP/1.1" 304 - "http://npcassoc.org/" "Mozilla/4.0 (compatible; MSIE 8.0; Windows NT 6.1; WOW64; Trident/4.0; GTB7.1; SLCC2; .NET CLR 2.0.50727; .NET CLR 3.5.30729; .NET CLR 3.0.30729; Media Center PC 6.0; MALN; InfoPath.2)"
76.108.110.119 - - [06/Sep/2011:22:12:03 -0500] "GET /wp-content/themes/education/images/navline.png HTTP/1.1" 304 - "http://npcassoc.org/" "Mozilla/4.0 (compatible; MSIE 8.0; Windows NT 6.1; WOW64; Trident/4.0; GTB7.1; SLCC2; .NET CLR 2.0.50727; .NET CLR 3.5.30729; .NET CLR 3.0.30729; Media Center PC 6.0; MALN; InfoPath.2)"
76.108.110.119 - - [06/Sep/2011:22:12:03 -0500] "GET /wp-content/themes/genesis/lib/js/menu/superfish.js?ver=1.4.8 HTTP/1.1" 304 - "http://npcassoc.org/" "Mozilla/4.0 (compatible; MSIE 8.0; Windows NT 6.1; WOW64; Trident/4.0; GTB7.1; SLCC2; .NET CLR 2.0.50727; .NET CLR 3.5.30729; .NET CLR 3.0.30729; Media Center PC 6.0; MALN; InfoPath.2)"
76.108.110.119 - - [06/Sep/2011:22:12:03 -0500] "GET /wp-content/themes/education/images/sidebar-top.png HTTP/1.1" 304 - "http://npcassoc.org/" "Mozilla/4.0 (compatible; MSIE 8.0; Windows NT 6.1; WOW64; Trident/4.0; GTB7.1; SLCC2; .NET CLR 2.0.50727; .NET CLR 3.5.30729; .NET CLR 3.0.30729; Media Center PC 6.0; MALN; InfoPath.2)"
76.108.110.119 - - [06/Sep/2011:22:12:03 -0500] "GET /wp-content/themes/education/images/inner.png HTTP/1.1" 304 - "http://npcassoc.org/" "Mozilla/4.0 (compatible; MSIE 8.0; Windows NT 6.1; WOW64; Trident/4.0; GTB7.1; SLCC2; .NET CLR 2.0.50727; .NET CLR 3.5.30729; .NET CLR 3.0.30729; Media Center PC 6.0; MALN; InfoPath.2)"
76.108.110.119 - - [06/Sep/2011:22:12:03 -0500] "GET /wp-content/themes/education/images/rss.png HTTP/1.1" 304 - "http://npcassoc.org/" "Mozilla/4.0 (compatible; MSIE 8.0; Windows NT 6.1; WOW64; Trident/4.0; GTB7.1; SLCC2; .NET CLR 2.0.50727; .NET CLR 3.5.30729; .NET CLR 3.0.30729; Media Center PC 6.0; MALN; InfoPath.2)"
76.108.110.119 - - [06/Sep/2011:22:12:03 -0500] "GET /wp-content/themes/education/images/content-top.png HTTP/1.1" 304 - "http://npcassoc.org/" "Mozilla/4.0 (compatible; MSIE 8.0; Windows NT 6.1; WOW64; Trident/4.0; GTB7.1; SLCC2; .NET CLR 2.0.50727; .NET CLR 3.5.30729; .NET CLR 3.0.30729; Media Center PC 6.0; MALN; InfoPath.2)"
76.108.110.119 - - [06/Sep/2011:22:12:03 -0500] "GET /wp-content/themes/genesis/lib/js/menu/superfish.args.js?ver=1.4.1 HTTP/1.1" 304 - "http://npcassoc.org/" "Mozilla/4.0 (compatible; MSIE 8.0; Windows NT 6.1; WOW64; Trident/4.0; GTB7.1; SLCC2; .NET CLR 2.0.50727; .NET CLR 3.5.30729; .NET CLR 3.0.30729; Media Center PC 6.0; MALN; InfoPath.2)"
76.108.110.119 - - [06/Sep/2011:22:12:03 -0500] "GET /wp-content/themes/education/images/sidebar-list.png HTTP/1.1" 304 - "http://npcassoc.org/" "Mozilla/4.0 (compatible; MSIE 8.0; Windows NT 6.1; WOW64; Trident/4.0; GTB7.1; SLCC2; .NET CLR 2.0.50727; .NET CLR 3.5.30729; .NET CLR 3.0.30729; Media Center PC 6.0; MALN; InfoPath.2)"
76.108.110.119 - - [06/Sep/2011:22:12:03 -0500] "GET /wp-content/themes/education/images/footer.png HTTP/1.1" 304 - "http://npcassoc.org/" "Mozilla/4.0 (compatible; MSIE 8.0; Windows NT 6.1; WOW64; Trident/4.0; GTB7.1; SLCC2; .NET CLR 2.0.50727; .NET CLR 3.5.30729; .NET CLR 3.0.30729; Media Center PC 6.0; MALN; InfoPath.2)"
76.108.110.119 - - [06/Sep/2011:22:12:03 -0500] "GET /wp-content/themes/education/images/footer-top.png HTTP/1.1" 304 - "http://npcassoc.org/" "Mozilla/4.0 (compatible; MSIE 8.0; Windows NT 6.1; WOW64; Trident/4.0; GTB7.1; SLCC2; .NET CLR 2.0.50727; .NET CLR 3.5.30729; .NET CLR 3.0.30729; Media Center PC 6.0; MALN; InfoPath.2)"
76.108.110.119 - - [06/Sep/2011:22:12:03 -0500] "GET /wp-content/themes/education/images/arrow-right.png HTTP/1.1" 304 - "http://npcassoc.org/" "Mozilla/4.0 (compatible; MSIE 8.0; Windows NT 6.1; WOW64; Trident/4.0; GTB7.1; SLCC2; .NET CLR 2.0.50727; .NET CLR 3.5.30729; .NET CLR 3.0.30729; Media Center PC 6.0; MALN; InfoPath.2)"
76.108.110.119 - - [06/Sep/2011:22:12:03 -0500] "GET /wp-content/themes/education/images/arrow-down.png HTTP/1.1" 304 - "http://npcassoc.org/" "Mozilla/4.0 (compatible; MSIE 8.0; Windows NT 6.1; WOW64; Trident/4.0; GTB7.1; SLCC2; .NET CLR 2.0.50727; .NET CLR 3.5.30729; .NET CLR 3.0.30729; Media Center PC 6.0; MALN; InfoPath.2)"
76.108.110.119 - - [06/Sep/2011:22:12:04 -0500] "GET /wp-content/themes/education/images/navhov.png HTTP/1.1" 304 - "http://npcassoc.org/" "Mozilla/4.0 (compatible; MSIE 8.0; Windows NT 6.1; WOW64; Trident/4.0; GTB7.1; SLCC2; .NET CLR 2.0.50727; .NET CLR 3.5.30729; .NET CLR 3.0.30729; Media Center PC 6.0; MALN; InfoPath.2)"
76.108.110.119 - - [06/Sep/2011:22:12:17 -0500] "GET /journal HTTP/1.1" 200 6626 "http://npcassoc.org/" "Mozilla/4.0 (compatible; MSIE 8.0; Windows NT 6.1; WOW64; Trident/4.0; GTB7.1; SLCC2; .NET CLR 2.0.50727; .NET CLR 3.5.30729; .NET CLR 3.0.30729; Media Center PC 6.0; MALN; InfoPath.2)"
76.108.110.119 - - [06/Sep/2011:22:12:17 -0500] "GET /wp-includes/js/comment-reply.js?ver=20090102 HTTP/1.1" 304 - "http://npcassoc.org/journal" "Mozilla/4.0 (compatible; MSIE 8.0; Windows NT 6.1; WOW64; Trident/4.0; GTB7.1; SLCC2; .NET CLR 2.0.50727; .NET CLR 3.5.30729; .NET CLR 3.0.30729; Media Center PC 6.0; MALN; InfoPath.2)"
76.108.110.119 - - [06/Sep/2011:22:12:22 -0500] "GET /journal/table-of-contents/vol-2-no-2 HTTP/1.1" 200 5774 "http://npcassoc.org/journal" "Mozilla/4.0 (compatible; MSIE 8.0; Windows NT 6.1; WOW64; Trident/4.0; GTB7.1; SLCC2; .NET CLR 2.0.50727; .NET CLR 3.5.30729; .NET CLR 3.0.30729; Media Center PC 6.0; MALN; InfoPath.2)"
66.249.72.33 - - [06/Sep/2011:22:12:28 -0500] "GET /wp-admin/options-general.php HTTP/1.1" 302 20 "-" "Mozilla/5.0 (compatible; Googlebot/2.1; +http://www.google.com/bot.html)"
66.249.72.33 - - [06/Sep/2011:22:12:28 -0500] "GET /wp-login.php?redirect_to=http%3A%2F%2Fnpcassoc.org%2Fwp-admin%2Foptions-general.php&reauth=1 HTTP/1.1" 200 982 "-" "Mozilla/5.0 (compatible; Googlebot/2.1; +http://www.google.com/bot.html)"
76.108.110.119 - - [06/Sep/2011:22:12:32 -0500] "GET /docs/ijpp/CohenTeeth.pdf HTTP/1.1" 200 122877 "http://npcassoc.org/journal/table-of-contents/vol-2-no-2" "Mozilla/4.0 (compatible; MSIE 8.0; Windows NT 6.1; WOW64; Trident/4.0; GTB7.1; SLCC2; .NET CLR 2.0.50727; .NET CLR 3.5.30729; .NET CLR 3.0.30729; Media Center PC 6.0; MALN; InfoPath.2)"
66.249.72.33 - - [06/Sep/2011:22:16:33 -0500] "GET /sitemap.xml.gz HTTP/1.1" 404 5650 "-" "Mozilla/5.0 (compatible; Googlebot/2.1; +http://www.google.com/bot.html)"
76.108.110.119 - - [06/Sep/2011:22:33:51 -0500] "GET /docs/ijpp/CohenTeeth.pdf HTTP/1.1" 304 - "http://npcassoc.org/journal/table-of-contents/vol-2-no-2" "Mozilla/4.0 (compatible; MSIE 8.0; Windows NT 6.1; WOW64; Trident/4.0; GTB7.1; SLCC2; .NET CLR 2.0.50727; .NET CLR 3.5.30729; .NET CLR 3.0.30729; Media Center PC 6.0; MALN; InfoPath.2)"
76.108.110.119 - - [06/Sep/2011:22:35:03 -0500] "GET /wp-content/themes/education/images/navhov.png HTTP/1.1" 304 - "http://npcassoc.org/journal/table-of-contents/vol-2-no-2" "Mozilla/4.0 (compatible; MSIE 8.0; Windows NT 6.1; WOW64; Trident/4.0; GTB7.1; SLCC2; .NET CLR 2.0.50727; .NET CLR 3.5.30729; .NET CLR 3.0.30729; Media Center PC 6.0; MALN; InfoPath.2)"
76.108.110.119 - - [06/Sep/2011:22:35:03 -0500] "GET /documents HTTP/1.1" 200 5670 "http://npcassoc.org/journal/table-of-contents/vol-2-no-2" "Mozilla/4.0 (compatible; MSIE 8.0; Windows NT 6.1; WOW64; Trident/4.0; GTB7.1; SLCC2; .NET CLR 2.0.50727; .NET CLR 3.5.30729; .NET CLR 3.0.30729; Media Center PC 6.0; MALN; InfoPath.2)"
76.108.110.119 - - [06/Sep/2011:22:35:04 -0500] "GET /wp-includes/js/jquery/jquery.js?ver=1.4.2 HTTP/1.1" 304 - "http://npcassoc.org/documents" "Mozilla/4.0 (compatible; MSIE 8.0; Windows NT 6.1; WOW64; Trident/4.0; GTB7.1; SLCC2; .NET CLR 2.0.50727; .NET CLR 3.5.30729; .NET CLR 3.0.30729; Media Center PC 6.0; MALN; InfoPath.2)"
76.108.110.119 - - [06/Sep/2011:22:35:04 -0500] "GET /wp-content/themes/education/style.css HTTP/1.1" 304 - "http://npcassoc.org/documents" "Mozilla/4.0 (compatible; MSIE 8.0; Windows NT 6.1; WOW64; Trident/4.0; GTB7.1; SLCC2; .NET CLR 2.0.50727; .NET CLR 3.5.30729; .NET CLR 3.0.30729; Media Center PC 6.0; MALN; InfoPath.2)"
76.108.110.119 - - [06/Sep/2011:22:35:04 -0500] "GET /wp-content/themes/genesis/lib/js/menu/superfish.js?ver=1.4.8 HTTP/1.1" 304 - "http://npcassoc.org/documents" "Mozilla/4.0 (compatible; MSIE 8.0; Windows NT 6.1; WOW64; Trident/4.0; GTB7.1; SLCC2; .NET CLR 2.0.50727; .NET CLR 3.5.30729; .NET CLR 3.0.30729; Media Center PC 6.0; MALN; InfoPath.2)"
76.108.110.119 - - [06/Sep/2011:22:35:04 -0500] "GET /wp-content/themes/genesis/lib/js/menu/superfish.args.js?ver=1.4.1 HTTP/1.1" 304 - "http://npcassoc.org/documents" "Mozilla/4.0 (compatible; MSIE 8.0; Windows NT 6.1; WOW64; Trident/4.0; GTB7.1; SLCC2; .NET CLR 2.0.50727; .NET CLR 3.5.30729; .NET CLR 3.0.30729; Media Center PC 6.0; MALN; InfoPath.2)"
76.108.110.119 - - [06/Sep/2011:22:35:04 -0500] "GET /wp-content/themes/education/images/nav.png HTTP/1.1" 304 - "http://npcassoc.org/documents" "Mozilla/4.0 (compatible; MSIE 8.0; Windows NT 6.1; WOW64; Trident/4.0; GTB7.1; SLCC2; .NET CLR 2.0.50727; .NET CLR 3.5.30729; .NET CLR 3.0.30729; Media Center PC 6.0; MALN; InfoPath.2)"
76.108.110.119 - - [06/Sep/2011:22:35:04 -0500] "GET /wp-content/themes/education/images/sidebar-top.png HTTP/1.1" 304 - "http://npcassoc.org/documents" "Mozilla/4.0 (compatible; MSIE 8.0; Windows NT 6.1; WOW64; Trident/4.0; GTB7.1; SLCC2; .NET CLR 2.0.50727; .NET CLR 3.5.30729; .NET CLR 3.0.30729; Media Center PC 6.0; MALN; InfoPath.2)"
