76.108.110.119 - - [07/Sep/2011:18:21:57 -0500] "GET /wp-content/plugins/simple-tags/inc/images/ajax-loader.gif HTTP/1.1" 304 - "http://npcassoc.org/wp-admin/post.php?post=2&action=edit&message=1" "Mozilla/4.0 (compatible; MSIE 8.0; Windows NT 6.1; WOW64; Trident/4.0; GTB7.1; SLCC2; .NET CLR 2.0.50727; .NET CLR 3.5.30729; .NET CLR 3.0.30729; Media Center PC 6.0; MALN; InfoPath.2)"
76.108.110.119 - - [07/Sep/2011:18:21:57 -0500] "GET /wp-includes/js/thickbox/loadingAnimation.gif HTTP/1.1" 304 - "http://npcassoc.org/wp-admin/post.php?post=2&action=edit&message=1" "Mozilla/4.0 (compatible; MSIE 8.0; Windows NT 6.1; WOW64; Trident/4.0; GTB7.1; SLCC2; .NET CLR 2.0.50727; .NET CLR 3.5.30729; .NET CLR 3.0.30729; Media Center PC 6.0; MALN; InfoPath.2)"
76.108.110.119 - - [07/Sep/2011:18:21:57 -0500] "GET /wp-includes/js/tinymce/themes/advanced/skins/wp_theme/img/butt2.png HTTP/1.1" 304 - "http://npcassoc.org/wp-admin/post.php?post=2&action=edit&message=1" "Mozilla/4.0 (compatible; MSIE 8.0; Windows NT 6.1; WOW64; Trident/4.0; GTB7.1; SLCC2; .NET CLR 2.0.50727; .NET CLR 3.5.30729; .NET CLR 3.0.30729; Media Center PC 6.0; MALN; InfoPath.2)"
76.108.110.119 - - [07/Sep/2011:18:21:57 -0500] "GET /wp-includes/js/tinymce/themes/advanced/img/icons.gif HTTP/1.1" 304 - "http://npcassoc.org/wp-admin/post.php?post=2&action=edit&message=1" "Mozilla/4.0 (compatible; MSIE 8.0; Windows NT 6.1; WOW64; Trident/4.0; GTB7.1; SLCC2; .NET CLR 2.0.50727; .NET CLR 3.5.30729; .NET CLR 3.0.30729; Media Center PC 6.0; MALN; InfoPath.2)"
76.108.110.119 - - [07/Sep/2011:18:21:57 -0500] "GET /wp-includes/js/tinymce/themes/advanced/skins/wp_theme/img/down_arrow.gif HTTP/1.1" 304 - "http://npcassoc.org/wp-admin/post.php?post=2&action=edit&message=1" "Mozilla/4.0 (compatible; MSIE 8.0; Windows NT 6.1; WOW64; Trident/4.0; GTB7.1; SLCC2; .NET CLR 2.0.50727; .NET CLR 3.5.30729; .NET CLR 3.0.30729; Media Center PC 6.0; MALN; InfoPath.2)"
76.108.110.119 - - [07/Sep/2011:18:21:57 -0500] "GET /wp-includes/js/tinymce/themes/advanced/skins/wp_theme/content.css?ver=327-1235 HTTP/1.1" 304 - "http://npcassoc.org/wp-admin/post.php?post=2&action=edit&message=1" "Mozilla/4.0 (compatible; MSIE 8.0; Windows NT 6.1; WOW64; Trident/4.0; GTB7.1; SLCC2; .NET CLR 2.0.50727; .NET CLR 3.5.30729; .NET CLR 3.0.30729; Media Center PC 6.0; MALN; InfoPath.2)"
76.108.110.119 - - [07/Sep/2011:18:21:57 -0500] "GET /wp-includes/js/tinymce/plugins/spellchecker/css/content.css?ver=327-1235 HTTP/1.1" 304 - "http://npcassoc.org/wp-admin/post.php?post=2&action=edit&message=1" "Mozilla/4.0 (compatible; MSIE 8.0; Windows NT 6.1; WOW64; Trident/4.0; GTB7.1; SLCC2; .NET CLR 2.0.50727; .NET CLR 3.5.30729; .NET CLR 3.0.30729; Media Center PC 6.0; MALN; InfoPath.2)"
76.108.110.119 - - [07/Sep/2011:18:21:57 -0500] "GET /wp-includes/js/tinymce/plugins/wordpress/css/content.css?ver=327-1235 HTTP/1.1" 304 - "http://npcassoc.org/wp-admin/post.php?post=2&action=edit&message=1" "Mozilla/4.0 (compatible; MSIE 8.0; Windows NT 6.1; WOW64; Trident/4.0; GTB7.1; SLCC2; .NET CLR 2.0.50727; .NET CLR 3.5.30729; .NET CLR 3.0.30729; Media Center PC 6.0; MALN; InfoPath.2)"
76.108.110.119 - - [07/Sep/2011:18:21:57 -0500] "GET /wp-includes/js/tinymce/plugins/media/css/content.css?ver=327-1235 HTTP/1.1" 304 - "http://npcassoc.org/wp-admin/post.php?post=2&action=edit&message=1" "Mozilla/4.0 (compatible; MSIE 8.0; Windows NT 6.1; WOW64; Trident/4.0; GTB7.1; SLCC2; .NET CLR 2.0.50727; .NET CLR 3.5.30729; .NET CLR 3.0.30729; Media Center PC 6.0; MALN; InfoPath.2)"
66.249.71.234 - - [07/Sep/2011:18:22:58 -0500] "GET /sitemap.xml HTTP/1.1" 200 5432 "-" "Mozilla/5.0 (compatible; Googlebot/2.1; +http://www.google.com/bot.html)"
184.106.111.192 - - [07/Sep/2011:18:22:57 -0500] "POST /wp-cron.php?doing_wp_cron HTTP/1.0" 200 - "-" "WordPress/3.0.4; http://npcassoc.org"
76.108.110.119 - - [07/Sep/2011:18:22:57 -0500] "POST /wp-admin/admin-ajax.php HTTP/1.1" 200 173 "http://npcassoc.org/wp-admin/post.php?post=2&action=edit&message=1" "Mozilla/4.0 (compatible; MSIE 8.0; Windows NT 6.1; WOW64; Trident/4.0; GTB7.1; SLCC2; .NET CLR 2.0.50727; .NET CLR 3.5.30729; .NET CLR 3.0.30729; Media Center PC 6.0; MALN; InfoPath.2)"
76.108.110.119 - - [07/Sep/2011:18:23:02 -0500] "GET /wp-admin/images/button-grad-active.png HTTP/1.1" 304 - "http://npcassoc.org/wp-admin/post.php?post=2&action=edit&message=1" "Mozilla/4.0 (compatible; MSIE 8.0; Windows NT 6.1; WOW64; Trident/4.0; GTB7.1; SLCC2; .NET CLR 2.0.50727; .NET CLR 3.5.30729; .NET CLR 3.0.30729; Media Center PC 6.0; MALN; InfoPath.2)"
76.108.110.119 - - [07/Sep/2011:18:23:03 -0500] "POST /wp-admin/post.php HTTP/1.1" 302 20 "http://npcassoc.org/wp-admin/post.php?post=2&action=edit&message=1" "Mozilla/4.0 (compatible; MSIE 8.0; Windows NT 6.1; WOW64; Trident/4.0; GTB7.1; SLCC2; .NET CLR 2.0.50727; .NET CLR 3.5.30729; .NET CLR 3.0.30729; Media Center PC 6.0; MALN; InfoPath.2)"
76.108.110.119 - - [07/Sep/2011:18:23:03 -0500] "GET /wp-admin/post.php?post=2&action=edit&message=1 HTTP/1.1" 200 14024 "http://npcassoc.org/wp-admin/post.php?post=2&action=edit&message=1" "Mozilla/4.0 (compatible; MSIE 8.0; Windows NT 6.1; WOW64; Trident/4.0; GTB7.1; SLCC2; .NET CLR 2.0.50727; .NET CLR 3.5.30729; .NET CLR 3.0.30729; Media Center PC 6.0; MALN; InfoPath.2)"
184.106.111.192 - - [07/Sep/2011:18:24:04 -0500] "POST /wp-cron.php?doing_wp_cron HTTP/1.0" 200 - "-" "WordPress/3.0.4; http://npcassoc.org"
76.108.110.119 - - [07/Sep/2011:18:24:04 -0500] "POST /wp-admin/admin-ajax.php HTTP/1.1" 200 173 "http://npcassoc.org/wp-admin/post.php?post=2&action=edit&message=1" "Mozilla/4.0 (compatible; MSIE 8.0; Windows NT 6.1; WOW64; Trident/4.0; GTB7.1; SLCC2; .NET CLR 2.0.50727; .NET CLR 3.5.30729; .NET CLR 3.0.30729; Media Center PC 6.0; MALN; InfoPath.2)"
66.249.71.234 - - [07/Sep/2011:18:24:06 -0500] "GET /sitemap.xml HTTP/1.1" 200 5432 "-" "Mozilla/5.0 (compatible; Googlebot/2.1; +http://www.google.com/bot.html)"
76.108.110.119 - - [07/Sep/2011:18:25:04 -0500] "POST /wp-admin/admin-ajax.php HTTP/1.1" 200 153 "http://npcassoc.org/wp-admin/post.php?post=2&action=edit&message=1" "Mozilla/4.0 (compatible; MSIE 8.0; Windows NT 6.1; WOW64; Trident/4.0; GTB7.1; SLCC2; .NET CLR 2.0.50727; .NET CLR 3.5.30729; .NET CLR 3.0.30729; Media Center PC 6.0; MALN; InfoPath.2)"
76.108.110.119 - - [07/Sep/2011:18:25:15 -0500] "GET / HTTP/1.1" 200 6603 "http://npcassoc.org/wp-admin/post.php?post=2&action=edit&message=1" "Mozilla/4.0 (compatible; MSIE 8.0; Windows NT 6.1; WOW64; Trident/4.0; GTB7.1; SLCC2; .NET CLR 2.0.50727; .NET CLR 3.5.30729; .NET CLR 3.0.30729; Media Center PC 6.0; MALN; InfoPath.2)"
76.108.110.119 - - [07/Sep/2011:18:31:21 -0500] "GET /wp-admin/post.php?post=2&action=edit&message=1 HTTP/1.1" 200 14025 "http://npcassoc.org/wp-admin/post.php?post=2&action=edit&message=1" "Mozilla/4.0 (compatible; MSIE 8.0; Windows NT 6.1; WOW64; Trident/4.0; GTB7.1; SLCC2; .NET CLR 2.0.50727; .NET CLR 3.5.30729; .NET CLR 3.0.30729; Media Center PC 6.0; MALN; InfoPath.2)"
76.108.110.119 - - [07/Sep/2011:18:31:35 -0500] "POST /wp-admin/post.php HTTP/1.1" 302 20 "http://npcassoc.org/wp-admin/post.php?post=2&action=edit&message=1" "Mozilla/4.0 (compatible; MSIE 8.0; Windows NT 6.1; WOW64; Trident/4.0; GTB7.1; SLCC2; .NET CLR 2.0.50727; .NET CLR 3.5.30729; .NET CLR 3.0.30729; Media Center PC 6.0; MALN; InfoPath.2)"
76.108.110.119 - - [07/Sep/2011:18:31:35 -0500] "GET /wp-admin/post.php?post=2&action=edit&message=1 HTTP/1.1" 200 14034 "http://npcassoc.org/wp-admin/post.php?post=2&action=edit&message=1" "Mozilla/4.0 (compatible; MSIE 8.0; Windows NT 6.1; WOW64; Trident/4.0; GTB7.1; SLCC2; .NET CLR 2.0.50727; .NET CLR 3.5.30729; .NET CLR 3.0.30729; Media Center PC 6.0; MALN; InfoPath.2)"
66.249.71.234 - - [07/Sep/2011:18:32:37 -0500] "GET /sitemap.xml HTTP/1.1" 200 5432 "-" "Mozilla/5.0 (compatible; Googlebot/2.1; +http://www.google.com/bot.html)"
184.106.111.192 - - [07/Sep/2011:18:32:37 -0500] "POST /wp-cron.php?doing_wp_cron HTTP/1.0" 200 - "-" "WordPress/3.0.4; http://npcassoc.org"
76.108.110.119 - - [07/Sep/2011:18:32:36 -0500] "POST /wp-admin/admin-ajax.php HTTP/1.1" 200 173 "http://npcassoc.org/wp-admin/post.php?post=2&action=edit&message=1" "Mozilla/4.0 (compatible; MSIE 8.0; Windows NT 6.1; WOW64; Trident/4.0; GTB7.1; SLCC2; .NET CLR 2.0.50727; .NET CLR 3.5.30729; .NET CLR 3.0.30729; Media Center PC 6.0; MALN; InfoPath.2)"
76.108.110.119 - - [07/Sep/2011:18:33:36 -0500] "POST /wp-admin/admin-ajax.php HTTP/1.1" 200 153 "http://npcassoc.org/wp-admin/post.php?post=2&action=edit&message=1" "Mozilla/4.0 (compatible; MSIE 8.0; Windows NT 6.1; WOW64; Trident/4.0; GTB7.1; SLCC2; .NET CLR 2.0.50727; .NET CLR 3.5.30729; .NET CLR 3.0.30729; Media Center PC 6.0; MALN; InfoPath.2)"
66.249.71.234 - - [07/Sep/2011:18:34:25 -0500] "GET /journal/table-of-contents/vol-1-no-3 HTTP/1.1" 200 5749 "-" "Mozilla/5.0 (compatible; Googlebot/2.1; +http://www.google.com/bot.html)"
76.108.110.119 - - [07/Sep/2011:18:34:31 -0500] "GET / HTTP/1.1" 301 20 "-" "Mozilla/4.0 (compatible; MSIE 8.0; Windows NT 6.1; WOW64; Trident/4.0; GTB7.1; SLCC2; .NET CLR 2.0.50727; .NET CLR 3.5.30729; .NET CLR 3.0.30729; Media Center PC 6.0; MALN; InfoPath.2)"
76.108.110.119 - - [07/Sep/2011:18:34:32 -0500] "GET / HTTP/1.1" 200 6603 "-" "Mozilla/4.0 (compatible; MSIE 8.0; Windows NT 6.1; WOW64; Trident/4.0; GTB7.1; SLCC2; .NET CLR 2.0.50727; .NET CLR 3.5.30729; .NET CLR 3.0.30729; Media Center PC 6.0; MALN; InfoPath.2)"
76.108.110.119 - - [07/Sep/2011:18:34:32 -0500] "GET /wp-includes/js/jquery/jquery.js?ver=1.4.2 HTTP/1.1" 304 - "http://npcassoc.org/" "Mozilla/4.0 (compatible; MSIE 8.0; Windows NT 6.1; WOW64; Trident/4.0; GTB7.1; SLCC2; .NET CLR 2.0.50727; .NET CLR 3.5.30729; .NET CLR 3.0.30729; Media Center PC 6.0; MALN; InfoPath.2)"
76.108.110.119 - - [07/Sep/2011:18:34:33 -0500] "GET /wp-content/themes/education/style.css HTTP/1.1" 304 - "http://npcassoc.org/" "Mozilla/4.0 (compatible; MSIE 8.0; Windows NT 6.1; WOW64; Trident/4.0; GTB7.1; SLCC2; .NET CLR 2.0.50727; .NET CLR 3.5.30729; .NET CLR 3.0.30729; Media Center PC 6.0; MALN; InfoPath.2)"
76.108.110.119 - - [07/Sep/2011:18:34:33 -0500] "GET /wp-content/themes/genesis/lib/js/menu/superfish.js?ver=1.4.8 HTTP/1.1" 304 - "http://npcassoc.org/" "Mozilla/4.0 (compatible; MSIE 8.0; Windows NT 6.1; WOW64; Trident/4.0; GTB7.1; SLCC2; .NET CLR 2.0.50727; .NET CLR 3.5.30729; .NET CLR 3.0.30729; Media Center PC 6.0; MALN; InfoPath.2)"
76.108.110.119 - - [07/Sep/2011:18:34:33 -0500] "GET /wp-content/themes/genesis/lib/js/menu/superfish.args.js?ver=1.4.1 HTTP/1.1" 304 - "http://npcassoc.org/" "Mozilla/4.0 (compatible; MSIE 8.0; Windows NT 6.1; WOW64; Trident/4.0; GTB7.1; SLCC2; .NET CLR 2.0.50727; .NET CLR 3.5.30729; .NET CLR 3.0.30729; Media Center PC 6.0; MALN; InfoPath.2)"
76.108.110.119 - - [07/Sep/2011:18:34:33 -0500] "GET /wp-content/themes/education/images/nav.png HTTP/1.1" 304 - "http://npcassoc.org/" "Mozilla/4.0 (compatible; MSIE 8.0; Windows NT 6.1; WOW64; Trident/4.0; GTB7.1; SLCC2; .NET CLR 2.0.50727; .NET CLR 3.5.30729; .NET CLR 3.0.30729; Media Center PC 6.0; MALN; InfoPath.2)"
76.108.110.119 - - [07/Sep/2011:18:34:33 -0500] "GET /wp-content/themes/education/images/navline.png HTTP/1.1" 304 - "http://npcassoc.org/" "Mozilla/4.0 (compatible; MSIE 8.0; Windows NT 6.1; WOW64; Trident/4.0; GTB7.1; SLCC2; .NET CLR 2.0.50727; .NET CLR 3.5.30729; .NET CLR 3.0.30729; Media Center PC 6.0; MALN; InfoPath.2)"
76.108.110.119 - - [07/Sep/2011:18:34:33 -0500] "GET /wp-content/themes/education/images/inner.png HTTP/1.1" 304 - "http://npcassoc.org/" "Mozilla/4.0 (compatible; MSIE 8.0; Windows NT 6.1; WOW64; Trident/4.0; GTB7.1; SLCC2; .NET CLR 2.0.50727; .NET CLR 3.5.30729; .NET CLR 3.0.30729; Media Center PC 6.0; MALN; InfoPath.2)"
76.108.110.119 - - [07/Sep/2011:18:34:33 -0500] "GET /wp-content/themes/education/images/sidebar-top.png HTTP/1.1" 304 - "http://npcassoc.org/" "Mozilla/4.0 (compatible; MSIE 8.0; Windows NT 6.1; WOW64; Trident/4.0; GTB7.1; SLCC2; .NET CLR 2.0.50727; .NET CLR 3.5.30729; .NET CLR 3.0.30729; Media Center PC 6.0; MALN; InfoPath.2)"
76.108.110.119 - - [07/Sep/2011:18:34:33 -0500] "GET /wp-content/themes/education/images/rss.png HTTP/1.1" 304 - "http://npcassoc.org/" "Mozilla/4.0 (compatible; MSIE 8.0; Windows NT 6.1; WOW64; Trident/4.0; GTB7.1; SLCC2; .NET CLR 2.0.50727; .NET CLR 3.5.30729; .NET CLR 3.0.30729; Media Center PC 6.0; MALN; InfoPath.2)"
76.108.110.119 - - [07/Sep/2011:18:34:33 -0500] "GET /wp-content/themes/education/images/content-top.png HTTP/1.1" 304 - "http://npcassoc.org/" "Mozilla/4.0 (compatible; MSIE 8.0; Windows NT 6.1; WOW64; Trident/4.0; GTB7.1; SLCC2; .NET CLR 2.0.50727; .NET CLR 3.5.30729; .NET CLR 3.0.30729; Media Center PC 6.0; MALN; InfoPath.2)"
76.108.110.119 - - [07/Sep/2011:18:34:33 -0500] "GET /wp-content/themes/education/images/sidebar-list.png HTTP/1.1" 304 - "http://npcassoc.org/" "Mozilla/4.0 (compatible; MSIE 8.0; Windows NT 6.1; WOW64; Trident/4.0; GTB7.1; SLCC2; .NET CLR 2.0.50727; .NET CLR 3.5.30729; .NET CLR 3.0.30729; Media Center PC 6.0; MALN; InfoPath.2)"
76.108.110.119 - - [07/Sep/2011:18:34:33 -0500] "GET /wp-content/themes/education/images/footer.png HTTP/1.1" 304 - "http://npcassoc.org/" "Mozilla/4.0 (compatible; MSIE 8.0; Windows NT 6.1; WOW64; Trident/4.0; GTB7.1; SLCC2; .NET CLR 2.0.50727; .NET CLR 3.5.30729; .NET CLR 3.0.30729; Media Center PC 6.0; MALN; InfoPath.2)"
76.108.110.119 - - [07/Sep/2011:18:34:33 -0500] "GET /wp-content/themes/education/images/footer-top.png HTTP/1.1" 304 - "http://npcassoc.org/" "Mozilla/4.0 (compatible; MSIE 8.0; Windows NT 6.1; WOW64; Trident/4.0; GTB7.1; SLCC2; .NET CLR 2.0.50727; .NET CLR 3.5.30729; .NET CLR 3.0.30729; Media Center PC 6.0; MALN; InfoPath.2)"
76.108.110.119 - - [07/Sep/2011:18:34:33 -0500] "GET /wp-content/themes/education/images/arrow-right.png HTTP/1.1" 304 - "http://npcassoc.org/" "Mozilla/4.0 (compatible; MSIE 8.0; Windows NT 6.1; WOW64; Trident/4.0; GTB7.1; SLCC2; .NET CLR 2.0.50727; .NET CLR 3.5.30729; .NET CLR 3.0.30729; Media Center PC 6.0; MALN; InfoPath.2)"
76.108.110.119 - - [07/Sep/2011:18:34:33 -0500] "GET /wp-content/themes/education/images/arrow-down.png HTTP/1.1" 304 - "http://npcassoc.org/" "Mozilla/4.0 (compatible; MSIE 8.0; Windows NT 6.1; WOW64; Trident/4.0; GTB7.1; SLCC2; .NET CLR 2.0.50727; .NET CLR 3.5.30729; .NET CLR 3.0.30729; Media Center PC 6.0; MALN; InfoPath.2)"
76.108.110.119 - - [07/Sep/2011:18:34:34 -0500] "GET /wp-content/themes/education/images/bg.png HTTP/1.1" 304 - "http://npcassoc.org/" "Mozilla/4.0 (compatible; MSIE 8.0; Windows NT 6.1; WOW64; Trident/4.0; GTB7.1; SLCC2; .NET CLR 2.0.50727; .NET CLR 3.5.30729; .NET CLR 3.0.30729; Media Center PC 6.0; MALN; InfoPath.2)"
76.108.110.119 - - [07/Sep/2011:18:34:36 -0500] "POST /wp-admin/admin-ajax.php HTTP/1.1" 200 153 "http://npcassoc.org/wp-admin/post.php?post=2&action=edit&message=1" "Mozilla/4.0 (compatible; MSIE 8.0; Windows NT 6.1; WOW64; Trident/4.0; GTB7.1; SLCC2; .NET CLR 2.0.50727; .NET CLR 3.5.30729; .NET CLR 3.0.30729; Media Center PC 6.0; MALN; InfoPath.2)"
76.108.110.119 - - [07/Sep/2011:18:34:51 -0500] "GET /wp-content/themes/education/images/navhov.png HTTP/1.1" 304 - "http://npcassoc.org/" "Mozilla/4.0 (compatible; MSIE 8.0; Windows NT 6.1; WOW64; Trident/4.0; GTB7.1; SLCC2; .NET CLR 2.0.50727; .NET CLR 3.5.30729; .NET CLR 3.0.30729; Media Center PC 6.0; MALN; InfoPath.2)"
76.108.110.119 - - [07/Sep/2011:18:35:21 -0500] "GET /wp-admin/edit.php?post_type=page HTTP/1.1" 200 9608 "http://npcassoc.org/wp-admin/post.php?post=2&action=edit&message=1" "Mozilla/4.0 (compatible; MSIE 8.0; Windows NT 6.1; WOW64; Trident/4.0; GTB7.1; SLCC2; .NET CLR 2.0.50727; .NET CLR 3.5.30729; .NET CLR 3.0.30729; Media Center PC 6.0; MALN; InfoPath.2)"
76.108.110.119 - - [07/Sep/2011:18:35:21 -0500] "GET /wp-includes/js/thickbox/thickbox.css?ver=20090514 HTTP/1.1" 304 - "http://npcassoc.org/wp-admin/edit.php?post_type=page" "Mozilla/4.0 (compatible; MSIE 8.0; Windows NT 6.1; WOW64; Trident/4.0; GTB7.1; SLCC2; .NET CLR 2.0.50727; .NET CLR 3.5.30729; .NET CLR 3.0.30729; Media Center PC 6.0; MALN; InfoPath.2)"
76.108.110.119 - - [07/Sep/2011:18:35:21 -0500] "GET /wp-content/themes/genesis/lib/js/admin.js?ver=3.0.4 HTTP/1.1" 304 - "http://npcassoc.org/wp-admin/edit.php?post_type=page" "Mozilla/4.0 (compatible; MSIE 8.0; Windows NT 6.1; WOW64; Trident/4.0; GTB7.1; SLCC2; .NET CLR 2.0.50727; .NET CLR 3.5.30729; .NET CLR 3.0.30729; Media Center PC 6.0; MALN; InfoPath.2)"
76.108.110.119 - - [07/Sep/2011:18:35:21 -0500] "GET /wp-content/themes/genesis/lib/css/admin.css?ver=3.0.4 HTTP/1.1" 304 - "http://npcassoc.org/wp-admin/edit.php?post_type=page" "Mozilla/4.0 (compatible; MSIE 8.0; Windows NT 6.1; WOW64; Trident/4.0; GTB7.1; SLCC2; .NET CLR 2.0.50727; .NET CLR 3.5.30729; .NET CLR 3.0.30729; Media Center PC 6.0; MALN; InfoPath.2)"
76.108.110.119 - - [07/Sep/2011:18:35:22 -0500] "GET /wp-admin/css/colors-fresh.css?ver=20100610 HTTP/1.1" 304 - "http://npcassoc.org/wp-admin/edit.php?post_type=page" "Mozilla/4.0 (compatible; MSIE 8.0; Windows NT 6.1; WOW64; Trident/4.0; GTB7.1; SLCC2; .NET CLR 2.0.50727; .NET CLR 3.5.30729; .NET CLR 3.0.30729; Media Center PC 6.0; MALN; InfoPath.2)"
76.108.110.119 - - [07/Sep/2011:18:35:22 -0500] "GET /wp-includes/images/blank.gif HTTP/1.1" 304 - "http://npcassoc.org/wp-admin/edit.php?post_type=page" "Mozilla/4.0 (compatible; MSIE 8.0; Windows NT 6.1; WOW64; Trident/4.0; GTB7.1; SLCC2; .NET CLR 2.0.50727; .NET CLR 3.5.30729; .NET CLR 3.0.30729; Media Center PC 6.0; MALN; InfoPath.2)"
76.108.110.119 - - [07/Sep/2011:18:35:22 -0500] "GET /wp-content/themes/genesis/images/genesis.gif HTTP/1.1" 304 - "http://npcassoc.org/wp-admin/edit.php?post_type=page" "Mozilla/4.0 (compatible; MSIE 8.0; Windows NT 6.1; WOW64; Trident/4.0; GTB7.1; SLCC2; .NET CLR 2.0.50727; .NET CLR 3.5.30729; .NET CLR 3.0.30729; Media Center PC 6.0; MALN; InfoPath.2)"
76.108.110.119 - - [07/Sep/2011:18:35:22 -0500] "GET /wp-admin/images/generic.png HTTP/1.1" 304 - "http://npcassoc.org/wp-admin/edit.php?post_type=page" "Mozilla/4.0 (compatible; MSIE 8.0; Windows NT 6.1; WOW64; Trident/4.0; GTB7.1; SLCC2; .NET CLR 2.0.50727; .NET CLR 3.5.30729; .NET CLR 3.0.30729; Media Center PC 6.0; MALN; InfoPath.2)"
76.108.110.119 - - [07/Sep/2011:18:35:22 -0500] "GET /wp-admin/images/comment-grey-bubble.png HTTP/1.1" 304 - "http://npcassoc.org/wp-admin/edit.php?post_type=page" "Mozilla/4.0 (compatible; MSIE 8.0; Windows NT 6.1; WOW64; Trident/4.0; GTB7.1; SLCC2; .NET CLR 2.0.50727; .NET CLR 3.5.30729; .NET CLR 3.0.30729; Media Center PC 6.0; MALN; InfoPath.2)"
76.108.110.119 - - [07/Sep/2011:18:35:22 -0500] "GET /wp-admin/images/white-grad.png HTTP/1.1" 304 - "http://npcassoc.org/wp-admin/edit.php?post_type=page" "Mozilla/4.0 (compatible; MSIE 8.0; Windows NT 6.1; WOW64; Trident/4.0; GTB7.1; SLCC2; .NET CLR 2.0.50727; .NET CLR 3.5.30729; .NET CLR 3.0.30729; Media Center PC 6.0; MALN; InfoPath.2)"
76.108.110.119 - - [07/Sep/2011:18:35:22 -0500] "GET /wp-admin/images/wp-logo.png?ver=20100531 HTTP/1.1" 304 - "http://npcassoc.org/wp-admin/edit.php?post_type=page" "Mozilla/4.0 (compatible; MSIE 8.0; Windows NT 6.1; WOW64; Trident/4.0; GTB7.1; SLCC2; .NET CLR 2.0.50727; .NET CLR 3.5.30729; .NET CLR 3.0.30729; Media Center PC 6.0; MALN; InfoPath.2)"
76.108.110.119 - - [07/Sep/2011:18:35:22 -0500] "GET /wp-admin/images/fav-arrow.gif?ver=20100531 HTTP/1.1" 304 - "http://npcassoc.org/wp-admin/edit.php?post_type=page" "Mozilla/4.0 (compatible; MSIE 8.0; Windows NT 6.1; WOW64; Trident/4.0; GTB7.1; SLCC2; .NET CLR 2.0.50727; .NET CLR 3.5.30729; .NET CLR 3.0.30729; Media Center PC 6.0; MALN; InfoPath.2)"
76.108.110.119 - - [07/Sep/2011:18:35:22 -0500] "GET /wp-admin/images/menu.png?ver=20100531 HTTP/1.1" 304 - "http://npcassoc.org/wp-admin/edit.php?post_type=page" "Mozilla/4.0 (compatible; MSIE 8.0; Windows NT 6.1; WOW64; Trident/4.0; GTB7.1; SLCC2; .NET CLR 2.0.50727; .NET CLR 3.5.30729; .NET CLR 3.0.30729; Media Center PC 6.0; MALN; InfoPath.2)"
76.108.110.119 - - [07/Sep/2011:18:35:22 -0500] "GET /wp-admin/images/wpspin_light.gif HTTP/1.1" 304 - "http://npcassoc.org/wp-admin/edit.php?post_type=page" "Mozilla/4.0 (compatible; MSIE 8.0; Windows NT 6.1; WOW64; Trident/4.0; GTB7.1; SLCC2; .NET CLR 2.0.50727; .NET CLR 3.5.30729; .NET CLR 3.0.30729; Media Center PC 6.0; MALN; InfoPath.2)"
76.108.110.119 - - [07/Sep/2011:18:35:22 -0500] "GET /wp-admin/images/menu-bits.gif?ver=20100610 HTTP/1.1" 304 - "http://npcassoc.org/wp-admin/edit.php?post_type=page" "Mozilla/4.0 (compatible; MSIE 8.0; Windows NT 6.1; WOW64; Trident/4.0; GTB7.1; SLCC2; .NET CLR 2.0.50727; .NET CLR 3.5.30729; .NET CLR 3.0.30729; Media Center PC 6.0; MALN; InfoPath.2)"
76.108.110.119 - - [07/Sep/2011:18:35:22 -0500] "GET /wp-admin/images/menu-arrows.gif HTTP/1.1" 304 - "http://npcassoc.org/wp-admin/edit.php?post_type=page" "Mozilla/4.0 (compatible; MSIE 8.0; Windows NT 6.1; WOW64; Trident/4.0; GTB7.1; SLCC2; .NET CLR 2.0.50727; .NET CLR 3.5.30729; .NET CLR 3.0.30729; Media Center PC 6.0; MALN; InfoPath.2)"
76.108.110.119 - - [07/Sep/2011:18:35:22 -0500] "GET /wp-admin/images/menu-dark.gif HTTP/1.1" 304 - "http://npcassoc.org/wp-admin/edit.php?post_type=page" "Mozilla/4.0 (compatible; MSIE 8.0; Windows NT 6.1; WOW64; Trident/4.0; GTB7.1; SLCC2; .NET CLR 2.0.50727; .NET CLR 3.5.30729; .NET CLR 3.0.30729; Media Center PC 6.0; MALN; InfoPath.2)"
76.108.110.119 - - [07/Sep/2011:18:35:22 -0500] "GET /wp-admin/images/screen-options-right.gif?ver=20100531 HTTP/1.1" 304 - "http://npcassoc.org/wp-admin/edit.php?post_type=page" "Mozilla/4.0 (compatible; MSIE 8.0; Windows NT 6.1; WOW64; Trident/4.0; GTB7.1; SLCC2; .NET CLR 2.0.50727; .NET CLR 3.5.30729; .NET CLR 3.0.30729; Media Center PC 6.0; MALN; InfoPath.2)"
76.108.110.119 - - [07/Sep/2011:18:35:22 -0500] "GET /wp-admin/images/icons32.png?ver=20100531 HTTP/1.1" 304 - "http://npcassoc.org/wp-admin/edit.php?post_type=page" "Mozilla/4.0 (compatible; MSIE 8.0; Windows NT 6.1; WOW64; Trident/4.0; GTB7.1; SLCC2; .NET CLR 2.0.50727; .NET CLR 3.5.30729; .NET CLR 3.0.30729; Media Center PC 6.0; MALN; InfoPath.2)"
76.108.110.119 - - [07/Sep/2011:18:35:22 -0500] "GET /wp-admin/images/gray-grad.png HTTP/1.1" 304 - "http://npcassoc.org/wp-admin/edit.php?post_type=page" "Mozilla/4.0 (compatible; MSIE 8.0; Windows NT 6.1; WOW64; Trident/4.0; GTB7.1; SLCC2; .NET CLR 2.0.50727; .NET CLR 3.5.30729; .NET CLR 3.0.30729; Media Center PC 6.0; MALN; InfoPath.2)"
76.108.110.119 - - [07/Sep/2011:18:35:22 -0500] "GET /wp-admin/images/bubble_bg.gif HTTP/1.1" 304 - "http://npcassoc.org/wp-admin/edit.php?post_type=page" "Mozilla/4.0 (compatible; MSIE 8.0; Windows NT 6.1; WOW64; Trident/4.0; GTB7.1; SLCC2; .NET CLR 2.0.50727; .NET CLR 3.5.30729; .NET CLR 3.0.30729; Media Center PC 6.0; MALN; InfoPath.2)"
76.108.110.119 - - [07/Sep/2011:18:35:22 -0500] "GET /wp-includes/js/thickbox/loadingAnimation.gif HTTP/1.1" 304 - "http://npcassoc.org/wp-admin/edit.php?post_type=page" "Mozilla/4.0 (compatible; MSIE 8.0; Windows NT 6.1; WOW64; Trident/4.0; GTB7.1; SLCC2; .NET CLR 2.0.50727; .NET CLR 3.5.30729; .NET CLR 3.0.30729; Media Center PC 6.0; MALN; InfoPath.2)"
76.108.110.119 - - [07/Sep/2011:18:35:22 -0500] "GET /wp-admin/images/button-grad.png HTTP/1.1" 304 - "http://npcassoc.org/wp-admin/edit.php?post_type=page" "Mozilla/4.0 (compatible; MSIE 8.0; Windows NT 6.1; WOW64; Trident/4.0; GTB7.1; SLCC2; .NET CLR 2.0.50727; .NET CLR 3.5.30729; .NET CLR 3.0.30729; Media Center PC 6.0; MALN; InfoPath.2)"
76.108.110.119 - - [07/Sep/2011:18:35:39 -0500] "GET /wp-admin/post.php?post=5&action=edit HTTP/1.1" 200 12846 "http://npcassoc.org/wp-admin/edit.php?post_type=page" "Mozilla/4.0 (compatible; MSIE 8.0; Windows NT 6.1; WOW64; Trident/4.0; GTB7.1; SLCC2; .NET CLR 2.0.50727; .NET CLR 3.5.30729; .NET CLR 3.0.30729; Media Center PC 6.0; MALN; InfoPath.2)"
76.108.110.119 - - [07/Sep/2011:18:35:40 -0500] "GET /wp-content/plugins/simple-tags/inc/css/admin.css?ver=1.7.1-rc1.2 HTTP/1.1" 304 - "http://npcassoc.org/wp-admin/post.php?post=5&action=edit" "Mozilla/4.0 (compatible; MSIE 8.0; Windows NT 6.1; WOW64; Trident/4.0; GTB7.1; SLCC2; .NET CLR 2.0.50727; .NET CLR 3.5.30729; .NET CLR 3.0.30729; Media Center PC 6.0; MALN; InfoPath.2)"
76.108.110.119 - - [07/Sep/2011:18:35:40 -0500] "GET /wp-content/plugins/simple-tags/inc/js/helper-suggested-tags.min.js?ver=1.7.1-rc1.2 HTTP/1.1" 304 - "http://npcassoc.org/wp-admin/post.php?post=5&action=edit" "Mozilla/4.0 (compatible; MSIE 8.0; Windows NT 6.1; WOW64; Trident/4.0; GTB7.1; SLCC2; .NET CLR 2.0.50727; .NET CLR 3.5.30729; .NET CLR 3.0.30729; Media Center PC 6.0; MALN; InfoPath.2)"
76.108.110.119 - - [07/Sep/2011:18:35:40 -0500] "GET /wp-content/plugins/simple-tags/inc/js/helper-add-tags.min.js?ver=1.7.1-rc1.2 HTTP/1.1" 304 - "http://npcassoc.org/wp-admin/post.php?post=5&action=edit" "Mozilla/4.0 (compatible; MSIE 8.0; Windows NT 6.1; WOW64; Trident/4.0; GTB7.1; SLCC2; .NET CLR 2.0.50727; .NET CLR 3.5.30729; .NET CLR 3.0.30729; Media Center PC 6.0; MALN; InfoPath.2)"
76.108.110.119 - - [07/Sep/2011:18:35:40 -0500] "GET /wp-admin/images/media-button-image.gif?ver=20100531 HTTP/1.1" 304 - "http://npcassoc.org/wp-admin/post.php?post=5&action=edit" "Mozilla/4.0 (compatible; MSIE 8.0; Windows NT 6.1; WOW64; Trident/4.0; GTB7.1; SLCC2; .NET CLR 2.0.50727; .NET CLR 3.5.30729; .NET CLR 3.0.30729; Media Center PC 6.0; MALN; InfoPath.2)"
76.108.110.119 - - [07/Sep/2011:18:35:40 -0500] "GET /wp-admin/images/media-button-video.gif?ver=20100531 HTTP/1.1" 304 - "http://npcassoc.org/wp-admin/post.php?post=5&action=edit" "Mozilla/4.0 (compatible; MSIE 8.0; Windows NT 6.1; WOW64; Trident/4.0; GTB7.1; SLCC2; .NET CLR 2.0.50727; .NET CLR 3.5.30729; .NET CLR 3.0.30729; Media Center PC 6.0; MALN; InfoPath.2)"
76.108.110.119 - - [07/Sep/2011:18:35:40 -0500] "GET /wp-admin/images/media-button-music.gif?ver=20100531 HTTP/1.1" 304 - "http://npcassoc.org/wp-admin/post.php?post=5&action=edit" "Mozilla/4.0 (compatible; MSIE 8.0; Windows NT 6.1; WOW64; Trident/4.0; GTB7.1; SLCC2; .NET CLR 2.0.50727; .NET CLR 3.5.30729; .NET CLR 3.0.30729; Media Center PC 6.0; MALN; InfoPath.2)"
76.108.110.119 - - [07/Sep/2011:18:35:40 -0500] "GET /wp-admin/images/media-button-other.gif?ver=20100531 HTTP/1.1" 304 - "http://npcassoc.org/wp-admin/post.php?post=5&action=edit" "Mozilla/4.0 (compatible; MSIE 8.0; Windows NT 6.1; WOW64; Trident/4.0; GTB7.1; SLCC2; .NET CLR 2.0.50727; .NET CLR 3.5.30729; .NET CLR 3.0.30729; Media Center PC 6.0; MALN; InfoPath.2)"
76.108.110.119 - - [07/Sep/2011:18:35:40 -0500] "GET /wp-admin/images/fade-butt.png HTTP/1.1" 304 - "http://npcassoc.org/wp-admin/post.php?post=5&action=edit" "Mozilla/4.0 (compatible; MSIE 8.0; Windows NT 6.1; WOW64; Trident/4.0; GTB7.1; SLCC2; .NET CLR 2.0.50727; .NET CLR 3.5.30729; .NET CLR 3.0.30729; Media Center PC 6.0; MALN; InfoPath.2)"
76.108.110.119 - - [07/Sep/2011:18:35:40 -0500] "GET /wp-content/themes/genesis/lib/admin/images/layouts/cs.gif HTTP/1.1" 304 - "http://npcassoc.org/wp-admin/post.php?post=5&action=edit" "Mozilla/4.0 (compatible; MSIE 8.0; Windows NT 6.1; WOW64; Trident/4.0; GTB7.1; SLCC2; .NET CLR 2.0.50727; .NET CLR 3.5.30729; .NET CLR 3.0.30729; Media Center PC 6.0; MALN; InfoPath.2)"
76.108.110.119 - - [07/Sep/2011:18:35:40 -0500] "GET /wp-content/themes/genesis/lib/admin/images/layouts/sc.gif HTTP/1.1" 304 - "http://npcassoc.org/wp-admin/post.php?post=5&action=edit" "Mozilla/4.0 (compatible; MSIE 8.0; Windows NT 6.1; WOW64; Trident/4.0; GTB7.1; SLCC2; .NET CLR 2.0.50727; .NET CLR 3.5.30729; .NET CLR 3.0.30729; Media Center PC 6.0; MALN; InfoPath.2)"
76.108.110.119 - - [07/Sep/2011:18:35:40 -0500] "GET /wp-content/themes/genesis/lib/admin/images/layouts/css.gif HTTP/1.1" 304 - "http://npcassoc.org/wp-admin/post.php?post=5&action=edit" "Mozilla/4.0 (compatible; MSIE 8.0; Windows NT 6.1; WOW64; Trident/4.0; GTB7.1; SLCC2; .NET CLR 2.0.50727; .NET CLR 3.5.30729; .NET CLR 3.0.30729; Media Center PC 6.0; MALN; InfoPath.2)"
76.108.110.119 - - [07/Sep/2011:18:35:40 -0500] "GET /wp-admin/images/date-button.gif HTTP/1.1" 304 - "http://npcassoc.org/wp-admin/post.php?post=5&action=edit" "Mozilla/4.0 (compatible; MSIE 8.0; Windows NT 6.1; WOW64; Trident/4.0; GTB7.1; SLCC2; .NET CLR 2.0.50727; .NET CLR 3.5.30729; .NET CLR 3.0.30729; Media Center PC 6.0; MALN; InfoPath.2)"
76.108.110.119 - - [07/Sep/2011:18:35:40 -0500] "GET /wp-admin/images/ed-bg.gif HTTP/1.1" 304 - "http://npcassoc.org/wp-admin/post.php?post=5&action=edit" "Mozilla/4.0 (compatible; MSIE 8.0; Windows NT 6.1; WOW64; Trident/4.0; GTB7.1; SLCC2; .NET CLR 2.0.50727; .NET CLR 3.5.30729; .NET CLR 3.0.30729; Media Center PC 6.0; MALN; InfoPath.2)"
76.108.110.119 - - [07/Sep/2011:18:35:40 -0500] "GET /wp-content/themes/genesis/lib/admin/images/layouts/ssc.gif HTTP/1.1" 304 - "http://npcassoc.org/wp-admin/post.php?post=5&action=edit" "Mozilla/4.0 (compatible; MSIE 8.0; Windows NT 6.1; WOW64; Trident/4.0; GTB7.1; SLCC2; .NET CLR 2.0.50727; .NET CLR 3.5.30729; .NET CLR 3.0.30729; Media Center PC 6.0; MALN; InfoPath.2)"
76.108.110.119 - - [07/Sep/2011:18:35:40 -0500] "GET /wp-content/themes/genesis/lib/admin/images/layouts/scs.gif HTTP/1.1" 304 - "http://npcassoc.org/wp-admin/post.php?post=5&action=edit" "Mozilla/4.0 (compatible; MSIE 8.0; Windows NT 6.1; WOW64; Trident/4.0; GTB7.1; SLCC2; .NET CLR 2.0.50727; .NET CLR 3.5.30729; .NET CLR 3.0.30729; Media Center PC 6.0; MALN; InfoPath.2)"
76.108.110.119 - - [07/Sep/2011:18:35:40 -0500] "GET /wp-content/themes/genesis/lib/admin/images/layouts/c.gif HTTP/1.1" 304 - "http://npcassoc.org/wp-admin/post.php?post=5&action=edit" "Mozilla/4.0 (compatible; MSIE 8.0; Windows NT 6.1; WOW64; Trident/4.0; GTB7.1; SLCC2; .NET CLR 2.0.50727; .NET CLR 3.5.30729; .NET CLR 3.0.30729; Media Center PC 6.0; MALN; InfoPath.2)"
76.108.110.119 - - [07/Sep/2011:18:35:40 -0500] "GET /wp-includes/js/tinymce/langs/wp-langs-en.js?ver=327-1235 HTTP/1.1" 304 - "http://npcassoc.org/wp-admin/post.php?post=5&action=edit" "Mozilla/4.0 (compatible; MSIE 8.0; Windows NT 6.1; WOW64; Trident/4.0; GTB7.1; SLCC2; .NET CLR 2.0.50727; .NET CLR 3.5.30729; .NET CLR 3.0.30729; Media Center PC 6.0; MALN; InfoPath.2)"
76.108.110.119 - - [07/Sep/2011:18:35:40 -0500] "GET /wp-includes/js/tinymce/themes/advanced/skins/wp_theme/ui.css?ver=327-1235 HTTP/1.1" 304 - "http://npcassoc.org/wp-admin/post.php?post=5&action=edit" "Mozilla/4.0 (compatible; MSIE 8.0; Windows NT 6.1; WOW64; Trident/4.0; GTB7.1; SLCC2; .NET CLR 2.0.50727; .NET CLR 3.5.30729; .NET CLR 3.0.30729; Media Center PC 6.0; MALN; InfoPath.2)"
76.108.110.119 - - [07/Sep/2011:18:35:40 -0500] "GET /wp-includes/js/tinymce/plugins/wpeditimage/img/image.png HTTP/1.1" 304 - "http://npcassoc.org/wp-admin/post.php?post=5&action=edit" "Mozilla/4.0 (compatible; MSIE 8.0; Windows NT 6.1; WOW64; Trident/4.0; GTB7.1; SLCC2; .NET CLR 2.0.50727; .NET CLR 3.5.30729; .NET CLR 3.0.30729; Media Center PC 6.0; MALN; InfoPath.2)"
76.108.110.119 - - [07/Sep/2011:18:35:40 -0500] "GET /wp-includes/js/tinymce/plugins/wpgallery/img/edit.png HTTP/1.1" 304 - "http://npcassoc.org/wp-admin/post.php?post=5&action=edit" "Mozilla/4.0 (compatible; MSIE 8.0; Windows NT 6.1; WOW64; Trident/4.0; GTB7.1; SLCC2; .NET CLR 2.0.50727; .NET CLR 3.5.30729; .NET CLR 3.0.30729; Media Center PC 6.0; MALN; InfoPath.2)"
76.108.110.119 - - [07/Sep/2011:18:35:40 -0500] "GET /wp-includes/js/tinymce/plugins/wpeditimage/img/delete.png HTTP/1.1" 304 - "http://npcassoc.org/wp-admin/post.php?post=5&action=edit" "Mozilla/4.0 (compatible; MSIE 8.0; Windows NT 6.1; WOW64; Trident/4.0; GTB7.1; SLCC2; .NET CLR 2.0.50727; .NET CLR 3.5.30729; .NET CLR 3.0.30729; Media Center PC 6.0; MALN; InfoPath.2)"
76.108.110.119 - - [07/Sep/2011:18:35:40 -0500] "GET /wp-includes/js/tinymce/plugins/wpgallery/img/delete.png HTTP/1.1" 304 - "http://npcassoc.org/wp-admin/post.php?post=5&action=edit" "Mozilla/4.0 (compatible; MSIE 8.0; Windows NT 6.1; WOW64; Trident/4.0; GTB7.1; SLCC2; .NET CLR 2.0.50727; .NET CLR 3.5.30729; .NET CLR 3.0.30729; Media Center PC 6.0; MALN; InfoPath.2)"
76.108.110.119 - - [07/Sep/2011:18:35:40 -0500] "GET /wp-includes/js/tinymce/plugins/inlinepopups/skins/clearlooks2/window.css?ver=327-1235 HTTP/1.1" 304 - "http://npcassoc.org/wp-admin/post.php?post=5&action=edit" "Mozilla/4.0 (compatible; MSIE 8.0; Windows NT 6.1; WOW64; Trident/4.0; GTB7.1; SLCC2; .NET CLR 2.0.50727; .NET CLR 3.5.30729; .NET CLR 3.0.30729; Media Center PC 6.0; MALN; InfoPath.2)"
76.108.110.119 - - [07/Sep/2011:18:35:40 -0500] "GET /wp-includes/js/tinymce/plugins/wordpress/img/more.gif HTTP/1.1" 304 - "http://npcassoc.org/wp-admin/post.php?post=5&action=edit" "Mozilla/4.0 (compatible; MSIE 8.0; Windows NT 6.1; WOW64; Trident/4.0; GTB7.1; SLCC2; .NET CLR 2.0.50727; .NET CLR 3.5.30729; .NET CLR 3.0.30729; Media Center PC 6.0; MALN; InfoPath.2)"
76.108.110.119 - - [07/Sep/2011:18:35:40 -0500] "GET /wp-includes/js/tinymce/plugins/wordpress/img/toolbars.gif HTTP/1.1" 304 - "http://npcassoc.org/wp-admin/post.php?post=5&action=edit" "Mozilla/4.0 (compatible; MSIE 8.0; Windows NT 6.1; WOW64; Trident/4.0; GTB7.1; SLCC2; .NET CLR 2.0.50727; .NET CLR 3.5.30729; .NET CLR 3.0.30729; Media Center PC 6.0; MALN; InfoPath.2)"
76.108.110.119 - - [07/Sep/2011:18:35:40 -0500] "GET /wp-includes/js/tinymce/plugins/wordpress/img/help.gif HTTP/1.1" 304 - "http://npcassoc.org/wp-admin/post.php?post=5&action=edit" "Mozilla/4.0 (compatible; MSIE 8.0; Windows NT 6.1; WOW64; Trident/4.0; GTB7.1; SLCC2; .NET CLR 2.0.50727; .NET CLR 3.5.30729; .NET CLR 3.0.30729; Media Center PC 6.0; MALN; InfoPath.2)"
76.108.110.119 - - [07/Sep/2011:18:35:40 -0500] "GET /wp-admin/images/resize.gif HTTP/1.1" 304 - "http://npcassoc.org/wp-admin/post.php?post=5&action=edit" "Mozilla/4.0 (compatible; MSIE 8.0; Windows NT 6.1; WOW64; Trident/4.0; GTB7.1; SLCC2; .NET CLR 2.0.50727; .NET CLR 3.5.30729; .NET CLR 3.0.30729; Media Center PC 6.0; MALN; InfoPath.2)"
76.108.110.119 - - [07/Sep/2011:18:35:40 -0500] "GET /wp-content/plugins/simple-tags/inc/images/ajax-loader.gif HTTP/1.1" 304 - "http://npcassoc.org/wp-admin/post.php?post=5&action=edit" "Mozilla/4.0 (compatible; MSIE 8.0; Windows NT 6.1; WOW64; Trident/4.0; GTB7.1; SLCC2; .NET CLR 2.0.50727; .NET CLR 3.5.30729; .NET CLR 3.0.30729; Media Center PC 6.0; MALN; InfoPath.2)"
76.108.110.119 - - [07/Sep/2011:18:35:41 -0500] "GET /wp-includes/js/tinymce/themes/advanced/skins/wp_theme/img/butt2.png HTTP/1.1" 304 - "http://npcassoc.org/wp-admin/post.php?post=5&action=edit" "Mozilla/4.0 (compatible; MSIE 8.0; Windows NT 6.1; WOW64; Trident/4.0; GTB7.1; SLCC2; .NET CLR 2.0.50727; .NET CLR 3.5.30729; .NET CLR 3.0.30729; Media Center PC 6.0; MALN; InfoPath.2)"
76.108.110.119 - - [07/Sep/2011:18:35:41 -0500] "GET /wp-includes/js/tinymce/themes/advanced/img/icons.gif HTTP/1.1" 304 - "http://npcassoc.org/wp-admin/post.php?post=5&action=edit" "Mozilla/4.0 (compatible; MSIE 8.0; Windows NT 6.1; WOW64; Trident/4.0; GTB7.1; SLCC2; .NET CLR 2.0.50727; .NET CLR 3.5.30729; .NET CLR 3.0.30729; Media Center PC 6.0; MALN; InfoPath.2)"
76.108.110.119 - - [07/Sep/2011:18:35:41 -0500] "GET /wp-includes/js/tinymce/themes/advanced/skins/wp_theme/img/down_arrow.gif HTTP/1.1" 304 - "http://npcassoc.org/wp-admin/post.php?post=5&action=edit" "Mozilla/4.0 (compatible; MSIE 8.0; Windows NT 6.1; WOW64; Trident/4.0; GTB7.1; SLCC2; .NET CLR 2.0.50727; .NET CLR 3.5.30729; .NET CLR 3.0.30729; Media Center PC 6.0; MALN; InfoPath.2)"
76.108.110.119 - - [07/Sep/2011:18:35:41 -0500] "GET /wp-includes/js/tinymce/themes/advanced/skins/wp_theme/content.css?ver=327-1235 HTTP/1.1" 304 - "http://npcassoc.org/wp-admin/post.php?post=5&action=edit" "Mozilla/4.0 (compatible; MSIE 8.0; Windows NT 6.1; WOW64; Trident/4.0; GTB7.1; SLCC2; .NET CLR 2.0.50727; .NET CLR 3.5.30729; .NET CLR 3.0.30729; Media Center PC 6.0; MALN; InfoPath.2)"
76.108.110.119 - - [07/Sep/2011:18:35:41 -0500] "GET /wp-includes/js/tinymce/plugins/spellchecker/css/content.css?ver=327-1235 HTTP/1.1" 304 - "http://npcassoc.org/wp-admin/post.php?post=5&action=edit" "Mozilla/4.0 (compatible; MSIE 8.0; Windows NT 6.1; WOW64; Trident/4.0; GTB7.1; SLCC2; .NET CLR 2.0.50727; .NET CLR 3.5.30729; .NET CLR 3.0.30729; Media Center PC 6.0; MALN; InfoPath.2)"
76.108.110.119 - - [07/Sep/2011:18:35:41 -0500] "GET /wp-includes/js/tinymce/plugins/media/css/content.css?ver=327-1235 HTTP/1.1" 304 - "http://npcassoc.org/wp-admin/post.php?post=5&action=edit" "Mozilla/4.0 (compatible; MSIE 8.0; Windows NT 6.1; WOW64; Trident/4.0; GTB7.1; SLCC2; .NET CLR 2.0.50727; .NET CLR 3.5.30729; .NET CLR 3.0.30729; Media Center PC 6.0; MALN; InfoPath.2)"
76.108.110.119 - - [07/Sep/2011:18:35:41 -0500] "GET /wp-includes/js/tinymce/plugins/wordpress/css/content.css?ver=327-1235 HTTP/1.1" 304 - "http://npcassoc.org/wp-admin/post.php?post=5&action=edit" "Mozilla/4.0 (compatible; MSIE 8.0; Windows NT 6.1; WOW64; Trident/4.0; GTB7.1; SLCC2; .NET CLR 2.0.50727; .NET CLR 3.5.30729; .NET CLR 3.0.30729; Media Center PC 6.0; MALN; InfoPath.2)"
76.108.110.119 - - [07/Sep/2011:18:36:40 -0500] "POST /wp-admin/admin-ajax.php HTTP/1.1" 200 173 "http://npcassoc.org/wp-admin/post.php?post=5&action=edit" "Mozilla/4.0 (compatible; MSIE 8.0; Windows NT 6.1; WOW64; Trident/4.0; GTB7.1; SLCC2; .NET CLR 2.0.50727; .NET CLR 3.5.30729; .NET CLR 3.0.30729; Media Center PC 6.0; MALN; InfoPath.2)"
76.108.110.119 - - [07/Sep/2011:18:37:40 -0500] "POST /wp-admin/admin-ajax.php HTTP/1.1" 200 173 "http://npcassoc.org/wp-admin/post.php?post=5&action=edit" "Mozilla/4.0 (compatible; MSIE 8.0; Windows NT 6.1; WOW64; Trident/4.0; GTB7.1; SLCC2; .NET CLR 2.0.50727; .NET CLR 3.5.30729; .NET CLR 3.0.30729; Media Center PC 6.0; MALN; InfoPath.2)"
76.108.110.119 - - [07/Sep/2011:18:38:40 -0500] "POST /wp-admin/admin-ajax.php HTTP/1.1" 200 173 "http://npcassoc.org/wp-admin/post.php?post=5&action=edit" "Mozilla/4.0 (compatible; MSIE 8.0; Windows NT 6.1; WOW64; Trident/4.0; GTB7.1; SLCC2; .NET CLR 2.0.50727; .NET CLR 3.5.30729; .NET CLR 3.0.30729; Media Center PC 6.0; MALN; InfoPath.2)"
76.108.110.119 - - [07/Sep/2011:18:39:34 -0500] "GET /wp-admin/images/button-grad-active.png HTTP/1.1" 304 - "http://npcassoc.org/wp-admin/post.php?post=5&action=edit" "Mozilla/4.0 (compatible; MSIE 8.0; Windows NT 6.1; WOW64; Trident/4.0; GTB7.1; SLCC2; .NET CLR 2.0.50727; .NET CLR 3.5.30729; .NET CLR 3.0.30729; Media Center PC 6.0; MALN; InfoPath.2)"
76.108.110.119 - - [07/Sep/2011:18:39:34 -0500] "POST /wp-admin/post.php HTTP/1.1" 302 20 "http://npcassoc.org/wp-admin/post.php?post=5&action=edit" "Mozilla/4.0 (compatible; MSIE 8.0; Windows NT 6.1; WOW64; Trident/4.0; GTB7.1; SLCC2; .NET CLR 2.0.50727; .NET CLR 3.5.30729; .NET CLR 3.0.30729; Media Center PC 6.0; MALN; InfoPath.2)"
76.108.110.119 - - [07/Sep/2011:18:39:35 -0500] "GET /wp-admin/post.php?post=5&action=edit&message=1 HTTP/1.1" 200 12917 "http://npcassoc.org/wp-admin/post.php?post=5&action=edit" "Mozilla/4.0 (compatible; MSIE 8.0; Windows NT 6.1; WOW64; Trident/4.0; GTB7.1; SLCC2; .NET CLR 2.0.50727; .NET CLR 3.5.30729; .NET CLR 3.0.30729; Media Center PC 6.0; MALN; InfoPath.2)"
76.108.110.119 - - [07/Sep/2011:18:39:44 -0500] "GET /wp-admin/edit.php?post_type=page HTTP/1.1" 200 9608 "http://npcassoc.org/wp-admin/post.php?post=5&action=edit&message=1" "Mozilla/4.0 (compatible; MSIE 8.0; Windows NT 6.1; WOW64; Trident/4.0; GTB7.1; SLCC2; .NET CLR 2.0.50727; .NET CLR 3.5.30729; .NET CLR 3.0.30729; Media Center PC 6.0; MALN; InfoPath.2)"
66.249.71.234 - - [07/Sep/2011:18:40:04 -0500] "GET /sitemap.xml HTTP/1.1" 200 5432 "-" "Mozilla/5.0 (compatible; Googlebot/2.1; +http://www.google.com/bot.html)"
184.106.111.192 - - [07/Sep/2011:18:40:04 -0500] "POST /wp-cron.php?doing_wp_cron HTTP/1.0" 200 - "-" "WordPress/3.0.4; http://npcassoc.org"
76.108.110.119 - - [07/Sep/2011:18:40:04 -0500] "GET /wp-admin/post.php?post=5&action=edit HTTP/1.1" 200 12852 "http://npcassoc.org/wp-admin/edit.php?post_type=page" "Mozilla/4.0 (compatible; MSIE 8.0; Windows NT 6.1; WOW64; Trident/4.0; GTB7.1; SLCC2; .NET CLR 2.0.50727; .NET CLR 3.5.30729; .NET CLR 3.0.30729; Media Center PC 6.0; MALN; InfoPath.2)"
76.108.110.119 - - [07/Sep/2011:18:40:23 -0500] "GET /wp-admin/edit.php?post_type=page HTTP/1.1" 200 9608 "http://npcassoc.org/wp-admin/post.php?post=5&action=edit" "Mozilla/4.0 (compatible; MSIE 8.0; Windows NT 6.1; WOW64; Trident/4.0; GTB7.1; SLCC2; .NET CLR 2.0.50727; .NET CLR 3.5.30729; .NET CLR 3.0.30729; Media Center PC 6.0; MALN; InfoPath.2)"
76.108.110.119 - - [07/Sep/2011:18:40:58 -0500] "GET /wp-admin/post.php?post=36&action=edit HTTP/1.1" 200 13696 "http://npcassoc.org/wp-admin/edit.php?post_type=page" "Mozilla/4.0 (compatible; MSIE 8.0; Windows NT 6.1; WOW64; Trident/4.0; GTB7.1; SLCC2; .NET CLR 2.0.50727; .NET CLR 3.5.30729; .NET CLR 3.0.30729; Media Center PC 6.0; MALN; InfoPath.2)"
76.108.110.119 - - [07/Sep/2011:18:41:59 -0500] "POST /wp-admin/admin-ajax.php HTTP/1.1" 200 175 "http://npcassoc.org/wp-admin/post.php?post=36&action=edit" "Mozilla/4.0 (compatible; MSIE 8.0; Windows NT 6.1; WOW64; Trident/4.0; GTB7.1; SLCC2; .NET CLR 2.0.50727; .NET CLR 3.5.30729; .NET CLR 3.0.30729; Media Center PC 6.0; MALN; InfoPath.2)"
76.108.110.119 - - [07/Sep/2011:18:42:11 -0500] "POST /wp-admin/post.php HTTP/1.1" 302 20 "http://npcassoc.org/wp-admin/post.php?post=36&action=edit" "Mozilla/4.0 (compatible; MSIE 8.0; Windows NT 6.1; WOW64; Trident/4.0; GTB7.1; SLCC2; .NET CLR 2.0.50727; .NET CLR 3.5.30729; .NET CLR 3.0.30729; Media Center PC 6.0; MALN; InfoPath.2)"
76.108.110.119 - - [07/Sep/2011:18:42:11 -0500] "GET /wp-admin/post.php?post=36&action=edit&message=1 HTTP/1.1" 200 13775 "http://npcassoc.org/wp-admin/post.php?post=36&action=edit" "Mozilla/4.0 (compatible; MSIE 8.0; Windows NT 6.1; WOW64; Trident/4.0; GTB7.1; SLCC2; .NET CLR 2.0.50727; .NET CLR 3.5.30729; .NET CLR 3.0.30729; Media Center PC 6.0; MALN; InfoPath.2)"
184.106.111.192 - - [07/Sep/2011:18:42:35 -0500] "POST /wp-cron.php?doing_wp_cron HTTP/1.0" 200 - "-" "WordPress/3.0.4; http://npcassoc.org"
66.249.71.234 - - [07/Sep/2011:18:42:36 -0500] "GET /sitemap.xml HTTP/1.1" 200 5432 "-" "Mozilla/5.0 (compatible; Googlebot/2.1; +http://www.google.com/bot.html)"
76.108.110.119 - - [07/Sep/2011:18:42:35 -0500] "GET /wp-admin/post-new.php?post_type=page HTTP/1.1" 200 11849 "http://npcassoc.org/wp-admin/post.php?post=36&action=edit&message=1" "Mozilla/4.0 (compatible; MSIE 8.0; Windows NT 6.1; WOW64; Trident/4.0; GTB7.1; SLCC2; .NET CLR 2.0.50727; .NET CLR 3.5.30729; .NET CLR 3.0.30729; Media Center PC 6.0; MALN; InfoPath.2)"
76.108.110.119 - - [07/Sep/2011:18:42:36 -0500] "GET /wp-admin/load-scripts.php?c=1&load=jquery,utils,editor,quicktags&ver=90fbbcc915b7de5b17cadafb35f803b6 HTTP/1.1" 200 32120 "http://npcassoc.org/wp-admin/post-new.php?post_type=page" "Mozilla/4.0 (compatible; MSIE 8.0; Windows NT 6.1; WOW64; Trident/4.0; GTB7.1; SLCC2; .NET CLR 2.0.50727; .NET CLR 3.5.30729; .NET CLR 3.0.30729; Media Center PC 6.0; MALN; InfoPath.2)"
76.108.110.119 - - [07/Sep/2011:18:42:37 -0500] "GET /wp-admin/load-scripts.php?c=1&load=hoverIntent,common,jquery-color,thickbox,theme-preview,schedule,wp-ajax-response,autosave,suggest,wp-lists,jquery-ui-core,jquery-ui-sortable,postbox,post,word-count,media-upload&ver=3e48128cf095ce0e6440efece56e405c HTTP/1.1" 200 31327 "http://npcassoc.org/wp-admin/post-new.php?post_type=page" "Mozilla/4.0 (compatible; MSIE 8.0; Windows NT 6.1; WOW64; Trident/4.0; GTB7.1; SLCC2; .NET CLR 2.0.50727; .NET CLR 3.5.30729; .NET CLR 3.0.30729; Media Center PC 6.0; MALN; InfoPath.2)"
76.108.110.119 - - [07/Sep/2011:18:42:52 -0500] "POST /wp-admin/admin-ajax.php HTTP/1.1" 200 175 "http://npcassoc.org/wp-admin/post-new.php?post_type=page" "Mozilla/4.0 (compatible; MSIE 8.0; Windows NT 6.1; WOW64; Trident/4.0; GTB7.1; SLCC2; .NET CLR 2.0.50727; .NET CLR 3.5.30729; .NET CLR 3.0.30729; Media Center PC 6.0; MALN; InfoPath.2)"
76.108.110.119 - - [07/Sep/2011:18:42:52 -0500] "POST /wp-admin/admin-ajax.php HTTP/1.1" 200 242 "http://npcassoc.org/wp-admin/post-new.php?post_type=page" "Mozilla/4.0 (compatible; MSIE 8.0; Windows NT 6.1; WOW64; Trident/4.0; GTB7.1; SLCC2; .NET CLR 2.0.50727; .NET CLR 3.5.30729; .NET CLR 3.0.30729; Media Center PC 6.0; MALN; InfoPath.2)"
66.249.71.234 - - [07/Sep/2011:18:43:38 -0500] "GET /sitemap.xml HTTP/1.1" 200 5432 "-" "Mozilla/5.0 (compatible; Googlebot/2.1; +http://www.google.com/bot.html)"
184.106.111.192 - - [07/Sep/2011:18:43:38 -0500] "POST /wp-cron.php?doing_wp_cron HTTP/1.0" 200 - "-" "WordPress/3.0.4; http://npcassoc.org"
76.108.110.119 - - [07/Sep/2011:18:43:37 -0500] "POST /wp-admin/admin-ajax.php HTTP/1.1" 200 175 "http://npcassoc.org/wp-admin/post-new.php?post_type=page" "Mozilla/4.0 (compatible; MSIE 8.0; Windows NT 6.1; WOW64; Trident/4.0; GTB7.1; SLCC2; .NET CLR 2.0.50727; .NET CLR 3.5.30729; .NET CLR 3.0.30729; Media Center PC 6.0; MALN; InfoPath.2)"
76.108.110.119 - - [07/Sep/2011:18:44:37 -0500] "POST /wp-admin/admin-ajax.php HTTP/1.1" 200 175 "http://npcassoc.org/wp-admin/post-new.php?post_type=page" "Mozilla/4.0 (compatible; MSIE 8.0; Windows NT 6.1; WOW64; Trident/4.0; GTB7.1; SLCC2; .NET CLR 2.0.50727; .NET CLR 3.5.30729; .NET CLR 3.0.30729; Media Center PC 6.0; MALN; InfoPath.2)"
76.108.110.119 - - [07/Sep/2011:18:45:38 -0500] "POST /wp-admin/admin-ajax.php HTTP/1.1" 200 175 "http://npcassoc.org/wp-admin/post-new.php?post_type=page" "Mozilla/4.0 (compatible; MSIE 8.0; Windows NT 6.1; WOW64; Trident/4.0; GTB7.1; SLCC2; .NET CLR 2.0.50727; .NET CLR 3.5.30729; .NET CLR 3.0.30729; Media Center PC 6.0; MALN; InfoPath.2)"
76.108.110.119 - - [07/Sep/2011:18:46:18 -0500] "POST /wp-admin/post.php HTTP/1.1" 302 20 "http://npcassoc.org/wp-admin/post-new.php?post_type=page" "Mozilla/4.0 (compatible; MSIE 8.0; Windows NT 6.1; WOW64; Trident/4.0; GTB7.1; SLCC2; .NET CLR 2.0.50727; .NET CLR 3.5.30729; .NET CLR 3.0.30729; Media Center PC 6.0; MALN; InfoPath.2)"
76.108.110.119 - - [07/Sep/2011:18:46:18 -0500] "GET /wp-admin/post.php?post=86&action=edit&message=6 HTTP/1.1" 200 12670 "http://npcassoc.org/wp-admin/post-new.php?post_type=page" "Mozilla/4.0 (compatible; MSIE 8.0; Windows NT 6.1; WOW64; Trident/4.0; GTB7.1; SLCC2; .NET CLR 2.0.50727; .NET CLR 3.5.30729; .NET CLR 3.0.30729; Media Center PC 6.0; MALN; InfoPath.2)"
76.108.110.119 - - [07/Sep/2011:18:46:19 -0500] "GET /wp-content/plugins/simple-tags/inc/css/admin.css?ver=1.7.1-rc1.2 HTTP/1.1" 304 - "http://npcassoc.org/wp-admin/post.php?post=86&action=edit&message=6" "Mozilla/4.0 (compatible; MSIE 8.0; Windows NT 6.1; WOW64; Trident/4.0; GTB7.1; SLCC2; .NET CLR 2.0.50727; .NET CLR 3.5.30729; .NET CLR 3.0.30729; Media Center PC 6.0; MALN; InfoPath.2)"
76.108.110.119 - - [07/Sep/2011:18:46:19 -0500] "GET /wp-content/plugins/simple-tags/inc/js/helper-suggested-tags.min.js?ver=1.7.1-rc1.2 HTTP/1.1" 304 - "http://npcassoc.org/wp-admin/post.php?post=86&action=edit&message=6" "Mozilla/4.0 (compatible; MSIE 8.0; Windows NT 6.1; WOW64; Trident/4.0; GTB7.1; SLCC2; .NET CLR 2.0.50727; .NET CLR 3.5.30729; .NET CLR 3.0.30729; Media Center PC 6.0; MALN; InfoPath.2)"
76.108.110.119 - - [07/Sep/2011:18:46:19 -0500] "GET /wp-content/themes/genesis/lib/js/admin.js?ver=3.0.4 HTTP/1.1" 304 - "http://npcassoc.org/wp-admin/post.php?post=86&action=edit&message=6" "Mozilla/4.0 (compatible; MSIE 8.0; Windows NT 6.1; WOW64; Trident/4.0; GTB7.1; SLCC2; .NET CLR 2.0.50727; .NET CLR 3.5.30729; .NET CLR 3.0.30729; Media Center PC 6.0; MALN; InfoPath.2)"
76.108.110.119 - - [07/Sep/2011:18:46:20 -0500] "GET /wp-admin/css/colors-fresh.css?ver=20100610 HTTP/1.1" 304 - "http://npcassoc.org/wp-admin/post.php?post=86&action=edit&message=6" "Mozilla/4.0 (compatible; MSIE 8.0; Windows NT 6.1; WOW64; Trident/4.0; GTB7.1; SLCC2; .NET CLR 2.0.50727; .NET CLR 3.5.30729; .NET CLR 3.0.30729; Media Center PC 6.0; MALN; InfoPath.2)"
76.108.110.119 - - [07/Sep/2011:18:46:21 -0500] "GET /wp-includes/js/thickbox/thickbox.css?ver=20090514 HTTP/1.1" 304 - "http://npcassoc.org/wp-admin/post.php?post=86&action=edit&message=6" "Mozilla/4.0 (compatible; MSIE 8.0; Windows NT 6.1; WOW64; Trident/4.0; GTB7.1; SLCC2; .NET CLR 2.0.50727; .NET CLR 3.5.30729; .NET CLR 3.0.30729; Media Center PC 6.0; MALN; InfoPath.2)"
76.108.110.119 - - [07/Sep/2011:18:46:21 -0500] "GET /wp-content/themes/genesis/lib/css/admin.css?ver=3.0.4 HTTP/1.1" 304 - "http://npcassoc.org/wp-admin/post.php?post=86&action=edit&message=6" "Mozilla/4.0 (compatible; MSIE 8.0; Windows NT 6.1; WOW64; Trident/4.0; GTB7.1; SLCC2; .NET CLR 2.0.50727; .NET CLR 3.5.30729; .NET CLR 3.0.30729; Media Center PC 6.0; MALN; InfoPath.2)"
76.108.110.119 - - [07/Sep/2011:18:46:22 -0500] "GET /wp-content/plugins/simple-tags/inc/js/helper-add-tags.min.js?ver=1.7.1-rc1.2 HTTP/1.1" 304 - "http://npcassoc.org/wp-admin/post.php?post=86&action=edit&message=6" "Mozilla/4.0 (compatible; MSIE 8.0; Windows NT 6.1; WOW64; Trident/4.0; GTB7.1; SLCC2; .NET CLR 2.0.50727; .NET CLR 3.5.30729; .NET CLR 3.0.30729; Media Center PC 6.0; MALN; InfoPath.2)"
76.108.110.119 - - [07/Sep/2011:18:46:22 -0500] "GET /wp-includes/images/blank.gif HTTP/1.1" 304 - "http://npcassoc.org/wp-admin/post.php?post=86&action=edit&message=6" "Mozilla/4.0 (compatible; MSIE 8.0; Windows NT 6.1; WOW64; Trident/4.0; GTB7.1; SLCC2; .NET CLR 2.0.50727; .NET CLR 3.5.30729; .NET CLR 3.0.30729; Media Center PC 6.0; MALN; InfoPath.2)"
76.108.110.119 - - [07/Sep/2011:18:46:22 -0500] "GET /wp-admin/images/generic.png HTTP/1.1" 304 - "http://npcassoc.org/wp-admin/post.php?post=86&action=edit&message=6" "Mozilla/4.0 (compatible; MSIE 8.0; Windows NT 6.1; WOW64; Trident/4.0; GTB7.1; SLCC2; .NET CLR 2.0.50727; .NET CLR 3.5.30729; .NET CLR 3.0.30729; Media Center PC 6.0; MALN; InfoPath.2)"
76.108.110.119 - - [07/Sep/2011:18:46:22 -0500] "GET /wp-content/themes/genesis/images/genesis.gif HTTP/1.1" 304 - "http://npcassoc.org/wp-admin/post.php?post=86&action=edit&message=6" "Mozilla/4.0 (compatible; MSIE 8.0; Windows NT 6.1; WOW64; Trident/4.0; GTB7.1; SLCC2; .NET CLR 2.0.50727; .NET CLR 3.5.30729; .NET CLR 3.0.30729; Media Center PC 6.0; MALN; InfoPath.2)"
