38.99.82.205 - - [28/Jul/2011:03:30:24 -0500] "GET /wp-content/themes/genesis/lib/js/menu/superfish.args.js?ver=1.4.1 HTTP/1.1" 200 339 "http://npcassoc.org/" "Mozilla/5.0 (X11; U; Linux x86_64; en-US) AppleWebKit/533.3 (KHTML, like Gecko) Qt/4.7.1 Safari/533.3"
38.99.82.205 - - [28/Jul/2011:03:30:24 -0500] "GET /wp-content/themes/genesis/lib/js/menu/superfish.js?ver=1.4.8 HTTP/1.1" 200 3083 "http://npcassoc.org/" "Mozilla/5.0 (X11; U; Linux x86_64; en-US) AppleWebKit/533.3 (KHTML, like Gecko) Qt/4.7.1 Safari/533.3"
38.99.82.205 - - [28/Jul/2011:03:30:24 -0500] "GET /wp-content/themes/genesis/lib/js/menu/superfish.js?ver=1.4.8 HTTP/1.1" 304 - "http://npcassoc.org/" "Mozilla/5.0 (X11; U; Linux x86_64; en-US) AppleWebKit/533.3 (KHTML, like Gecko) Qt/4.7.1 Safari/533.3"
38.99.82.205 - - [28/Jul/2011:03:30:25 -0500] "GET /wp-content/themes/genesis/lib/js/menu/superfish.args.js?ver=1.4.1 HTTP/1.1" 304 - "http://npcassoc.org/" "Mozilla/5.0 (X11; U; Linux x86_64; en-US) AppleWebKit/533.3 (KHTML, like Gecko) Qt/4.7.1 Safari/533.3"
74.125.92.89 - - [28/Jul/2011:03:56:16 -0500] "GET /googlehostedservice.html HTTP/1.1" 301 - "-" "Jakarta Commons-HttpClient/3.1"
74.125.92.80 - - [28/Jul/2011:03:56:16 -0500] "GET /googlehostedservice.html HTTP/1.1" 404 33457 "-" "Jakarta Commons-HttpClient/3.1"
66.249.67.132 - - [28/Jul/2011:04:02:43 -0500] "GET /robots.txt HTTP/1.1" 200 85 "-" "Mozilla/5.0 (compatible; Googlebot/2.1; +http://www.google.com/bot.html)"
66.249.67.132 - - [28/Jul/2011:04:02:43 -0500] "GET /sitemap.xml.gz HTTP/1.1" 404 5651 "-" "Mozilla/5.0 (compatible; Googlebot/2.1; +http://www.google.com/bot.html)"
119.63.196.87 - - [28/Jul/2011:04:26:44 -0500] "GET /cat/uncategorized/feed HTTP/1.1" 200 736 "-" "Mozilla/5.0 (compatible; Baiduspider/2.0; +http://www.baidu.com/search/spider.html)"
38.99.82.237 - - [28/Jul/2011:04:44:59 -0500] "GET /robots.txt HTTP/1.1" 200 85 "-" "Mozilla/5.0"
38.99.82.237 - - [28/Jul/2011:04:45:53 -0500] "GET / HTTP/1.1" 200 6538 "-" "Mozilla/5.0 (X11; U; Linux x86_64; en-US) AppleWebKit/533.3 (KHTML, like Gecko) Qt/4.7.1 Safari/533.3"
38.99.82.237 - - [28/Jul/2011:04:46:04 -0500] "GET /wp-content/themes/education/style.css HTTP/1.1" 200 30200 "http://nationalphilosophicalcounselingassociation.org/" "Mozilla/5.0 (X11; U; Linux x86_64; en-US) AppleWebKit/533.3 (KHTML, like Gecko) Qt/4.7.1 Safari/533.3"
38.99.82.237 - - [28/Jul/2011:04:46:04 -0500] "GET /wp-includes/js/jquery/jquery.js?ver=1.4.2 HTTP/1.1" 200 72194 "http://nationalphilosophicalcounselingassociation.org/" "Mozilla/5.0 (X11; U; Linux x86_64; en-US) AppleWebKit/533.3 (KHTML, like Gecko) Qt/4.7.1 Safari/533.3"
38.99.82.237 - - [28/Jul/2011:04:46:05 -0500] "GET /wp-content/themes/genesis/lib/js/menu/superfish.args.js?ver=1.4.1 HTTP/1.1" 200 339 "http://nationalphilosophicalcounselingassociation.org/" "Mozilla/5.0 (X11; U; Linux x86_64; en-US) AppleWebKit/533.3 (KHTML, like Gecko) Qt/4.7.1 Safari/533.3"
38.99.82.237 - - [28/Jul/2011:04:46:05 -0500] "GET /wp-content/themes/genesis/lib/js/menu/superfish.js?ver=1.4.8 HTTP/1.1" 200 3083 "http://nationalphilosophicalcounselingassociation.org/" "Mozilla/5.0 (X11; U; Linux x86_64; en-US) AppleWebKit/533.3 (KHTML, like Gecko) Qt/4.7.1 Safari/533.3"
38.99.82.237 - - [28/Jul/2011:04:46:09 -0500] "GET /wp-content/themes/genesis/lib/js/menu/superfish.js?ver=1.4.8 HTTP/1.1" 304 - "http://nationalphilosophicalcounselingassociation.org/" "Mozilla/5.0 (X11; U; Linux x86_64; en-US) AppleWebKit/533.3 (KHTML, like Gecko) Qt/4.7.1 Safari/533.3"
38.99.82.237 - - [28/Jul/2011:04:46:11 -0500] "GET /wp-content/themes/genesis/lib/js/menu/superfish.args.js?ver=1.4.1 HTTP/1.1" 304 - "http://nationalphilosophicalcounselingassociation.org/" "Mozilla/5.0 (X11; U; Linux x86_64; en-US) AppleWebKit/533.3 (KHTML, like Gecko) Qt/4.7.1 Safari/533.3"
66.249.67.132 - - [28/Jul/2011:05:41:16 -0500] "GET /journal/table-of-contents/vol-1-no-3 HTTP/1.1" 200 5748 "-" "Mozilla/5.0 (compatible; Googlebot/2.1; +http://www.google.com/bot.html)"
66.249.67.132 - - [28/Jul/2011:05:41:34 -0500] "GET /documents HTTP/1.1" 200 5668 "-" "Mozilla/5.0 (compatible; Googlebot/2.1; +http://www.google.com/bot.html)"
38.99.82.238 - - [28/Jul/2011:06:41:55 -0500] "GET /robots.txt HTTP/1.0" 200 85 "-" "Mozilla/5.0 (X11; U; Linux i686; en-US; rv:1.8.1.19) Gecko/20081202 Firefox (Debian-2.0.0.19-0etch1)"
38.99.82.238 - - [28/Jul/2011:06:41:56 -0500] "GET / HTTP/1.0" 200 6538 "-" "Mozilla/5.0 (X11; U; Linux i686; en-US; rv:1.8.1.19) Gecko/20081202 Firefox (Debian-2.0.0.19-0etch1)"
66.249.67.132 - - [28/Jul/2011:07:00:11 -0500] "GET /services HTTP/1.1" 200 5500 "-" "Mozilla/5.0 (compatible; Googlebot/2.1; +http://www.google.com/bot.html)"
66.249.67.132 - - [28/Jul/2011:07:04:51 -0500] "GET /people HTTP/1.1" 200 5578 "-" "Mozilla/5.0 (compatible; Googlebot/2.1; +http://www.google.com/bot.html)"
123.125.71.19 - - [28/Jul/2011:07:33:47 -0500] "GET / HTTP/1.1" 200 6537 "-" "Mozilla/5.0 (compatible; Baiduspider/2.0; +http://www.baidu.com/search/spider.html)"
66.249.67.132 - - [28/Jul/2011:07:51:16 -0500] "GET /journal/table-of-contents HTTP/1.1" 200 5490 "-" "Mozilla/5.0 (compatible; Googlebot/2.1; +http://www.google.com/bot.html)"
38.99.82.205 - - [28/Jul/2011:07:57:28 -0500] "GET /robots.txt HTTP/1.0" 200 85 "-" "Mozilla/5.0 (X11; U; Linux i686; en-US; rv:1.8.1.19) Gecko/20081202 Firefox (Debian-2.0.0.19-0etch1)"
38.99.82.205 - - [28/Jul/2011:07:57:29 -0500] "GET / HTTP/1.0" 200 6537 "-" "Mozilla/5.0 (X11; U; Linux i686; en-US; rv:1.8.1.19) Gecko/20081202 Firefox (Debian-2.0.0.19-0etch1)"
220.181.108.175 - - [28/Jul/2011:08:44:19 -0500] "GET /robots.txt HTTP/1.1" 200 85 "-" "Baiduspider+(+http://www.baidu.com/search/spider.htm)"
66.249.67.132 - - [28/Jul/2011:11:13:33 -0500] "GET /sitemap.xml.gz HTTP/1.1" 404 5651 "-" "Mozilla/5.0 (compatible; Googlebot/2.1; +http://www.google.com/bot.html)"
74.125.90.90 - - [28/Jul/2011:11:55:06 -0500] "GET /googlehostedservice.html HTTP/1.1" 301 - "-" "Jakarta Commons-HttpClient/3.1"
74.125.92.85 - - [28/Jul/2011:11:55:06 -0500] "GET /googlehostedservice.html HTTP/1.1" 404 33457 "-" "Jakarta Commons-HttpClient/3.1"
184.106.111.192 - - [28/Jul/2011:15:21:11 -0500] "POST /wp-cron.php?doing_wp_cron HTTP/1.0" 200 - "-" "WordPress/3.0.4; http://npcassoc.org"
69.170.227.67 - - [28/Jul/2011:15:21:09 -0500] "GET /services/albert-ellis-foundation-alliance HTTP/1.1" 200 6914 "http://www.google.com/search?q=albert+ellis&hl=en&client=firefox-a&hs=kID&rls=org.mozilla%3Aen-US%3Aofficial&channel=s&biw=1055&bih=506&num=10&lr=&ft=i&cr=&safe=images&tbs=,qdr:m" "Mozilla/5.0 (Macintosh; U; Intel Mac OS X 10.6; en-US; rv:1.9.2.3) Gecko/20100401 Firefox/3.6.3"
69.170.227.67 - - [28/Jul/2011:15:21:14 -0500] "GET /wp-includes/js/comment-reply.js?ver=20090102 HTTP/1.1" 200 786 "http://npcassoc.org/services/albert-ellis-foundation-alliance" "Mozilla/5.0 (Macintosh; U; Intel Mac OS X 10.6; en-US; rv:1.9.2.3) Gecko/20100401 Firefox/3.6.3"
69.170.227.67 - - [28/Jul/2011:15:21:14 -0500] "GET /wp-content/themes/education/images/favicon.ico HTTP/1.1" 200 1150 "-" "Mozilla/5.0 (Macintosh; U; Intel Mac OS X 10.6; en-US; rv:1.9.2.3) Gecko/20100401 Firefox/3.6.3"
69.170.227.67 - - [28/Jul/2011:15:21:14 -0500] "GET /wp-includes/js/jquery/jquery.js?ver=1.4.2 HTTP/1.1" 200 72194 "http://npcassoc.org/services/albert-ellis-foundation-alliance" "Mozilla/5.0 (Macintosh; U; Intel Mac OS X 10.6; en-US; rv:1.9.2.3) Gecko/20100401 Firefox/3.6.3"
69.170.227.67 - - [28/Jul/2011:15:21:15 -0500] "GET /wp-content/themes/education/style.css HTTP/1.1" 200 30200 "http://npcassoc.org/services/albert-ellis-foundation-alliance" "Mozilla/5.0 (Macintosh; U; Intel Mac OS X 10.6; en-US; rv:1.9.2.3) Gecko/20100401 Firefox/3.6.3"
69.170.227.67 - - [28/Jul/2011:15:21:15 -0500] "GET /wp-content/themes/education/images/bg.png HTTP/1.1" 200 223 "http://npcassoc.org/wp-content/themes/education/style.css" "Mozilla/5.0 (Macintosh; U; Intel Mac OS X 10.6; en-US; rv:1.9.2.3) Gecko/20100401 Firefox/3.6.3"
69.170.227.67 - - [28/Jul/2011:15:21:15 -0500] "GET /wp-content/themes/education/images/nav.png HTTP/1.1" 200 193 "http://npcassoc.org/wp-content/themes/education/style.css" "Mozilla/5.0 (Macintosh; U; Intel Mac OS X 10.6; en-US; rv:1.9.2.3) Gecko/20100401 Firefox/3.6.3"
69.170.227.67 - - [28/Jul/2011:15:21:15 -0500] "GET /wp-content/themes/education/images/rss.png HTTP/1.1" 200 526 "http://npcassoc.org/wp-content/themes/education/style.css" "Mozilla/5.0 (Macintosh; U; Intel Mac OS X 10.6; en-US; rv:1.9.2.3) Gecko/20100401 Firefox/3.6.3"
69.170.227.67 - - [28/Jul/2011:15:21:15 -0500] "GET /wp-content/themes/education/images/navline.png HTTP/1.1" 200 117 "http://npcassoc.org/wp-content/themes/education/style.css" "Mozilla/5.0 (Macintosh; U; Intel Mac OS X 10.6; en-US; rv:1.9.2.3) Gecko/20100401 Firefox/3.6.3"
69.170.227.67 - - [28/Jul/2011:15:21:15 -0500] "GET /wp-content/themes/education/images/inner.png HTTP/1.1" 200 148 "http://npcassoc.org/wp-content/themes/education/style.css" "Mozilla/5.0 (Macintosh; U; Intel Mac OS X 10.6; en-US; rv:1.9.2.3) Gecko/20100401 Firefox/3.6.3"
69.170.227.67 - - [28/Jul/2011:15:21:15 -0500] "GET /wp-content/themes/education/images/content-top.png HTTP/1.1" 200 8240 "http://npcassoc.org/wp-content/themes/education/style.css" "Mozilla/5.0 (Macintosh; U; Intel Mac OS X 10.6; en-US; rv:1.9.2.3) Gecko/20100401 Firefox/3.6.3"
69.170.227.67 - - [28/Jul/2011:15:21:15 -0500] "GET /wp-content/themes/education/images/sidebar-top.png HTTP/1.1" 200 3738 "http://npcassoc.org/wp-content/themes/education/style.css" "Mozilla/5.0 (Macintosh; U; Intel Mac OS X 10.6; en-US; rv:1.9.2.3) Gecko/20100401 Firefox/3.6.3"
69.170.227.67 - - [28/Jul/2011:15:21:15 -0500] "GET /wp-content/themes/genesis/lib/js/menu/superfish.js?ver=1.4.8 HTTP/1.1" 200 3083 "http://npcassoc.org/services/albert-ellis-foundation-alliance" "Mozilla/5.0 (Macintosh; U; Intel Mac OS X 10.6; en-US; rv:1.9.2.3) Gecko/20100401 Firefox/3.6.3"
69.170.227.67 - - [28/Jul/2011:15:21:15 -0500] "GET /wp-content/themes/genesis/lib/js/menu/superfish.args.js?ver=1.4.1 HTTP/1.1" 200 339 "http://npcassoc.org/services/albert-ellis-foundation-alliance" "Mozilla/5.0 (Macintosh; U; Intel Mac OS X 10.6; en-US; rv:1.9.2.3) Gecko/20100401 Firefox/3.6.3"
69.170.227.67 - - [28/Jul/2011:15:21:15 -0500] "GET /wp-content/themes/education/images/sidebar-list.png HTTP/1.1" 200 393 "http://npcassoc.org/wp-content/themes/education/style.css" "Mozilla/5.0 (Macintosh; U; Intel Mac OS X 10.6; en-US; rv:1.9.2.3) Gecko/20100401 Firefox/3.6.3"
69.170.227.67 - - [28/Jul/2011:15:21:15 -0500] "GET /wp-content/themes/education/images/footer.png HTTP/1.1" 200 118 "http://npcassoc.org/wp-content/themes/education/style.css" "Mozilla/5.0 (Macintosh; U; Intel Mac OS X 10.6; en-US; rv:1.9.2.3) Gecko/20100401 Firefox/3.6.3"
69.170.227.67 - - [28/Jul/2011:15:21:15 -0500] "GET /wp-content/themes/education/images/footer-top.png HTTP/1.1" 200 195 "http://npcassoc.org/wp-content/themes/education/style.css" "Mozilla/5.0 (Macintosh; U; Intel Mac OS X 10.6; en-US; rv:1.9.2.3) Gecko/20100401 Firefox/3.6.3"
69.170.227.67 - - [28/Jul/2011:15:21:15 -0500] "GET /wp-content/themes/education/images/arrow-down.png HTTP/1.1" 200 159 "http://npcassoc.org/wp-content/themes/education/style.css" "Mozilla/5.0 (Macintosh; U; Intel Mac OS X 10.6; en-US; rv:1.9.2.3) Gecko/20100401 Firefox/3.6.3"
69.170.227.67 - - [28/Jul/2011:15:21:15 -0500] "GET /wp-content/themes/education/images/arrow-right.png HTTP/1.1" 200 163 "http://npcassoc.org/wp-content/themes/education/style.css" "Mozilla/5.0 (Macintosh; U; Intel Mac OS X 10.6; en-US; rv:1.9.2.3) Gecko/20100401 Firefox/3.6.3"
69.170.227.67 - - [28/Jul/2011:15:21:26 -0500] "GET /wp-content/themes/education/images/navhov.png HTTP/1.1" 200 161 "http://npcassoc.org/wp-content/themes/education/style.css" "Mozilla/5.0 (Macintosh; U; Intel Mac OS X 10.6; en-US; rv:1.9.2.3) Gecko/20100401 Firefox/3.6.3"
69.170.227.67 - - [28/Jul/2011:15:21:47 -0500] "GET /services/help-reinstate-albert-ellis HTTP/1.1" 200 5763 "http://www.google.com/search?q=albert+ellis&hl=en&client=firefox-a&hs=kID&rls=org.mozilla%3Aen-US%3Aofficial&channel=s&biw=1055&bih=506&num=10&lr=&ft=i&cr=&safe=images&tbs=,qdr:m" "Mozilla/5.0 (Macintosh; U; Intel Mac OS X 10.6; en-US; rv:1.9.2.3) Gecko/20100401 Firefox/3.6.3"
69.170.227.67 - - [28/Jul/2011:15:21:49 -0500] "GET /wp-includes/js/comment-reply.js?ver=20090102 HTTP/1.1" 304 - "http://npcassoc.org/services/help-reinstate-albert-ellis" "Mozilla/5.0 (Macintosh; U; Intel Mac OS X 10.6; en-US; rv:1.9.2.3) Gecko/20100401 Firefox/3.6.3"
69.170.227.67 - - [28/Jul/2011:15:21:49 -0500] "GET /wp-content/themes/genesis/lib/js/menu/superfish.js?ver=1.4.8 HTTP/1.1" 304 - "http://npcassoc.org/services/help-reinstate-albert-ellis" "Mozilla/5.0 (Macintosh; U; Intel Mac OS X 10.6; en-US; rv:1.9.2.3) Gecko/20100401 Firefox/3.6.3"
69.170.227.67 - - [28/Jul/2011:15:21:49 -0500] "GET /wp-includes/js/jquery/jquery.js?ver=1.4.2 HTTP/1.1" 304 - "http://npcassoc.org/services/help-reinstate-albert-ellis" "Mozilla/5.0 (Macintosh; U; Intel Mac OS X 10.6; en-US; rv:1.9.2.3) Gecko/20100401 Firefox/3.6.3"
69.170.227.67 - - [28/Jul/2011:15:21:49 -0500] "GET /wp-content/themes/genesis/lib/js/menu/superfish.args.js?ver=1.4.1 HTTP/1.1" 304 - "http://npcassoc.org/services/help-reinstate-albert-ellis" "Mozilla/5.0 (Macintosh; U; Intel Mac OS X 10.6; en-US; rv:1.9.2.3) Gecko/20100401 Firefox/3.6.3"
69.170.227.67 - - [28/Jul/2011:15:22:13 -0500] "GET /favicon.ico HTTP/1.1" 200 - "-" "Mozilla/5.0 (Macintosh; U; Intel Mac OS X 10.6; en-US; rv:1.9.2.3) Gecko/20100401 Firefox/3.6.3"
38.99.82.208 - - [28/Jul/2011:16:33:38 -0500] "GET /robots.txt HTTP/1.0" 200 85 "-" "Mozilla/5.0 (X11; U; Linux i686; en-US; rv:1.8.1.19) Gecko/20081202 Firefox (Debian-2.0.0.19-0etch1)"
38.99.82.208 - - [28/Jul/2011:16:33:52 -0500] "GET /robots.txt HTTP/1.0" 200 85 "-" "Mozilla/5.0 (X11; U; Linux i686; en-US; rv:1.8.1.19) Gecko/20081202 Firefox (Debian-2.0.0.19-0etch1)"
38.99.82.208 - - [28/Jul/2011:16:33:58 -0500] "GET / HTTP/1.0" 200 6537 "-" "Mozilla/5.0 (X11; U; Linux i686; en-US; rv:1.8.1.19) Gecko/20081202 Firefox (Debian-2.0.0.19-0etch1)"
38.99.82.207 - - [28/Jul/2011:17:55:51 -0500] "GET /robots.txt HTTP/1.0" 200 85 "-" "Mozilla/5.0 (X11; U; Linux i686; en-US; rv:1.8.1.19) Gecko/20081202 Firefox (Debian-2.0.0.19-0etch1)"
38.99.82.207 - - [28/Jul/2011:17:55:52 -0500] "GET / HTTP/1.0" 200 6537 "-" "Mozilla/5.0 (X11; U; Linux i686; en-US; rv:1.8.1.19) Gecko/20081202 Firefox (Debian-2.0.0.19-0etch1)"
38.99.82.209 - - [28/Jul/2011:19:49:25 -0500] "GET /robots.txt HTTP/1.0" 200 85 "-" "Mozilla/5.0 (X11; U; Linux i686; en-US; rv:1.8.1.19) Gecko/20081202 Firefox (Debian-2.0.0.19-0etch1)"
38.99.82.209 - - [28/Jul/2011:19:49:28 -0500] "GET /wp-content/themes/education/images/favicon.ico HTTP/1.0" 200 1150 "-" "Mozilla/5.0 (X11; U; Linux i686; en-US; rv:1.8.1.19) Gecko/20081202 Firefox (Debian-2.0.0.19-0etch1)"
74.125.90.87 - - [28/Jul/2011:19:52:45 -0500] "GET /googlehostedservice.html HTTP/1.1" 301 - "-" "Jakarta Commons-HttpClient/3.1"
74.125.90.87 - - [28/Jul/2011:19:52:44 -0500] "GET /googlehostedservice.html HTTP/1.1" 404 33457 "-" "Jakarta Commons-HttpClient/3.1"
38.99.82.209 - - [28/Jul/2011:19:56:47 -0500] "GET /journal/ijpp-profile HTTP/1.0" 200 6748 "-" "Mozilla/5.0 (X11; U; Linux i686; en-US; rv:1.8.1.19) Gecko/20081202 Firefox (Debian-2.0.0.19-0etch1)"
38.99.82.209 - - [28/Jul/2011:19:58:08 -0500] "GET /application HTTP/1.0" 200 5759 "-" "Mozilla/5.0 (X11; U; Linux i686; en-US; rv:1.8.1.19) Gecko/20081202 Firefox (Debian-2.0.0.19-0etch1)"
38.99.82.210 - - [28/Jul/2011:19:59:44 -0500] "GET /robots.txt HTTP/1.0" 200 85 "-" "Mozilla/5.0 (X11; U; Linux i686; en-US; rv:1.8.1.19) Gecko/20081202 Firefox (Debian-2.0.0.19-0etch1)"
38.99.82.210 - - [28/Jul/2011:19:59:45 -0500] "GET / HTTP/1.0" 200 6537 "-" "Mozilla/5.0 (X11; U; Linux i686; en-US; rv:1.8.1.19) Gecko/20081202 Firefox (Debian-2.0.0.19-0etch1)"
38.99.82.209 - - [28/Jul/2011:20:29:20 -0500] "GET /journal/table-of-contents HTTP/1.0" 200 5491 "-" "Mozilla/5.0 (X11; U; Linux i686; en-US; rv:1.8.1.19) Gecko/20081202 Firefox (Debian-2.0.0.19-0etch1)"
38.99.82.209 - - [28/Jul/2011:20:30:31 -0500] "GET /comments/feed HTTP/1.0" 404 468 "-" "Mozilla/5.0 (X11; U; Linux i686; en-US; rv:1.8.1.19) Gecko/20081202 Firefox (Debian-2.0.0.19-0etch1)"
38.99.82.209 - - [28/Jul/2011:20:32:03 -0500] "GET /feed HTTP/1.0" 200 719 "-" "Mozilla/5.0 (X11; U; Linux i686; en-US; rv:1.8.1.19) Gecko/20081202 Firefox (Debian-2.0.0.19-0etch1)"
38.99.82.209 - - [28/Jul/2011:20:35:59 -0500] "GET /journal/call-for-papers HTTP/1.0" 200 6022 "-" "Mozilla/5.0 (X11; U; Linux i686; en-US; rv:1.8.1.19) Gecko/20081202 Firefox (Debian-2.0.0.19-0etch1)"
38.99.82.209 - - [28/Jul/2011:20:39:20 -0500] "GET /journal/table-of-contents/vol-1-no-1 HTTP/1.0" 200 5769 "-" "Mozilla/5.0 (X11; U; Linux i686; en-US; rv:1.8.1.19) Gecko/20081202 Firefox (Debian-2.0.0.19-0etch1)"
38.99.82.209 - - [28/Jul/2011:20:39:46 -0500] "GET /services/books-articles HTTP/1.0" 200 6437 "-" "Mozilla/5.0 (X11; U; Linux i686; en-US; rv:1.8.1.19) Gecko/20081202 Firefox (Debian-2.0.0.19-0etch1)"
38.99.82.209 - - [28/Jul/2011:20:51:55 -0500] "GET /journal/featured-journals HTTP/1.0" 200 6880 "-" "Mozilla/5.0 (X11; U; Linux i686; en-US; rv:1.8.1.19) Gecko/20081202 Firefox (Debian-2.0.0.19-0etch1)"
38.99.82.209 - - [28/Jul/2011:20:56:58 -0500] "GET /xmlrpc.php HTTP/1.0" 200 60 "-" "Mozilla/5.0 (X11; U; Linux i686; en-US; rv:1.8.1.19) Gecko/20081202 Firefox (Debian-2.0.0.19-0etch1)"
38.99.82.209 - - [28/Jul/2011:21:00:45 -0500] "GET /journal/table-of-contents/vol-1-no-2 HTTP/1.0" 200 5704 "-" "Mozilla/5.0 (X11; U; Linux i686; en-US; rv:1.8.1.19) Gecko/20081202 Firefox (Debian-2.0.0.19-0etch1)"
38.99.82.209 - - [28/Jul/2011:21:05:42 -0500] "GET /journal/table-of-contents/vol-2-no-1 HTTP/1.0" 200 5683 "-" "Mozilla/5.0 (X11; U; Linux i686; en-US; rv:1.8.1.19) Gecko/20081202 Firefox (Debian-2.0.0.19-0etch1)"
75.101.178.1 - - [28/Jul/2011:21:06:28 -0500] "GET / HTTP/1.0" 200 32085 "-" "Mozilla/5.0 (compatible; NetcraftSurveyAgent/1.0; +info@netcraft.com)"
38.99.82.209 - - [28/Jul/2011:21:08:06 -0500] "GET /journal HTTP/1.0" 200 6625 "-" "Mozilla/5.0 (X11; U; Linux i686; en-US; rv:1.8.1.19) Gecko/20081202 Firefox (Debian-2.0.0.19-0etch1)"
38.99.82.209 - - [28/Jul/2011:21:09:24 -0500] "GET /services/help-reinstate-albert-ellis HTTP/1.0" 200 6028 "-" "Mozilla/5.0 (X11; U; Linux i686; en-US; rv:1.8.1.19) Gecko/20081202 Firefox (Debian-2.0.0.19-0etch1)"
38.99.82.209 - - [28/Jul/2011:21:12:38 -0500] "GET /xmlrpc.php?rsd HTTP/1.0" 200 303 "-" "Mozilla/5.0 (X11; U; Linux i686; en-US; rv:1.8.1.19) Gecko/20081202 Firefox (Debian-2.0.0.19-0etch1)"
38.99.82.209 - - [28/Jul/2011:21:17:43 -0500] "GET /services/conferences HTTP/1.0" 200 6120 "-" "Mozilla/5.0 (X11; U; Linux i686; en-US; rv:1.8.1.19) Gecko/20081202 Firefox (Debian-2.0.0.19-0etch1)"
38.99.82.209 - - [28/Jul/2011:21:20:52 -0500] "GET /journal/table-of-contents/vol-1-no-3 HTTP/1.0" 200 5748 "-" "Mozilla/5.0 (X11; U; Linux i686; en-US; rv:1.8.1.19) Gecko/20081202 Firefox (Debian-2.0.0.19-0etch1)"
38.99.82.209 - - [28/Jul/2011:21:25:22 -0500] "GET /journal/table-of-contents/vol-2-no-2 HTTP/1.0" 200 5772 "-" "Mozilla/5.0 (X11; U; Linux i686; en-US; rv:1.8.1.19) Gecko/20081202 Firefox (Debian-2.0.0.19-0etch1)"
38.99.82.209 - - [28/Jul/2011:21:25:29 -0500] "GET /services/albert-ellis-foundation-alliance HTTP/1.0" 200 6915 "-" "Mozilla/5.0 (X11; U; Linux i686; en-US; rv:1.8.1.19) Gecko/20081202 Firefox (Debian-2.0.0.19-0etch1)"
38.99.82.209 - - [28/Jul/2011:21:31:05 -0500] "GET /journal/table-of-contents/vol-3-no-1 HTTP/1.0" 200 5860 "-" "Mozilla/5.0 (X11; U; Linux i686; en-US; rv:1.8.1.19) Gecko/20081202 Firefox (Debian-2.0.0.19-0etch1)"
38.99.82.209 - - [28/Jul/2011:21:32:20 -0500] "GET /services HTTP/1.0" 200 5500 "-" "Mozilla/5.0 (X11; U; Linux i686; en-US; rv:1.8.1.19) Gecko/20081202 Firefox (Debian-2.0.0.19-0etch1)"
38.99.82.209 - - [28/Jul/2011:21:44:51 -0500] "GET /journal/table-of-contents/vol-1-no-4 HTTP/1.0" 200 5875 "-" "Mozilla/5.0 (X11; U; Linux i686; en-US; rv:1.8.1.19) Gecko/20081202 Firefox (Debian-2.0.0.19-0etch1)"
38.99.82.209 - - [28/Jul/2011:21:48:58 -0500] "GET /journal/table-of-contents/vol-2-no-3 HTTP/1.0" 200 5710 "-" "Mozilla/5.0 (X11; U; Linux i686; en-US; rv:1.8.1.19) Gecko/20081202 Firefox (Debian-2.0.0.19-0etch1)"
38.99.82.209 - - [28/Jul/2011:21:55:36 -0500] "GET /journal/editors HTTP/1.0" 200 6344 "-" "Mozilla/5.0 (X11; U; Linux i686; en-US; rv:1.8.1.19) Gecko/20081202 Firefox (Debian-2.0.0.19-0etch1)"
38.99.82.209 - - [28/Jul/2011:21:56:43 -0500] "GET / HTTP/1.0" 200 6537 "-" "Mozilla/5.0 (X11; U; Linux i686; en-US; rv:1.8.1.19) Gecko/20081202 Firefox (Debian-2.0.0.19-0etch1)"
38.99.82.209 - - [28/Jul/2011:21:57:47 -0500] "GET /feed/rss HTTP/1.0" 200 402 "-" "Mozilla/5.0 (X11; U; Linux i686; en-US; rv:1.8.1.19) Gecko/20081202 Firefox (Debian-2.0.0.19-0etch1)"
38.99.82.209 - - [28/Jul/2011:22:00:53 -0500] "GET /people HTTP/1.0" 200 5578 "-" "Mozilla/5.0 (X11; U; Linux i686; en-US; rv:1.8.1.19) Gecko/20081202 Firefox (Debian-2.0.0.19-0etch1)"
38.99.82.209 - - [28/Jul/2011:22:02:11 -0500] "GET /documents HTTP/1.0" 200 5669 "-" "Mozilla/5.0 (X11; U; Linux i686; en-US; rv:1.8.1.19) Gecko/20081202 Firefox (Debian-2.0.0.19-0etch1)"
38.99.82.209 - - [28/Jul/2011:22:07:49 -0500] "GET /journal/table-of-contents/vol-2-no-4 HTTP/1.0" 200 5704 "-" "Mozilla/5.0 (X11; U; Linux i686; en-US; rv:1.8.1.19) Gecko/20081202 Firefox (Debian-2.0.0.19-0etch1)"
38.99.82.206 - - [28/Jul/2011:23:36:10 -0500] "GET /robots.txt HTTP/1.0" 200 85 "-" "Mozilla/5.0 (X11; U; Linux i686; en-US; rv:1.8.1.19) Gecko/20081202 Firefox (Debian-2.0.0.19-0etch1)"
38.99.82.206 - - [28/Jul/2011:23:36:19 -0500] "GET / HTTP/1.0" 200 6537 "-" "Mozilla/5.0 (X11; U; Linux i686; en-US; rv:1.8.1.19) Gecko/20081202 Firefox (Debian-2.0.0.19-0etch1)"
50.19.180.177 - - [28/Jul/2011:23:53:45 -0500] "GET / HTTP/1.0" 301 - "-" "Mozilla/5.0 (compatible; NetcraftSurveyAgent/1.0; +info@netcraft.com)"
184.106.111.192 - - [29/Jul/2011:01:28:42 -0500] "POST /wp-cron.php?doing_wp_cron HTTP/1.0" 200 - "-" "WordPress/3.0.4; http://npcassoc.org"
119.63.196.38 - - [29/Jul/2011:01:28:41 -0500] "GET / HTTP/1.1" 200 6537 "-" "Mozilla/5.0 (compatible; Baiduspider/2.0; +http://www.baidu.com/search/spider.html)"
119.63.196.22 - - [29/Jul/2011:01:36:47 -0500] "GET / HTTP/1.1" 200 6537 "-" "Mozilla/5.0 (compatible; Baiduspider/2.0; +http://www.baidu.com/search/spider.html)"
184.73.86.212 - - [29/Jul/2011:01:42:19 -0500] "GET / HTTP/1.0" 301 - "-" "Mozilla/5.0 (compatible; NetcraftSurveyAgent/1.0; +info@netcraft.com)"
184.73.86.212 - - [29/Jul/2011:01:42:34 -0500] "GET / HTTP/1.0" 200 32085 "-" "Mozilla/5.0 (compatible; NetcraftSurveyAgent/1.0; +info@netcraft.com)"
38.99.82.208 - - [29/Jul/2011:01:51:28 -0500] "GET /robots.txt HTTP/1.0" 200 85 "-" "Mozilla/5.0 (X11; U; Linux i686; en-US; rv:1.8.1.19) Gecko/20081202 Firefox (Debian-2.0.0.19-0etch1)"
38.99.82.208 - - [29/Jul/2011:01:51:29 -0500] "GET / HTTP/1.0" 200 6537 "-" "Mozilla/5.0 (X11; U; Linux i686; en-US; rv:1.8.1.19) Gecko/20081202 Firefox (Debian-2.0.0.19-0etch1)"
38.99.82.207 - - [29/Jul/2011:03:22:31 -0500] "GET /robots.txt HTTP/1.0" 200 85 "-" "Mozilla/5.0 (X11; U; Linux i686; en-US; rv:1.8.1.19) Gecko/20081202 Firefox (Debian-2.0.0.19-0etch1)"
38.99.82.207 - - [29/Jul/2011:03:22:32 -0500] "GET / HTTP/1.0" 200 6537 "-" "Mozilla/5.0 (X11; U; Linux i686; en-US; rv:1.8.1.19) Gecko/20081202 Firefox (Debian-2.0.0.19-0etch1)"
38.99.82.207 - - [29/Jul/2011:03:22:33 -0500] "GET /wp-content/themes/education/style.css HTTP/1.1" 200 30200 "-" "Mozilla/4.0 (compatible; MSIE5.0; Windows NT; DigExt)"
119.63.196.15 - - [29/Jul/2011:03:33:53 -0500] "GET / HTTP/1.1" 200 6537 "-" "Mozilla/5.0 (compatible; Baiduspider/2.0; +http://www.baidu.com/search/spider.html)"
38.99.82.210 - - [29/Jul/2011:04:07:34 -0500] "GET /robots.txt HTTP/1.0" 200 85 "-" "Mozilla/5.0 (X11; U; Linux i686; en-US; rv:1.8.1.19) Gecko/20081202 Firefox (Debian-2.0.0.19-0etch1)"
38.99.82.210 - - [29/Jul/2011:04:07:35 -0500] "GET /wp-includes/js/jquery/jquery.js?ver=1.4.2 HTTP/1.0" 200 72194 "-" "Mozilla/5.0 (X11; U; Linux i686; en-US; rv:1.8.1.19) Gecko/20081202 Firefox (Debian-2.0.0.19-0etch1)"
74.125.90.85 - - [29/Jul/2011:04:32:47 -0500] "GET /googlehostedservice.html HTTP/1.1" 404 33457 "-" "Jakarta Commons-HttpClient/3.1"
74.125.90.85 - - [29/Jul/2011:04:32:48 -0500] "GET /googlehostedservice.html HTTP/1.1" 301 - "-" "Jakarta Commons-HttpClient/3.1"
119.63.196.115 - - [29/Jul/2011:04:49:22 -0500] "GET /author/aspcp/feed HTTP/1.1" 200 736 "-" "Mozilla/5.0 (compatible; Baiduspider/2.0; +http://www.baidu.com/search/spider.html)"
38.99.82.210 - - [29/Jul/2011:05:36:20 -0500] "GET /wp-content/themes/genesis/lib/js/menu/superfish.args.js?ver=1.4.1 HTTP/1.0" 200 339 "-" "Mozilla/5.0 (X11; U; Linux i686; en-US; rv:1.8.1.19) Gecko/20081202 Firefox (Debian-2.0.0.19-0etch1)"
66.249.67.132 - - [29/Jul/2011:05:45:22 -0500] "GET /robots.txt HTTP/1.1" 200 85 "-" "Mozilla/5.0 (compatible; Googlebot/2.1; +http://www.google.com/bot.html)"
66.249.67.132 - - [29/Jul/2011:05:45:22 -0500] "GET /journal/ijpp-profile HTTP/1.1" 200 6748 "-" "Mozilla/5.0 (compatible; Googlebot/2.1; +http://www.google.com/bot.html)"
66.249.67.132 - - [29/Jul/2011:06:02:41 -0500] "GET /journal HTTP/1.1" 200 6625 "-" "Mozilla/5.0 (compatible; Googlebot/2.1; +http://www.google.com/bot.html)"
66.249.67.132 - - [29/Jul/2011:06:03:45 -0500] "GET /journal/table-of-contents/vol-1-no-3 HTTP/1.1" 200 5748 "-" "Mozilla/5.0 (compatible; Googlebot/2.1; +http://www.google.com/bot.html)"
66.249.67.132 - - [29/Jul/2011:06:12:20 -0500] "GET /journal/table-of-contents HTTP/1.1" 200 5491 "-" "Mozilla/5.0 (compatible; Googlebot/2.1; +http://www.google.com/bot.html)"
38.99.82.208 - - [29/Jul/2011:07:12:42 -0500] "GET /robots.txt HTTP/1.0" 200 85 "-" "Mozilla/5.0 (X11; U; Linux i686; en-US; rv:1.8.1.19) Gecko/20081202 Firefox (Debian-2.0.0.19-0etch1)"
38.99.82.208 - - [29/Jul/2011:07:12:43 -0500] "GET / HTTP/1.0" 200 6536 "-" "Mozilla/5.0 (X11; U; Linux i686; en-US; rv:1.8.1.19) Gecko/20081202 Firefox (Debian-2.0.0.19-0etch1)"
66.249.67.148 - - [29/Jul/2011:08:12:51 -0500] "GET /robots.txt HTTP/1.1" 200 85 "-" "Mozilla/5.0 (compatible; Googlebot/2.1; +http://www.google.com/bot.html)"
66.249.67.148 - - [29/Jul/2011:08:12:52 -0500] "GET /stylesheets/ HTTP/1.1" 404 5651 "-" "Mozilla/5.0 (compatible; Googlebot/2.1; +http://www.google.com/bot.html)"
38.99.82.209 - - [29/Jul/2011:08:49:34 -0500] "GET /robots.txt HTTP/1.0" 200 85 "-" "Mozilla/5.0 (X11; U; Linux i686; en-US; rv:1.8.1.19) Gecko/20081202 Firefox (Debian-2.0.0.19-0etch1)"
38.99.82.209 - - [29/Jul/2011:08:49:35 -0500] "GET / HTTP/1.0" 200 6537 "-" "Mozilla/5.0 (X11; U; Linux i686; en-US; rv:1.8.1.19) Gecko/20081202 Firefox (Debian-2.0.0.19-0etch1)"
38.99.82.209 - - [29/Jul/2011:08:54:23 -0500] "GET /wp-content/themes/genesis/lib/js/menu/superfish.js?ver=1.4.8 HTTP/1.0" 200 3083 "-" "Mozilla/5.0 (X11; U; Linux i686; en-US; rv:1.8.1.19) Gecko/20081202 Firefox (Debian-2.0.0.19-0etch1)"
74.125.90.81 - - [29/Jul/2011:11:56:31 -0500] "GET /googlehostedservice.html HTTP/1.1" 301 - "-" "Jakarta Commons-HttpClient/3.1"
74.125.90.81 - - [29/Jul/2011:11:56:30 -0500] "GET /googlehostedservice.html HTTP/1.1" 404 33457 "-" "Jakarta Commons-HttpClient/3.1"
184.106.111.192 - - [29/Jul/2011:13:42:29 -0500] "POST /wp-cron.php?doing_wp_cron HTTP/1.0" 200 - "-" "WordPress/3.0.4; http://npcassoc.org"
38.99.82.244 - - [29/Jul/2011:13:42:28 -0500] "GET /robots.txt HTTP/1.0" 200 85 "-" "Mozilla/5.0 (X11; U; Linux i686; en-US; rv:1.8.1.19) Gecko/20081202 Firefox (Debian-2.0.0.19-0etch1)"
38.99.82.244 - - [29/Jul/2011:13:42:31 -0500] "GET /1_hello-world.html HTTP/1.0" 200 6179 "-" "Mozilla/5.0 (X11; U; Linux i686; en-US; rv:1.8.1.19) Gecko/20081202 Firefox (Debian-2.0.0.19-0etch1)"
38.99.82.243 - - [29/Jul/2011:14:04:24 -0500] "GET /robots.txt HTTP/1.0" 200 85 "-" "Mozilla/5.0 (X11; U; Linux i686; en-US; rv:1.8.1.19) Gecko/20081202 Firefox (Debian-2.0.0.19-0etch1)"
38.99.82.243 - - [29/Jul/2011:14:04:25 -0500] "GET / HTTP/1.0" 200 6537 "-" "Mozilla/5.0 (X11; U; Linux i686; en-US; rv:1.8.1.19) Gecko/20081202 Firefox (Debian-2.0.0.19-0etch1)"
38.99.82.244 - - [29/Jul/2011:15:39:09 -0500] "GET / HTTP/1.0" 200 6537 "-" "Mozilla/5.0 (X11; U; Linux i686; en-US; rv:1.8.1.19) Gecko/20081202 Firefox (Debian-2.0.0.19-0etch1)"
119.63.196.75 - - [29/Jul/2011:16:38:26 -0500] "GET / HTTP/1.1" 200 6537 "-" "Mozilla/5.0 (compatible; Baiduspider/2.0; +http://www.baidu.com/search/spider.html)"
119.63.196.18 - - [29/Jul/2011:19:01:07 -0500] "GET /author/aspcp/feed HTTP/1.1" 200 736 "-" "Mozilla/5.0 (compatible; Baiduspider/2.0; +http://www.baidu.com/search/spider.html)"
66.249.72.13 - - [29/Jul/2011:20:26:52 -0500] "GET /robots.txt HTTP/1.1" 200 85 "-" "Mozilla/5.0 (compatible; Googlebot/2.1; +http://www.google.com/bot.html)"
66.249.72.13 - - [29/Jul/2011:20:26:53 -0500] "GET /1_hello-world.html/feed HTTP/1.1" 200 401 "-" "Mozilla/5.0 (compatible; Googlebot/2.1; +http://www.google.com/bot.html)"
220.181.108.180 - - [29/Jul/2011:20:33:55 -0500] "GET /robots.txt HTTP/1.1" 200 85 "-" "Baiduspider+(+http://www.baidu.com/search/spider.htm)"
184.106.111.192 - - [30/Jul/2011:02:22:30 -0500] "POST /wp-cron.php?doing_wp_cron HTTP/1.0" 200 - "-" "WordPress/3.0.4; http://npcassoc.org"
123.125.71.109 - - [30/Jul/2011:02:22:29 -0500] "GET / HTTP/1.1" 200 27115 "-" "Mozilla/5.0 (compatible; Baiduspider/2.0; +http://www.baidu.com/search/spider.html)"
220.181.108.171 - - [30/Jul/2011:02:22:38 -0500] "GET / HTTP/1.1" 200 27115 "-" "Mozilla/5.0 (compatible; Baiduspider/2.0; +http://www.baidu.com/search/spider.html)"
119.63.196.23 - - [30/Jul/2011:03:31:37 -0500] "GET / HTTP/1.1" 200 6539 "-" "Mozilla/5.0 (compatible; Baiduspider/2.0; +http://www.baidu.com/search/spider.html)"
74.125.90.89 - - [30/Jul/2011:03:56:14 -0500] "GET /googlehostedservice.html HTTP/1.1" 301 - "-" "Jakarta Commons-HttpClient/3.1"
74.125.90.87 - - [30/Jul/2011:03:56:14 -0500] "GET /googlehostedservice.html HTTP/1.1" 404 33457 "-" "Jakarta Commons-HttpClient/3.1"
66.249.72.13 - - [30/Jul/2011:04:23:45 -0500] "GET /author/aspcp/feed HTTP/1.1" 200 736 "-" "Mozilla/5.0 (compatible; Googlebot/2.1; +http://www.google.com/bot.html)"
66.249.72.13 - - [30/Jul/2011:04:55:45 -0500] "GET /journal/table-of-contents HTTP/1.1" 200 5491 "-" "Mozilla/5.0 (compatible; Googlebot/2.1; +http://www.google.com/bot.html)"
66.249.72.13 - - [30/Jul/2011:06:54:32 -0500] "GET /author/aspcp HTTP/1.1" 200 5575 "-" "Mozilla/5.0 (compatible; Googlebot/2.1; +http://www.google.com/bot.html)"
123.125.71.27 - - [30/Jul/2011:08:13:17 -0500] "GET / HTTP/1.1" 200 6538 "-" "Mozilla/5.0 (compatible; Baiduspider/2.0; +http://www.baidu.com/search/spider.html)"
220.181.108.176 - - [30/Jul/2011:11:37:20 -0500] "GET /robots.txt HTTP/1.1" 200 85 "-" "Baiduspider+(+http://www.baidu.com/search/spider.htm)"
74.125.92.89 - - [30/Jul/2011:11:51:26 -0500] "GET /googlehostedservice.html HTTP/1.1" 404 33457 "-" "Jakarta Commons-HttpClient/3.1"
74.125.90.81 - - [30/Jul/2011:11:51:26 -0500] "GET /googlehostedservice.html HTTP/1.1" 301 - "-" "Jakarta Commons-HttpClient/3.1"
184.106.111.192 - - [30/Jul/2011:14:08:08 -0500] "POST /wp-cron.php?doing_wp_cron HTTP/1.0" 200 - "-" "WordPress/3.0.4; http://npcassoc.org"
66.249.72.13 - - [30/Jul/2011:14:08:07 -0500] "GET /robots.txt HTTP/1.1" 200 85 "-" "Mozilla/5.0 (compatible; Googlebot/2.1; +http://www.google.com/bot.html)"
66.249.72.13 - - [30/Jul/2011:14:08:08 -0500] "GET /sitemap.xml.gz HTTP/1.1" 404 5651 "-" "Mozilla/5.0 (compatible; Googlebot/2.1; +http://www.google.com/bot.html)"
66.249.72.13 - - [30/Jul/2011:14:37:37 -0500] "GET /cat/uncategorized/feed HTTP/1.1" 200 736 "-" "Mozilla/5.0 (compatible; Googlebot/2.1; +http://www.google.com/bot.html)"
119.63.196.38 - - [30/Jul/2011:14:43:03 -0500] "GET /robots.txt HTTP/1.1" 200 85 "-" "Baiduspider+(+http://www.baidu.com/search/spider.htm)"
66.249.72.13 - - [30/Jul/2011:14:58:03 -0500] "GET /sitemap.xml.gz HTTP/1.1" 404 5652 "-" "Mozilla/5.0 (compatible; Googlebot/2.1; +http://www.google.com/bot.html)"
74.125.90.86 - - [30/Jul/2011:19:54:10 -0500] "GET /googlehostedservice.html HTTP/1.1" 301 - "-" "Jakarta Commons-HttpClient/3.1"
74.125.90.86 - - [30/Jul/2011:19:54:10 -0500] "GET /googlehostedservice.html HTTP/1.1" 404 33457 "-" "Jakarta Commons-HttpClient/3.1"
74.125.90.83 - - [31/Jul/2011:03:57:03 -0500] "GET /googlehostedservice.html HTTP/1.1" 301 - "-" "Jakarta Commons-HttpClient/3.1"
74.125.90.86 - - [31/Jul/2011:03:57:03 -0500] "GET /googlehostedservice.html HTTP/1.1" 404 33457 "-" "Jakarta Commons-HttpClient/3.1"
184.106.111.192 - - [31/Jul/2011:03:57:04 -0500] "POST /wp-cron.php?doing_wp_cron HTTP/1.0" 200 - "-" "WordPress/3.0.4; http://npcassoc.org"
184.106.111.192 - - [31/Jul/2011:03:57:04 -0500] "POST /wp-cron.php?doing_wp_cron HTTP/1.0" 200 - "-" "WordPress/3.0.4; http://npcassoc.org"
66.249.72.13 - - [31/Jul/2011:04:55:02 -0500] "GET /journal/ijpp-profile HTTP/1.1" 200 6748 "-" "Mozilla/5.0 (compatible; Googlebot/2.1; +http://www.google.com/bot.html)"
66.249.72.13 - - [31/Jul/2011:04:57:36 -0500] "GET /docs/Standards.pdf HTTP/1.1" 304 - "-" "Mozilla/5.0 (compatible; Googlebot/2.1; +http://www.google.com/bot.html)"
66.249.72.13 - - [31/Jul/2011:05:01:53 -0500] "GET /log/access.log HTTP/1.1" 200 232725 "-" "Mozilla/5.0 (compatible; Googlebot/2.1; +http://www.google.com/bot.html)"
66.249.72.13 - - [31/Jul/2011:05:14:44 -0500] "GET /log/error.log HTTP/1.1" 200 6634 "-" "Mozilla/5.0 (compatible; Googlebot/2.1; +http://www.google.com/bot.html)"
66.249.72.13 - - [31/Jul/2011:05:25:01 -0500] "GET /journal/table-of-contents/vol-1-no-3 HTTP/1.1" 200 5747 "-" "Mozilla/5.0 (compatible; Googlebot/2.1; +http://www.google.com/bot.html)"
66.249.72.13 - - [31/Jul/2011:06:40:29 -0500] "GET /robots.txt HTTP/1.1" 200 85 "-" "Mozilla/5.0 (compatible; Googlebot/2.1; +http://www.google.com/bot.html)"
66.249.72.13 - - [31/Jul/2011:06:40:30 -0500] "GET /journal/table-of-contents HTTP/1.1" 200 5490 "-" "Mozilla/5.0 (compatible; Googlebot/2.1; +http://www.google.com/bot.html)"
119.63.196.48 - - [31/Jul/2011:06:42:23 -0500] "GET /robots.txt HTTP/1.1" 200 85 "-" "Baiduspider+(+http://www.baidu.com/search/spider.htm)"
119.63.196.107 - - [31/Jul/2011:07:00:47 -0500] "GET / HTTP/1.1" 200 6538 "-" "Mozilla/5.0 (compatible; Baiduspider/2.0; +http://www.baidu.com/search/spider.html)"
66.249.72.79 - - [31/Jul/2011:08:16:34 -0500] "GET /robots.txt HTTP/1.1" 200 85 "-" "Mozilla/5.0 (compatible; Googlebot/2.1; +http://www.google.com/bot.html)"
66.249.72.79 - - [31/Jul/2011:08:16:35 -0500] "GET / HTTP/1.1" 200 6538 "-" "Mozilla/5.0 (compatible; Googlebot/2.1; +http://www.google.com/bot.html)"
66.249.72.217 - - [31/Jul/2011:08:18:17 -0500] "GET /robots.txt HTTP/1.1" 200 85 "-" "Mozilla/5.0 (compatible; Googlebot/2.1; +http://www.google.com/bot.html)"
66.249.72.217 - - [31/Jul/2011:08:18:18 -0500] "GET / HTTP/1.1" 200 6537 "-" "Mozilla/5.0 (compatible; Googlebot/2.1; +http://www.google.com/bot.html)"
74.125.90.90 - - [31/Jul/2011:12:02:42 -0500] "GET /googlehostedservice.html HTTP/1.1" 404 33457 "-" "Jakarta Commons-HttpClient/3.1"
74.125.92.87 - - [31/Jul/2011:12:02:43 -0500] "GET /googlehostedservice.html HTTP/1.1" 301 - "-" "Jakarta Commons-HttpClient/3.1"
184.106.111.192 - - [31/Jul/2011:14:05:06 -0500] "POST /wp-cron.php?doing_wp_cron HTTP/1.0" 200 - "-" "WordPress/3.0.4; http://npcassoc.org"
119.63.196.110 - - [31/Jul/2011:14:05:06 -0500] "GET /robots.txt HTTP/1.1" 200 85 "-" "Baiduspider+(+http://www.baidu.com/search/spider.htm)"
123.125.71.112 - - [31/Jul/2011:15:23:26 -0500] "GET / HTTP/1.1" 200 27115 "-" "Mozilla/5.0 (compatible; Baiduspider/2.0; +http://www.baidu.com/search/spider.html)"
220.181.108.168 - - [31/Jul/2011:15:23:38 -0500] "GET / HTTP/1.1" 200 27115 "-" "Mozilla/5.0 (compatible; Baiduspider/2.0; +http://www.baidu.com/search/spider.html)"
74.125.90.90 - - [31/Jul/2011:19:58:29 -0500] "GET /googlehostedservice.html HTTP/1.1" 301 - "-" "Jakarta Commons-HttpClient/3.1"
74.125.90.81 - - [31/Jul/2011:19:58:29 -0500] "GET /googlehostedservice.html HTTP/1.1" 404 33458 "-" "Jakarta Commons-HttpClient/3.1"
123.125.71.12 - - [01/Aug/2011:00:24:17 -0500] "GET / HTTP/1.1" 200 6537 "-" "Mozilla/5.0 (compatible; Baiduspider/2.0; +http://www.baidu.com/search/spider.html)"
184.106.111.192 - - [01/Aug/2011:03:52:09 -0500] "POST /wp-cron.php?doing_wp_cron HTTP/1.0" 200 - "-" "WordPress/3.0.4; http://npcassoc.org"
74.125.92.86 - - [01/Aug/2011:03:52:09 -0500] "GET /googlehostedservice.html HTTP/1.1" 301 - "-" "Jakarta Commons-HttpClient/3.1"
74.125.92.86 - - [01/Aug/2011:03:52:08 -0500] "GET /googlehostedservice.html HTTP/1.1" 404 33458 "-" "Jakarta Commons-HttpClient/3.1"
184.106.111.192 - - [01/Aug/2011:03:52:09 -0500] "POST /wp-cron.php?doing_wp_cron HTTP/1.0" 200 - "-" "WordPress/3.0.4; http://npcassoc.org"
66.249.72.13 - - [01/Aug/2011:04:38:52 -0500] "GET /robots.txt HTTP/1.1" 200 85 "-" "Mozilla/5.0 (compatible; Googlebot/2.1; +http://www.google.com/bot.html)"
66.249.72.13 - - [01/Aug/2011:04:38:52 -0500] "GET /journal/table-of-contents HTTP/1.1" 200 5491 "-" "Mozilla/5.0 (compatible; Googlebot/2.1; +http://www.google.com/bot.html)"
119.63.196.104 - - [01/Aug/2011:06:43:09 -0500] "GET / HTTP/1.1" 200 6536 "-" "Mozilla/5.0 (compatible; Baiduspider/2.0; +http://www.baidu.com/search/spider.html)"
74.125.90.85 - - [01/Aug/2011:11:53:46 -0500] "GET /googlehostedservice.html HTTP/1.1" 301 - "-" "Jakarta Commons-HttpClient/3.1"
74.125.90.85 - - [01/Aug/2011:11:53:45 -0500] "GET /googlehostedservice.html HTTP/1.1" 404 33458 "-" "Jakarta Commons-HttpClient/3.1"
184.106.111.192 - - [01/Aug/2011:12:59:14 -0500] "POST /wp-cron.php?doing_wp_cron HTTP/1.0" 200 - "-" "WordPress/3.0.4; http://npcassoc.org"
119.63.196.80 - - [01/Aug/2011:12:59:13 -0500] "GET / HTTP/1.1" 200 6536 "-" "Mozilla/5.0 (compatible; Baiduspider/2.0; +http://www.baidu.com/search/spider.html)"
74.125.90.84 - - [01/Aug/2011:19:53:48 -0500] "GET /googlehostedservice.html HTTP/1.1" 301 - "-" "Jakarta Commons-HttpClient/3.1"
74.125.92.91 - - [01/Aug/2011:19:53:47 -0500] "GET /googlehostedservice.html HTTP/1.1" 404 33458 "-" "Jakarta Commons-HttpClient/3.1"
184.106.111.192 - - [02/Aug/2011:01:59:14 -0500] "POST /wp-cron.php?doing_wp_cron HTTP/1.0" 200 - "-" "WordPress/3.0.4; http://npcassoc.org"
123.125.71.25 - - [02/Aug/2011:01:59:13 -0500] "GET / HTTP/1.1" 200 6537 "-" "Mozilla/5.0 (compatible; Baiduspider/2.0; +http://www.baidu.com/search/spider.html)"
66.249.72.13 - - [02/Aug/2011:03:35:33 -0500] "GET /robots.txt HTTP/1.1" 200 85 "-" "Mozilla/5.0 (compatible; Googlebot/2.1; +http://www.google.com/bot.html)"
66.249.72.13 - - [02/Aug/2011:03:35:34 -0500] "GET /docs/ijpp/cohen.pdf HTTP/1.1" 304 - "-" "Mozilla/5.0 (compatible; Googlebot/2.1; +http://www.google.com/bot.html)"
66.249.72.13 - - [02/Aug/2011:03:50:37 -0500] "GET /docs/ijpp/Authenticity.pdf HTTP/1.1" 304 - "-" "Mozilla/5.0 (compatible; Googlebot/2.1; +http://www.google.com/bot.html)"
66.249.72.13 - - [02/Aug/2011:03:55:20 -0500] "GET /docs/ijpp/WhiteExistentialism.pdf HTTP/1.1" 304 - "-" "Mozilla/5.0 (compatible; Googlebot/2.1; +http://www.google.com/bot.html)"
66.249.72.13 - - [02/Aug/2011:03:56:17 -0500] "GET /docs/ijpp/Carol_MillerLogotherapy.pdf HTTP/1.1" 304 - "-" "Mozilla/5.0 (compatible; Googlebot/2.1; +http://www.google.com/bot.html)"
66.249.72.13 - - [02/Aug/2011:03:58:10 -0500] "GET /docs/ijpp/PalmquistV3N1.pdf HTTP/1.1" 304 - "-" "Mozilla/5.0 (compatible; Googlebot/2.1; +http://www.google.com/bot.html)"
66.249.72.13 - - [02/Aug/2011:04:01:57 -0500] "GET /docs/ijpp/Paper_Hero_Rajshri.pdf HTTP/1.1" 304 - "-" "Mozilla/5.0 (compatible; Googlebot/2.1; +http://www.google.com/bot.html)"
66.249.72.13 - - [02/Aug/2011:04:04:47 -0500] "GET /docs/ijpp/SchusterMarinoff.pdf HTTP/1.1" 304 - "-" "Mozilla/5.0 (compatible; Googlebot/2.1; +http://www.google.com/bot.html)"
66.249.72.13 - - [02/Aug/2011:04:06:40 -0500] "GET /docs/ijpp/StoicCounsel.pdf HTTP/1.1" 304 - "-" "Mozilla/5.0 (compatible; Googlebot/2.1; +http://www.google.com/bot.html)"
66.249.72.13 - - [02/Aug/2011:04:09:30 -0500] "GET /docs/ijpp/Raabe.pdf HTTP/1.1" 304 - "-" "Mozilla/5.0 (compatible; Googlebot/2.1; +http://www.google.com/bot.html)"
66.249.72.13 - - [02/Aug/2011:04:11:37 -0500] "GET /journal HTTP/1.1" 200 6625 "-" "Mozilla/5.0 (compatible; Googlebot/2.1; +http://www.google.com/bot.html)"
74.125.92.83 - - [02/Aug/2011:04:12:36 -0500] "GET /googlehostedservice.html HTTP/1.1" 404 33458 "-" "Jakarta Commons-HttpClient/3.1"
74.125.92.89 - - [02/Aug/2011:04:12:36 -0500] "GET /googlehostedservice.html HTTP/1.1" 301 - "-" "Jakarta Commons-HttpClient/3.1"
66.249.72.13 - - [02/Aug/2011:04:13:21 -0500] "GET /docs/ijpp/ZinaichOnAchenbach.pdf HTTP/1.1" 304 - "-" "Mozilla/5.0 (compatible; Googlebot/2.1; +http://www.google.com/bot.html)"
66.249.72.13 - - [02/Aug/2011:04:17:43 -0500] "GET /docs/ijpp/ZinaichOnTaylor.pdf HTTP/1.1" 304 - "-" "Mozilla/5.0 (compatible; Googlebot/2.1; +http://www.google.com/bot.html)"
66.249.72.13 - - [02/Aug/2011:04:19:11 -0500] "GET /docs/ijpp/TaylorFuture.pdf HTTP/1.1" 304 - "-" "Mozilla/5.0 (compatible; Googlebot/2.1; +http://www.google.com/bot.html)"
66.249.72.13 - - [02/Aug/2011:04:19:40 -0500] "GET /docs/ijpp/Mehuron_IJPP.pdf HTTP/1.1" 304 - "-" "Mozilla/5.0 (compatible; Googlebot/2.1; +http://www.google.com/bot.html)"
66.249.72.13 - - [02/Aug/2011:04:22:05 -0500] "GET /journal/ijpp-profile HTTP/1.1" 200 6748 "-" "Mozilla/5.0 (compatible; Googlebot/2.1; +http://www.google.com/bot.html)"
66.249.72.13 - - [02/Aug/2011:04:25:29 -0500] "GET /journal/table-of-contents/vol-1-no-3 HTTP/1.1" 200 5748 "-" "Mozilla/5.0 (compatible; Googlebot/2.1; +http://www.google.com/bot.html)"
66.249.72.13 - - [02/Aug/2011:04:38:06 -0500] "GET /journal/table-of-contents HTTP/1.1" 200 5491 "-" "Mozilla/5.0 (compatible; Googlebot/2.1; +http://www.google.com/bot.html)"
66.249.72.13 - - [02/Aug/2011:04:51:41 -0500] "GET /docs/ijpp/cohen.pdf HTTP/1.1" 304 - "-" "Mozilla/5.0 (compatible; Googlebot/2.1; +http://www.google.com/bot.html)"
66.249.72.170 - - [02/Aug/2011:05:23:35 -0500] "GET /robots.txt HTTP/1.1" 200 85 "-" "Mozilla/5.0 (compatible; Googlebot/2.1; +http://www.google.com/bot.html)"
66.249.72.170 - - [02/Aug/2011:05:23:35 -0500] "GET /javascripts/ HTTP/1.1" 301 20 "-" "Mozilla/5.0 (compatible; Googlebot/2.1; +http://www.google.com/bot.html)"
66.249.72.13 - - [02/Aug/2011:05:23:35 -0500] "GET /javascripts/ HTTP/1.1" 404 5652 "-" "Mozilla/5.0 (compatible; Googlebot/2.1; +http://www.google.com/bot.html)"
66.249.72.170 - - [02/Aug/2011:05:43:06 -0500] "GET / HTTP/1.1" 301 20 "-" "Mozilla/5.0 (compatible; Googlebot/2.1; +http://www.google.com/bot.html)"
66.249.72.13 - - [02/Aug/2011:05:43:07 -0500] "GET / HTTP/1.1" 200 6537 "-" "Mozilla/5.0 (compatible; Googlebot/2.1; +http://www.google.com/bot.html)"
119.63.196.102 - - [02/Aug/2011:05:57:07 -0500] "GET / HTTP/1.1" 200 6537 "-" "Mozilla/5.0 (compatible; Baiduspider/2.0; +http://www.baidu.com/search/spider.html)"
66.249.72.170 - - [02/Aug/2011:06:01:05 -0500] "GET /stylesheets/ HTTP/1.1" 301 20 "-" "Mozilla/5.0 (compatible; Googlebot/2.1; +http://www.google.com/bot.html)"
66.249.72.13 - - [02/Aug/2011:06:01:06 -0500] "GET /stylesheets/ HTTP/1.1" 404 5651 "-" "Mozilla/5.0 (compatible; Googlebot/2.1; +http://www.google.com/bot.html)"
74.125.90.87 - - [02/Aug/2011:11:51:40 -0500] "GET /googlehostedservice.html HTTP/1.1" 301 - "-" "Jakarta Commons-HttpClient/3.1"
74.125.90.87 - - [02/Aug/2011:11:51:40 -0500] "GET /googlehostedservice.html HTTP/1.1" 404 33458 "-" "Jakarta Commons-HttpClient/3.1"
184.106.111.192 - - [02/Aug/2011:14:00:09 -0500] "POST /wp-cron.php?doing_wp_cron HTTP/1.0" 200 - "-" "WordPress/3.0.4; http://npcassoc.org"
119.63.196.117 - - [02/Aug/2011:14:00:08 -0500] "GET / HTTP/1.1" 200 6536 "-" "Mozilla/5.0 (compatible; Baiduspider/2.0; +http://www.baidu.com/search/spider.html)"
173.224.112.96 - - [02/Aug/2011:17:15:52 -0500] "GET /robots.txt HTTP/1.1" 200 69 "-" "Mozilla/5.0 (compatible; Purebot/1.1; +http://www.puritysearch.net/)"
173.224.112.96 - - [02/Aug/2011:17:15:54 -0500] "GET / HTTP/1.1" 200 32086 "-" "Mozilla/5.0 (compatible; Purebot/1.1; +http://www.puritysearch.net/)"
173.224.112.96 - - [02/Aug/2011:17:15:55 -0500] "GET / HTTP/1.1" 200 32086 "-" "Mozilla/5.0 (compatible; Purebot/1.1; +http://www.puritysearch.net/)"
74.125.92.89 - - [02/Aug/2011:19:55:11 -0500] "GET /googlehostedservice.html HTTP/1.1" 301 - "-" "Jakarta Commons-HttpClient/3.1"
74.125.92.89 - - [02/Aug/2011:19:55:11 -0500] "GET /googlehostedservice.html HTTP/1.1" 404 33458 "-" "Jakarta Commons-HttpClient/3.1"
66.249.72.13 - - [02/Aug/2011:23:23:38 -0500] "GET /robots.txt HTTP/1.1" 200 85 "-" "Mozilla/5.0 (compatible; Googlebot/2.1; +http://www.google.com/bot.html)"
66.249.72.13 - - [02/Aug/2011:23:23:42 -0500] "GET /sitemap.xml.gz HTTP/1.1" 404 5652 "-" "Mozilla/5.0 (compatible; Googlebot/2.1; +http://www.google.com/bot.html)"
66.249.72.13 - - [02/Aug/2011:23:32:44 -0500] "GET /sitemap.xml.gz HTTP/1.1" 404 5652 "-" "Mozilla/5.0 (compatible; Googlebot/2.1; +http://www.google.com/bot.html)"
123.125.71.27 - - [03/Aug/2011:00:03:04 -0500] "GET / HTTP/1.1" 200 6537 "-" "Mozilla/5.0 (compatible; Baiduspider/2.0; +http://www.baidu.com/search/spider.html)"
184.106.111.192 - - [03/Aug/2011:02:16:47 -0500] "POST /wp-cron.php?doing_wp_cron HTTP/1.0" 200 - "-" "WordPress/3.0.4; http://npcassoc.org"
123.125.71.24 - - [03/Aug/2011:02:16:45 -0500] "GET / HTTP/1.1" 200 6538 "-" "Mozilla/5.0 (compatible; Baiduspider/2.0; +http://www.baidu.com/search/spider.html)"
74.125.90.91 - - [03/Aug/2011:03:51:47 -0500] "GET /googlehostedservice.html HTTP/1.1" 301 - "-" "Jakarta Commons-HttpClient/3.1"
74.125.90.80 - - [03/Aug/2011:03:51:47 -0500] "GET /googlehostedservice.html HTTP/1.1" 404 33458 "-" "Jakarta Commons-HttpClient/3.1"
66.249.72.13 - - [03/Aug/2011:04:24:25 -0500] "GET /journal/table-of-contents HTTP/1.1" 200 5491 "-" "Mozilla/5.0 (compatible; Googlebot/2.1; +http://www.google.com/bot.html)"
174.133.5.250 - - [03/Aug/2011:05:35:05 -0500] "GET /robots.txt HTTP/1.1" 200 69 "-" "Mozilla/5.0 (compatible; Purebot/1.1; +http://www.puritysearch.net/)"
174.133.5.250 - - [03/Aug/2011:05:35:07 -0500] "GET / HTTP/1.1" 200 32086 "-" "Mozilla/5.0 (compatible; Purebot/1.1; +http://www.puritysearch.net/)"
174.133.5.250 - - [03/Aug/2011:05:35:09 -0500] "GET / HTTP/1.1" 301 - "-" "Mozilla/5.0 (compatible; Purebot/1.1; +http://www.puritysearch.net/)"
174.133.5.250 - - [03/Aug/2011:05:35:25 -0500] "GET /feed HTTP/1.1" 200 1607 "-" "Mozilla/5.0 (compatible; Purebot/1.1; +http://www.puritysearch.net/)"
174.133.5.250 - - [03/Aug/2011:05:35:27 -0500] "GET /comments/feed HTTP/1.1" 404 871 "-" "Mozilla/5.0 (compatible; Purebot/1.1; +http://www.puritysearch.net/)"
174.133.5.250 - - [03/Aug/2011:05:35:29 -0500] "GET /xmlrpc.php?rsd HTTP/1.1" 200 810 "-" "Mozilla/5.0 (compatible; Purebot/1.1; +http://www.puritysearch.net/)"
174.133.5.250 - - [03/Aug/2011:05:35:31 -0500] "GET /xmlrpc.php HTTP/1.1" 200 42 "-" "Mozilla/5.0 (compatible; Purebot/1.1; +http://www.puritysearch.net/)"
174.133.5.250 - - [03/Aug/2011:05:35:33 -0500] "GET /feed/rss HTTP/1.1" 200 624 "-" "Mozilla/5.0 (compatible; Purebot/1.1; +http://www.puritysearch.net/)"
174.133.5.250 - - [03/Aug/2011:05:35:35 -0500] "GET /people HTTP/1.1" 200 30211 "-" "Mozilla/5.0 (compatible; Purebot/1.1; +http://www.puritysearch.net/)"
174.133.5.250 - - [03/Aug/2011:05:35:36 -0500] "GET /documents HTTP/1.1" 200 30754 "-" "Mozilla/5.0 (compatible; Purebot/1.1; +http://www.puritysearch.net/)"
174.133.5.250 - - [03/Aug/2011:05:35:37 -0500] "GET /services HTTP/1.1" 200 29980 "-" "Mozilla/5.0 (compatible; Purebot/1.1; +http://www.puritysearch.net/)"
174.133.5.250 - - [03/Aug/2011:05:35:39 -0500] "GET /services/books-articles HTTP/1.1" 200 31904 "-" "Mozilla/5.0 (compatible; Purebot/1.1; +http://www.puritysearch.net/)"
174.133.5.250 - - [03/Aug/2011:05:35:40 -0500] "GET /services/albert-ellis-foundation-alliance HTTP/1.1" 200 33390 "-" "Mozilla/5.0 (compatible; Purebot/1.1; +http://www.puritysearch.net/)"
174.133.5.250 - - [03/Aug/2011:05:35:42 -0500] "GET /services/conferences HTTP/1.1" 200 31292 "-" "Mozilla/5.0 (compatible; Purebot/1.1; +http://www.puritysearch.net/)"
174.133.5.250 - - [03/Aug/2011:05:35:45 -0500] "GET /services/help-reinstate-albert-ellis HTTP/1.1" 200 31021 "-" "Mozilla/5.0 (compatible; Purebot/1.1; +http://www.puritysearch.net/)"
174.133.5.250 - - [03/Aug/2011:05:35:48 -0500] "GET /journal HTTP/1.1" 200 32650 "-" "Mozilla/5.0 (compatible; Purebot/1.1; +http://www.puritysearch.net/)"
174.133.5.250 - - [03/Aug/2011:05:35:49 -0500] "GET /journal/editors HTTP/1.1" 200 32276 "-" "Mozilla/5.0 (compatible; Purebot/1.1; +http://www.puritysearch.net/)"
174.133.5.250 - - [03/Aug/2011:05:35:51 -0500] "GET /journal/table-of-contents HTTP/1.1" 200 30028 "-" "Mozilla/5.0 (compatible; Purebot/1.1; +http://www.puritysearch.net/)"
174.133.5.250 - - [03/Aug/2011:05:35:52 -0500] "GET /journal/table-of-contents/vol-1-no-1 HTTP/1.1" 200 30874 "-" "Mozilla/5.0 (compatible; Purebot/1.1; +http://www.puritysearch.net/)"
174.133.5.250 - - [03/Aug/2011:05:35:55 -0500] "GET /journal/table-of-contents/vol-1-no-2 HTTP/1.1" 200 30628 "-" "Mozilla/5.0 (compatible; Purebot/1.1; +http://www.puritysearch.net/)"
174.133.5.250 - - [03/Aug/2011:05:35:56 -0500] "GET /journal/table-of-contents/vol-1-no-3 HTTP/1.1" 200 30679 "-" "Mozilla/5.0 (compatible; Purebot/1.1; +http://www.puritysearch.net/)"
174.133.5.250 - - [03/Aug/2011:05:35:58 -0500] "GET /journal/table-of-contents/vol-1-no-4 HTTP/1.1" 200 30867 "-" "Mozilla/5.0 (compatible; Purebot/1.1; +http://www.puritysearch.net/)"
174.133.5.250 - - [03/Aug/2011:05:36:01 -0500] "GET /journal/table-of-contents/vol-2-no-1 HTTP/1.1" 200 30514 "-" "Mozilla/5.0 (compatible; Purebot/1.1; +http://www.puritysearch.net/)"
